This is the mail archive of the
gcc-testresults@gcc.gnu.org
mailing list for the GCC project.
Results for 4.2.0 20060205 (experimental) testsuite on hppa2.0w-hp-hpux11.11
- From: John David Anglin <dave at hiauly3 dot hia dot nrc dot ca>
- To: dave at hiauly3 dot hia dot nrc dot ca, gcc-testresults at gcc dot gnu dot org
- Date: Mon, 6 Feb 2006 11:26:19 -0500 (EST)
- Subject: Results for 4.2.0 20060205 (experimental) testsuite on hppa2.0w-hp-hpux11.11
LAST_UPDATED: Sun Feb 5 22:33:48 UTC 2006 (revision 110625M)
=== acats tests ===
FAIL: c32001e
FAIL: c64105b
FAIL: c95086b
FAIL: ce3806d
FAIL: ce3806e
FAIL: ce3810a
FAIL: cxaa008
FAIL: cxaa009
FAIL: cxg1003
FAIL: cxg2001
FAIL: cxg2002
FAIL: cxg2003
FAIL: cxg2004
FAIL: cxg2006
FAIL: cxg2007
FAIL: cxg2010
FAIL: cxg2011
FAIL: cxg2012
FAIL: cxg2013
FAIL: cxg2015
FAIL: cxg2016
FAIL: cxg2017
FAIL: cxg2018
FAIL: cxg2019
FAIL: cxg2020
FAIL: cxg2021
FAIL: cxg2024
=== acats Summary ===
# of expected passes 2288
# of unexpected failures 27
Native configuration is hppa2.0w-hp-hpux11.11
=== g++ tests ===
Running target unix
FAIL: g++.dg/init/ctor4.C (test for excess errors)
FAIL: g++.dg/opt/complex5.C (test for excess errors)
FAIL: g++.dg/parse/register1.C (test for excess errors)
FAIL: g++.old-deja/g++.brendan/warnings4.C (test for excess errors)
FAIL: g++.old-deja/g++.jason/overload34.C (test for excess errors)
FAIL: g++.old-deja/g++.mike/p11110.C (test for excess errors)
=== g++ Summary ===
# of expected passes 11594
# of unexpected failures 6
# of expected failures 67
# of unsupported tests 153
/mnt/gnu/gcc-3.3/objdir/gcc/testsuite/g++/../../g++ version 4.2.0 20060205 (experimental)
=== gcc tests ===
Running target unix
FAIL: gcc.dg/pr23372-1.c scan-assembler-times memcpy 1
=== gcc Summary ===
# of expected passes 36977
# of unexpected failures 1
# of expected failures 82
# of untested testcases 28
# of unsupported tests 470
/mnt/gnu/gcc-3.3/objdir/gcc/xgcc version 4.2.0 20060205 (experimental)
=== gfortran tests ===
Running target unix
=== gfortran Summary ===
# of expected passes 11402
# of expected failures 4
# of unsupported tests 66
/mnt/gnu/gcc-3.3/objdir/gcc/testsuite/gfortran/../../gfortran version 4.2.0 20060205 (experimental)
=== obj-c++ tests ===
Running target unix
FAIL: obj-c++.dg/bitfield-1.mm (test for excess errors)
WARNING: obj-c++.dg/bitfield-1.mm compilation failed to produce executable
FAIL: obj-c++.dg/comp-types-10.mm (test for excess errors)
FAIL: obj-c++.dg/cxx-ivars-2.mm execution test
FAIL: obj-c++.dg/encode-3.mm (test for excess errors)
FAIL: obj-c++.dg/encode-8.mm execution test
FAIL: obj-c++.dg/isa-field-1.mm (test for excess errors)
FAIL: obj-c++.dg/lookup-2.mm (test for excess errors)
WARNING: obj-c++.dg/lookup-2.mm compilation failed to produce executable
FAIL: obj-c++.dg/try-catch-2.mm (test for excess errors)
WARNING: obj-c++.dg/try-catch-2.mm compilation failed to produce executable
FAIL: obj-c++.dg/try-catch-9.mm (test for excess errors)
WARNING: obj-c++.dg/try-catch-9.mm compilation failed to produce executable
=== obj-c++ Summary ===
# of expected passes 419
# of unexpected failures 9
# of unsupported tests 13
/mnt/gnu/gcc-3.3/objdir/gcc/testsuite/obj-c++/../../g++ version 4.2.0 20060205 (experimental)
=== objc tests ===
Running target unix
=== objc Summary ===
# of expected passes 1743
# of expected failures 7
# of unsupported tests 24
/mnt/gnu/gcc-3.3/objdir/gcc/xgcc version 4.2.0 20060205 (experimental)
=== libgomp tests ===
Running target unix
FAIL: libgomp.c/appendix-a/a.15.1.c execution test
FAIL: libgomp.c/appendix-a/a.16.1.c execution test
FAIL: libgomp.c/appendix-a/a.18.1.c execution test
FAIL: libgomp.c/appendix-a/a.19.1.c execution test
FAIL: libgomp.c/appendix-a/a.2.1.c execution test
FAIL: libgomp.c/appendix-a/a.21.1.c execution test
FAIL: libgomp.c/appendix-a/a.26.1.c execution test
FAIL: libgomp.c/appendix-a/a.29.1.c execution test
FAIL: libgomp.c/appendix-a/a.3.1.c execution test
FAIL: libgomp.c/appendix-a/a.36.1.c execution test
FAIL: libgomp.c/appendix-a/a.39.1.c execution test
FAIL: libgomp.c/appendix-a/a.4.1.c execution test
FAIL: libgomp.c/appendix-a/a.5.1.c execution test
FAIL: libgomp.c/atomic-1.c execution test
FAIL: libgomp.c/atomic-10.c execution test
FAIL: libgomp.c/atomic-2.c execution test
FAIL: libgomp.c/barrier-1.c execution test
FAIL: libgomp.c/critical-1.c (test for excess errors)
WARNING: libgomp.c/critical-1.c compilation failed to produce executable
FAIL: libgomp.c/critical-2.c execution test
FAIL: libgomp.c/lib-1.c execution test
FAIL: libgomp.c/loop-1.c (test for excess errors)
WARNING: libgomp.c/loop-1.c compilation failed to produce executable
FAIL: libgomp.c/loop-2.c (test for excess errors)
WARNING: libgomp.c/loop-2.c compilation failed to produce executable
FAIL: libgomp.c/loop-3.c execution test
FAIL: libgomp.c/nested-1.c execution test
FAIL: libgomp.c/nested-2.c execution test
FAIL: libgomp.c/nestedfn-1.c execution test
FAIL: libgomp.c/nestedfn-2.c execution test
FAIL: libgomp.c/nestedfn-3.c execution test
FAIL: libgomp.c/omp-loop01.c execution test
FAIL: libgomp.c/omp-loop02.c execution test
FAIL: libgomp.c/omp-loop03.c execution test
FAIL: libgomp.c/omp-nested-1.c execution test
FAIL: libgomp.c/omp-parallel-for.c execution test
FAIL: libgomp.c/omp-parallel-if.c execution test
FAIL: libgomp.c/omp-single-1.c execution test
FAIL: libgomp.c/omp-single-2.c execution test
FAIL: libgomp.c/omp-single-3.c execution test
FAIL: libgomp.c/omp_hello.c execution test
FAIL: libgomp.c/omp_matvec.c execution test
FAIL: libgomp.c/omp_orphan.c execution test
FAIL: libgomp.c/omp_reduction.c execution test
FAIL: libgomp.c/omp_workshare1.c execution test
FAIL: libgomp.c/omp_workshare2.c execution test
FAIL: libgomp.c/omp_workshare4.c execution test
FAIL: libgomp.c/ordered-1.c (test for excess errors)
WARNING: libgomp.c/ordered-1.c compilation failed to produce executable
FAIL: libgomp.c/ordered-2.c (test for excess errors)
WARNING: libgomp.c/ordered-2.c compilation failed to produce executable
FAIL: libgomp.c/ordered-3.c execution test
FAIL: libgomp.c/parallel-1.c execution test
FAIL: libgomp.c/reduction-1.c execution test
FAIL: libgomp.c/reduction-2.c execution test
FAIL: libgomp.c/reduction-3.c execution test
FAIL: libgomp.c/reduction-4.c execution test
FAIL: libgomp.c/sections-1.c (test for excess errors)
WARNING: libgomp.c/sections-1.c compilation failed to produce executable
FAIL: libgomp.c/shared-1.c execution test
FAIL: libgomp.c/shared-2.c execution test
FAIL: libgomp.c/shared-3.c execution test
FAIL: libgomp.c/single-1.c (test for excess errors)
WARNING: libgomp.c/single-1.c compilation failed to produce executable
FAIL: libgomp.c/single-2.c execution test
FAIL: libgomp.c/vla-1.c execution test
=== libgomp Summary ===
# of expected passes 56
# of unexpected failures 59
# of unsupported tests 5
=== libstdc++ tests ===
Running target unix
=== libstdc++ Summary ===
# of expected passes 2702
# of expected failures 10
# of unsupported tests 159
Compiler version: 4.2.0 20060205 (experimental)
Platform: hppa2.0w-hp-hpux11.11
configure flags: --with-gnu-as --with-as=/opt/gnu/bin/as --enable-shared --disable-nls --with-local-prefix=/opt/gnu --prefix=/opt/gnu/gcc/gcc-4.2.0 --enable-debug=no --enable-threads=posix --with-gmp=/opt/gnu/gcc/gcc-4.2.0 --disable-libmudflap --enable-languages=c,ada,c++,fortran,java,objc,obj-c++