This is the mail archive of the
gcc-testresults@gcc.gnu.org
mailing list for the GCC project.
Results for 4.2.0-gomp-20050608-branch 20060202 (experimental) (merged 20060202) testsuite on powerpc64-unknown-linux-gnu
- From: Janis Johnson <janis187 at us dot ibm dot com>
- To: gcc-testresults at gcc dot gnu dot org
- Date: Sat, 4 Feb 2006 16:12:30 -0800
- Subject: Results for 4.2.0-gomp-20050608-branch 20060202 (experimental) (merged 20060202) testsuite on powerpc64-unknown-linux-gnu
Linux 2.4.21-17.EL ppc64
GNU C Library stable release version 2.3.2
GNU ld version 2.16.1
GNU assembler 2.16.1
GNU Make version 3.79.1
DejaGnu:
Expect version is 5.40.0
Tcl version is 8.4
Framework version is 1.4.4
32-bit biarch default32
SVN branch: gomp-20050608-branch
This hardware does not support VMX instructions.
LAST_UPDATED: Sat Feb 4 19:54:16 UTC 2006 (revision 110592)
Native configuration is powerpc64-unknown-linux-gnu
=== g++ tests ===
Running target unix/-m32
FAIL: g++.old-deja/g++.other/comdat5.C (test for excess errors)
=== g++ Summary for unix/-m32 ===
# of expected passes 13148
# of unexpected failures 1
# of expected failures 66
# of unsupported tests 92
Running target unix/-m64
=== g++ Summary for unix/-m64 ===
# of expected passes 13111
# of expected failures 66
# of unsupported tests 95
=== g++ Summary ===
# of expected passes 26259
# of unexpected failures 1
# of expected failures 132
# of unsupported tests 187
/home/gccbuild/build/nightly/build-gcc-gomp/gcc/testsuite/g++/../../g++ version 4.2.0-gomp-20050608-branch 20060202 (experimental) (merged 20060202)
=== gcc tests ===
Running target unix/-m32
FAIL: gcc.dg/20020103-1.c scan-assembler-not LC[0-9]
FAIL: gcc.dg/c90-typespec-1.c unsigned long int char (test for errors, line 515)
FAIL: gcc.dg/c90-typespec-1.c unsigned long int short (test for errors, line 516)
FAIL: gcc.dg/c90-typespec-1.c unsigned long int int (test for errors, line 517)
FAIL: gcc.dg/c90-typespec-1.c unsigned long int long (test for errors, line 518)
FAIL: gcc.dg/c90-typespec-1.c unsigned long int float (test for errors, line 519)
FAIL: gcc.dg/c90-typespec-1.c unsigned long int double (test for errors, line 520)
FAIL: gcc.dg/c90-typespec-1.c unsigned long int signed (test for errors, line 521)
FAIL: gcc.dg/c90-typespec-1.c unsigned long int unsigned (test for errors, line 522)
FAIL: gcc.dg/c99-typespec-1.c unsigned long long int long (test for errors, line 1158)
FAIL: gcc.dg/c99-typespec-1.c unsigned long long int float (test for errors, line 1159)
FAIL: gcc.dg/c99-typespec-1.c unsigned long long int double (test for errors, line 1160)
FAIL: gcc.dg/c99-typespec-1.c unsigned long long int signed (test for errors, line 1161)
FAIL: gcc.dg/c99-typespec-1.c unsigned long long int unsigned (test for errors, line 1162)
FAIL: gcc.dg/c99-typespec-1.c unsigned long long int _Bool (test for errors, line 1163)
FAIL: gcc.dg/c99-typespec-1.c unsigned long long int _Complex (test for errors, line 1164)
FAIL: gcc.dg/long-long-typespec-1.c unsigned long int long long (test for errors, line 815)
FAIL: gcc.dg/long-long-typespec-1.c unsigned long int long float (test for errors, line 816)
FAIL: gcc.dg/long-long-typespec-1.c unsigned long int long double (test for errors, line 817)
FAIL: gcc.dg/long-long-typespec-1.c unsigned long int long signed (test for errors, line 818)
FAIL: gcc.dg/long-long-typespec-1.c unsigned long int long unsigned (test for errors, line 819)
FAIL: gcc.dg/long-long-typespec-1.c unsigned long long int void (test for errors, line 820)
FAIL: gcc.dg/long-long-typespec-1.c unsigned long long int char (test for errors, line 821)
FAIL: gcc.dg/long-long-typespec-1.c unsigned long long int short (test for errors, line 822)
FAIL: gcc.dg/long-long-typespec-1.c unsigned long long int int (test for errors, line 823)
FAIL: gcc.dg/long-long-typespec-1.c unsigned long long int long (test for errors, line 824)
FAIL: gcc.dg/long-long-typespec-1.c unsigned long long int float (test for errors, line 825)
FAIL: gcc.dg/long-long-typespec-1.c unsigned long long int double (test for errors, line 826)
FAIL: gcc.dg/long-long-typespec-1.c unsigned long long int signed (test for errors, line 827)
FAIL: gcc.dg/long-long-typespec-1.c unsigned long long int unsigned (test for errors, line 828)
FAIL: gcc.dg/format/dfp-scanf-1.c bad use of %H (test for warnings, line 98)
FAIL: gcc.dg/format/dfp-scanf-1.c (test for excess errors)
FAIL: gcc.dg/format/dfp-scanf-1.c -DWIDE bad use of %H (test for warnings, line 98)
FAIL: gcc.dg/format/dfp-scanf-1.c -DWIDE (test for excess errors)
FAIL: gcc.dg/gomp/pr25990.c (test for excess errors)
FAIL: gcc.target/powerpc/pr18096-1.c stack frame too large (test for warnings, line 11)
FAIL: gcc.target/powerpc/pr18096-1.c (test for excess errors)
=== gcc Summary for unix/-m32 ===
# of expected passes 40742
# of unexpected failures 37
# of expected failures 113
# of untested testcases 28
# of unsupported tests 355
Running target unix/-m64
FAIL: gcc.dg/pr23372-1.c scan-assembler-times memcpy 1
FAIL: gcc.dg/gomp/pr25990.c (test for excess errors)
XPASS: gcc.dg/tree-ssa/sra-2.c scan-tree-dump-times link_error 0
=== gcc Summary for unix/-m64 ===
# of expected passes 40631
# of unexpected failures 2
# of unexpected successes 1
# of expected failures 114
# of untested testcases 28
# of unsupported tests 420
=== gcc Summary ===
# of expected passes 81373
# of unexpected failures 39
# of unexpected successes 1
# of expected failures 227
# of untested testcases 56
# of unsupported tests 775
/home/gccbuild/build/nightly/build-gcc-gomp/gcc/xgcc version 4.2.0-gomp-20050608-branch 20060202 (experimental) (merged 20060202)
=== gfortran tests ===
Running target unix/-m32
FAIL: gfortran.dg/assumed_charlen_function_3.f90 -O (test for excess errors)
=== gfortran Summary for unix/-m32 ===
# of expected passes 11586
# of unexpected failures 1
# of expected failures 17
# of unsupported tests 66
Running target unix/-m64
FAIL: gfortran.dg/assumed_charlen_function_3.f90 -O (test for excess errors)
FAIL: gfortran.dg/g77/20010610.f -O3 -fomit-frame-pointer -funroll-loops (test for excess errors)
WARNING: gfortran.dg/g77/20010610.f -O3 -fomit-frame-pointer -funroll-loops compilation failed to produce executable
FAIL: gfortran.dg/g77/20010610.f -O3 -fomit-frame-pointer -funroll-all-loops -finline-functions (test for excess errors)
WARNING: gfortran.dg/g77/20010610.f -O3 -fomit-frame-pointer -funroll-all-loops -finline-functions compilation failed to produce executable
=== gfortran Summary for unix/-m64 ===
# of expected passes 11611
# of unexpected failures 3
# of expected failures 20
# of unsupported tests 50
=== gfortran Summary ===
# of expected passes 23197
# of unexpected failures 4
# of expected failures 37
# of unsupported tests 116
/home/gccbuild/build/nightly/build-gcc-gomp/gcc/testsuite/gfortran/../../gfortran version 4.2.0-gomp-20050608-branch 20060202 (experimental) (merged 20060202)
=== libgomp tests ===
Running target unix/-m32
FAIL: libgomp.fortran/vla7.f90 -O0 (test for excess errors)
WARNING: libgomp.fortran/vla7.f90 -O0 compilation failed to produce executable
FAIL: libgomp.fortran/vla7.f90 -O1 (test for excess errors)
WARNING: libgomp.fortran/vla7.f90 -O1 compilation failed to produce executable
FAIL: libgomp.fortran/vla7.f90 -O2 (test for excess errors)
WARNING: libgomp.fortran/vla7.f90 -O2 compilation failed to produce executable
FAIL: libgomp.fortran/vla7.f90 -O3 -fomit-frame-pointer (test for excess errors)
WARNING: libgomp.fortran/vla7.f90 -O3 -fomit-frame-pointer compilation failed to produce executable
FAIL: libgomp.fortran/vla7.f90 -O3 -fomit-frame-pointer -funroll-loops (test for excess errors)
WARNING: libgomp.fortran/vla7.f90 -O3 -fomit-frame-pointer -funroll-loops compilation failed to produce executable
FAIL: libgomp.fortran/vla7.f90 -O3 -fomit-frame-pointer -funroll-all-loops -finline-functions (test for excess errors)
WARNING: libgomp.fortran/vla7.f90 -O3 -fomit-frame-pointer -funroll-all-loops -finline-functions compilation failed to produce executable
FAIL: libgomp.fortran/vla7.f90 -O3 -g (test for excess errors)
WARNING: libgomp.fortran/vla7.f90 -O3 -g compilation failed to produce executable
FAIL: libgomp.fortran/vla7.f90 -Os (test for excess errors)
WARNING: libgomp.fortran/vla7.f90 -Os compilation failed to produce executable
=== libgomp Summary for unix/-m32 ===
# of expected passes 1342
# of unexpected failures 8
Running target unix/-m64
FAIL: libgomp.c/appendix-a/a.15.1.c (test for excess errors)
WARNING: libgomp.c/appendix-a/a.15.1.c compilation failed to produce executable
FAIL: libgomp.c/appendix-a/a.16.1.c (test for excess errors)
WARNING: libgomp.c/appendix-a/a.16.1.c compilation failed to produce executable
FAIL: libgomp.c/appendix-a/a.18.1.c (test for excess errors)
WARNING: libgomp.c/appendix-a/a.18.1.c compilation failed to produce executable
FAIL: libgomp.c/appendix-a/a.19.1.c (test for excess errors)
WARNING: libgomp.c/appendix-a/a.19.1.c compilation failed to produce executable
FAIL: libgomp.c/appendix-a/a.2.1.c (test for excess errors)
WARNING: libgomp.c/appendix-a/a.2.1.c compilation failed to produce executable
FAIL: libgomp.c/appendix-a/a.21.1.c (test for excess errors)
WARNING: libgomp.c/appendix-a/a.21.1.c compilation failed to produce executable
FAIL: libgomp.c/appendix-a/a.26.1.c (test for excess errors)
WARNING: libgomp.c/appendix-a/a.26.1.c compilation failed to produce executable
FAIL: libgomp.c/appendix-a/a.29.1.c (test for excess errors)
WARNING: libgomp.c/appendix-a/a.29.1.c compilation failed to produce executable
FAIL: libgomp.c/appendix-a/a.3.1.c (test for excess errors)
WARNING: libgomp.c/appendix-a/a.3.1.c compilation failed to produce executable
FAIL: libgomp.c/appendix-a/a.36.1.c (test for excess errors)
WARNING: libgomp.c/appendix-a/a.36.1.c compilation failed to produce executable
FAIL: libgomp.c/appendix-a/a.39.1.c (test for excess errors)
WARNING: libgomp.c/appendix-a/a.39.1.c compilation failed to produce executable
FAIL: libgomp.c/appendix-a/a.4.1.c (test for excess errors)
WARNING: libgomp.c/appendix-a/a.4.1.c compilation failed to produce executable
FAIL: libgomp.c/appendix-a/a.5.1.c (test for excess errors)
WARNING: libgomp.c/appendix-a/a.5.1.c compilation failed to produce executable
FAIL: libgomp.c/atomic-1.c (test for excess errors)
WARNING: libgomp.c/atomic-1.c compilation failed to produce executable
FAIL: libgomp.c/atomic-10.c (test for excess errors)
WARNING: libgomp.c/atomic-10.c compilation failed to produce executable
FAIL: libgomp.c/atomic-2.c (test for excess errors)
WARNING: libgomp.c/atomic-2.c compilation failed to produce executable
FAIL: libgomp.c/barrier-1.c (test for excess errors)
WARNING: libgomp.c/barrier-1.c compilation failed to produce executable
FAIL: libgomp.c/copyin-1.c (test for excess errors)
WARNING: libgomp.c/copyin-1.c compilation failed to produce executable
FAIL: libgomp.c/copyin-2.c (test for excess errors)
WARNING: libgomp.c/copyin-2.c compilation failed to produce executable
FAIL: libgomp.c/copyin-3.c (test for excess errors)
WARNING: libgomp.c/copyin-3.c compilation failed to produce executable
FAIL: libgomp.c/critical-1.c (test for excess errors)
WARNING: libgomp.c/critical-1.c compilation failed to produce executable
FAIL: libgomp.c/critical-2.c (test for excess errors)
WARNING: libgomp.c/critical-2.c compilation failed to produce executable
FAIL: libgomp.c/lib-1.c (test for excess errors)
WARNING: libgomp.c/lib-1.c compilation failed to produce executable
FAIL: libgomp.c/loop-1.c (test for excess errors)
WARNING: libgomp.c/loop-1.c compilation failed to produce executable
FAIL: libgomp.c/loop-2.c (test for excess errors)
WARNING: libgomp.c/loop-2.c compilation failed to produce executable
FAIL: libgomp.c/loop-3.c (test for excess errors)
WARNING: libgomp.c/loop-3.c compilation failed to produce executable
FAIL: libgomp.c/nested-1.c (test for excess errors)
WARNING: libgomp.c/nested-1.c compilation failed to produce executable
FAIL: libgomp.c/nested-2.c (test for excess errors)
WARNING: libgomp.c/nested-2.c compilation failed to produce executable
FAIL: libgomp.c/nestedfn-1.c (test for excess errors)
WARNING: libgomp.c/nestedfn-1.c compilation failed to produce executable
FAIL: libgomp.c/nestedfn-2.c (test for excess errors)
WARNING: libgomp.c/nestedfn-2.c compilation failed to produce executable
FAIL: libgomp.c/nestedfn-3.c (test for excess errors)
WARNING: libgomp.c/nestedfn-3.c compilation failed to produce executable
FAIL: libgomp.c/omp-loop01.c (test for excess errors)
WARNING: libgomp.c/omp-loop01.c compilation failed to produce executable
FAIL: libgomp.c/omp-loop02.c (test for excess errors)
WARNING: libgomp.c/omp-loop02.c compilation failed to produce executable
FAIL: libgomp.c/omp-loop03.c (test for excess errors)
WARNING: libgomp.c/omp-loop03.c compilation failed to produce executable
FAIL: libgomp.c/omp-nested-1.c (test for excess errors)
WARNING: libgomp.c/omp-nested-1.c compilation failed to produce executable
FAIL: libgomp.c/omp-parallel-for.c (test for excess errors)
WARNING: libgomp.c/omp-parallel-for.c compilation failed to produce executable
FAIL: libgomp.c/omp-parallel-if.c (test for excess errors)
WARNING: libgomp.c/omp-parallel-if.c compilation failed to produce executable
FAIL: libgomp.c/omp-single-1.c (test for excess errors)
WARNING: libgomp.c/omp-single-1.c compilation failed to produce executable
FAIL: libgomp.c/omp-single-2.c (test for excess errors)
WARNING: libgomp.c/omp-single-2.c compilation failed to produce executable
FAIL: libgomp.c/omp-single-3.c (test for excess errors)
WARNING: libgomp.c/omp-single-3.c compilation failed to produce executable
FAIL: libgomp.c/omp_hello.c (test for excess errors)
WARNING: libgomp.c/omp_hello.c compilation failed to produce executable
FAIL: libgomp.c/omp_matvec.c (test for excess errors)
WARNING: libgomp.c/omp_matvec.c compilation failed to produce executable
FAIL: libgomp.c/omp_orphan.c (test for excess errors)
WARNING: libgomp.c/omp_orphan.c compilation failed to produce executable
FAIL: libgomp.c/omp_reduction.c (test for excess errors)
WARNING: libgomp.c/omp_reduction.c compilation failed to produce executable
FAIL: libgomp.c/omp_workshare1.c (test for excess errors)
WARNING: libgomp.c/omp_workshare1.c compilation failed to produce executable
FAIL: libgomp.c/omp_workshare2.c (test for excess errors)
WARNING: libgomp.c/omp_workshare2.c compilation failed to produce executable
FAIL: libgomp.c/omp_workshare4.c (test for excess errors)
WARNING: libgomp.c/omp_workshare4.c compilation failed to produce executable
FAIL: libgomp.c/ordered-1.c (test for excess errors)
WARNING: libgomp.c/ordered-1.c compilation failed to produce executable
FAIL: libgomp.c/ordered-2.c (test for excess errors)
WARNING: libgomp.c/ordered-2.c compilation failed to produce executable
FAIL: libgomp.c/ordered-3.c (test for excess errors)
WARNING: libgomp.c/ordered-3.c compilation failed to produce executable
FAIL: libgomp.c/parallel-1.c (test for excess errors)
WARNING: libgomp.c/parallel-1.c compilation failed to produce executable
FAIL: libgomp.c/pr24455.c (test for excess errors)
WARNING: libgomp.c/pr24455.c compilation failed to produce executable
FAIL: libgomp.c/reduction-1.c (test for excess errors)
WARNING: libgomp.c/reduction-1.c compilation failed to produce executable
FAIL: libgomp.c/reduction-2.c (test for excess errors)
WARNING: libgomp.c/reduction-2.c compilation failed to produce executable
FAIL: libgomp.c/reduction-3.c (test for excess errors)
WARNING: libgomp.c/reduction-3.c compilation failed to produce executable
FAIL: libgomp.c/reduction-4.c (test for excess errors)
WARNING: libgomp.c/reduction-4.c compilation failed to produce executable
FAIL: libgomp.c/sections-1.c (test for excess errors)
WARNING: libgomp.c/sections-1.c compilation failed to produce executable
FAIL: libgomp.c/shared-1.c (test for excess errors)
WARNING: libgomp.c/shared-1.c compilation failed to produce executable
FAIL: libgomp.c/shared-2.c (test for excess errors)
WARNING: libgomp.c/shared-2.c compilation failed to produce executable
FAIL: libgomp.c/shared-3.c (test for excess errors)
WARNING: libgomp.c/shared-3.c compilation failed to produce executable
FAIL: libgomp.c/single-1.c (test for excess errors)
WARNING: libgomp.c/single-1.c compilation failed to produce executable
FAIL: libgomp.c/single-2.c (test for excess errors)
WARNING: libgomp.c/single-2.c compilation failed to produce executable
FAIL: libgomp.c/vla-1.c (test for excess errors)
WARNING: libgomp.c/vla-1.c compilation failed to produce executable
FAIL: libgomp.c++/copyin-1.C -O0 (test for excess errors)
WARNING: libgomp.c++/copyin-1.C -O0 compilation failed to produce executable
FAIL: libgomp.c++/copyin-1.C -O1 (test for excess errors)
WARNING: libgomp.c++/copyin-1.C -O1 compilation failed to produce executable
FAIL: libgomp.c++/copyin-1.C -O2 (test for excess errors)
WARNING: libgomp.c++/copyin-1.C -O2 compilation failed to produce executable
FAIL: libgomp.c++/copyin-1.C -O3 -fomit-frame-pointer (test for excess errors)
WARNING: libgomp.c++/copyin-1.C -O3 -fomit-frame-pointer compilation failed to produce executable
FAIL: libgomp.c++/copyin-1.C -O3 -fomit-frame-pointer -funroll-loops (test for excess errors)
WARNING: libgomp.c++/copyin-1.C -O3 -fomit-frame-pointer -funroll-loops compilation failed to produce executable
FAIL: libgomp.c++/copyin-1.C -O3 -fomit-frame-pointer -funroll-all-loops -finline-functions (test for excess errors)
WARNING: libgomp.c++/copyin-1.C -O3 -fomit-frame-pointer -funroll-all-loops -finline-functions compilation failed to produce executable
FAIL: libgomp.c++/copyin-1.C -O3 -g (test for excess errors)
WARNING: libgomp.c++/copyin-1.C -O3 -g compilation failed to produce executable
FAIL: libgomp.c++/copyin-1.C -Os (test for excess errors)
WARNING: libgomp.c++/copyin-1.C -Os compilation failed to produce executable
FAIL: libgomp.c++/copyin-2.C -O0 (test for excess errors)
WARNING: libgomp.c++/copyin-2.C -O0 compilation failed to produce executable
FAIL: libgomp.c++/copyin-2.C -O1 (test for excess errors)
WARNING: libgomp.c++/copyin-2.C -O1 compilation failed to produce executable
FAIL: libgomp.c++/copyin-2.C -O2 (test for excess errors)
WARNING: libgomp.c++/copyin-2.C -O2 compilation failed to produce executable
FAIL: libgomp.c++/copyin-2.C -O3 -fomit-frame-pointer (test for excess errors)
WARNING: libgomp.c++/copyin-2.C -O3 -fomit-frame-pointer compilation failed to produce executable
FAIL: libgomp.c++/copyin-2.C -O3 -fomit-frame-pointer -funroll-loops (test for excess errors)
WARNING: libgomp.c++/copyin-2.C -O3 -fomit-frame-pointer -funroll-loops compilation failed to produce executable
FAIL: libgomp.c++/copyin-2.C -O3 -fomit-frame-pointer -funroll-all-loops -finline-functions (test for excess errors)
WARNING: libgomp.c++/copyin-2.C -O3 -fomit-frame-pointer -funroll-all-loops -finline-functions compilation failed to produce executable
FAIL: libgomp.c++/copyin-2.C -O3 -g (test for excess errors)
WARNING: libgomp.c++/copyin-2.C -O3 -g compilation failed to produce executable
FAIL: libgomp.c++/copyin-2.C -Os (test for excess errors)
WARNING: libgomp.c++/copyin-2.C -Os compilation failed to produce executable
FAIL: libgomp.c++/ctor-1.C -O0 (test for excess errors)
WARNING: libgomp.c++/ctor-1.C -O0 compilation failed to produce executable
FAIL: libgomp.c++/ctor-1.C -O1 (test for excess errors)
WARNING: libgomp.c++/ctor-1.C -O1 compilation failed to produce executable
FAIL: libgomp.c++/ctor-1.C -O2 (test for excess errors)
WARNING: libgomp.c++/ctor-1.C -O2 compilation failed to produce executable
FAIL: libgomp.c++/ctor-1.C -O3 -fomit-frame-pointer (test for excess errors)
WARNING: libgomp.c++/ctor-1.C -O3 -fomit-frame-pointer compilation failed to produce executable
FAIL: libgomp.c++/ctor-1.C -O3 -fomit-frame-pointer -funroll-loops (test for excess errors)
WARNING: libgomp.c++/ctor-1.C -O3 -fomit-frame-pointer -funroll-loops compilation failed to produce executable
FAIL: libgomp.c++/ctor-1.C -O3 -fomit-frame-pointer -funroll-all-loops -finline-functions (test for excess errors)
WARNING: libgomp.c++/ctor-1.C -O3 -fomit-frame-pointer -funroll-all-loops -finline-functions compilation failed to produce executable
FAIL: libgomp.c++/ctor-1.C -O3 -g (test for excess errors)
WARNING: libgomp.c++/ctor-1.C -O3 -g compilation failed to produce executable
FAIL: libgomp.c++/ctor-1.C -Os (test for excess errors)
WARNING: libgomp.c++/ctor-1.C -Os compilation failed to produce executable
FAIL: libgomp.c++/ctor-2.C -O0 (test for excess errors)
WARNING: libgomp.c++/ctor-2.C -O0 compilation failed to produce executable
FAIL: libgomp.c++/ctor-2.C -O1 (test for excess errors)
WARNING: libgomp.c++/ctor-2.C -O1 compilation failed to produce executable
FAIL: libgomp.c++/ctor-2.C -O2 (test for excess errors)
WARNING: libgomp.c++/ctor-2.C -O2 compilation failed to produce executable
FAIL: libgomp.c++/ctor-2.C -O3 -fomit-frame-pointer (test for excess errors)
WARNING: libgomp.c++/ctor-2.C -O3 -fomit-frame-pointer compilation failed to produce executable
FAIL: libgomp.c++/ctor-2.C -O3 -fomit-frame-pointer -funroll-loops (test for excess errors)
WARNING: libgomp.c++/ctor-2.C -O3 -fomit-frame-pointer -funroll-loops compilation failed to produce executable
FAIL: libgomp.c++/ctor-2.C -O3 -fomit-frame-pointer -funroll-all-loops -finline-functions (test for excess errors)
WARNING: libgomp.c++/ctor-2.C -O3 -fomit-frame-pointer -funroll-all-loops -finline-functions compilation failed to produce executable
FAIL: libgomp.c++/ctor-2.C -O3 -g (test for excess errors)
WARNING: libgomp.c++/ctor-2.C -O3 -g compilation failed to produce executable
FAIL: libgomp.c++/ctor-2.C -Os (test for excess errors)
WARNING: libgomp.c++/ctor-2.C -Os compilation failed to produce executable
FAIL: libgomp.c++/ctor-3.C -O0 (test for excess errors)
WARNING: libgomp.c++/ctor-3.C -O0 compilation failed to produce executable
FAIL: libgomp.c++/ctor-3.C -O1 (test for excess errors)
WARNING: libgomp.c++/ctor-3.C -O1 compilation failed to produce executable
FAIL: libgomp.c++/ctor-3.C -O2 (test for excess errors)
WARNING: libgomp.c++/ctor-3.C -O2 compilation failed to produce executable
FAIL: libgomp.c++/ctor-3.C -O3 -fomit-frame-pointer (test for excess errors)
WARNING: libgomp.c++/ctor-3.C -O3 -fomit-frame-pointer compilation failed to produce executable
FAIL: libgomp.c++/ctor-3.C -O3 -fomit-frame-pointer -funroll-loops (test for excess errors)
WARNING: libgomp.c++/ctor-3.C -O3 -fomit-frame-pointer -funroll-loops compilation failed to produce executable
FAIL: libgomp.c++/ctor-3.C -O3 -fomit-frame-pointer -funroll-all-loops -finline-functions (test for excess errors)
WARNING: libgomp.c++/ctor-3.C -O3 -fomit-frame-pointer -funroll-all-loops -finline-functions compilation failed to produce executable
FAIL: libgomp.c++/ctor-3.C -O3 -g (test for excess errors)
WARNING: libgomp.c++/ctor-3.C -O3 -g compilation failed to produce executable
FAIL: libgomp.c++/ctor-3.C -Os (test for excess errors)
WARNING: libgomp.c++/ctor-3.C -Os compilation failed to produce executable
FAIL: libgomp.c++/ctor-4.C -O0 (test for excess errors)
WARNING: libgomp.c++/ctor-4.C -O0 compilation failed to produce executable
FAIL: libgomp.c++/ctor-4.C -O1 (test for excess errors)
WARNING: libgomp.c++/ctor-4.C -O1 compilation failed to produce executable
FAIL: libgomp.c++/ctor-4.C -O2 (test for excess errors)
WARNING: libgomp.c++/ctor-4.C -O2 compilation failed to produce executable
FAIL: libgomp.c++/ctor-4.C -O3 -fomit-frame-pointer (test for excess errors)
WARNING: libgomp.c++/ctor-4.C -O3 -fomit-frame-pointer compilation failed to produce executable
FAIL: libgomp.c++/ctor-4.C -O3 -fomit-frame-pointer -funroll-loops (test for excess errors)
WARNING: libgomp.c++/ctor-4.C -O3 -fomit-frame-pointer -funroll-loops compilation failed to produce executable
FAIL: libgomp.c++/ctor-4.C -O3 -fomit-frame-pointer -funroll-all-loops -finline-functions (test for excess errors)
WARNING: libgomp.c++/ctor-4.C -O3 -fomit-frame-pointer -funroll-all-loops -finline-functions compilation failed to produce executable
FAIL: libgomp.c++/ctor-4.C -O3 -g (test for excess errors)
WARNING: libgomp.c++/ctor-4.C -O3 -g compilation failed to produce executable
FAIL: libgomp.c++/ctor-4.C -Os (test for excess errors)
WARNING: libgomp.c++/ctor-4.C -Os compilation failed to produce executable
FAIL: libgomp.c++/ctor-5.C -O0 (test for excess errors)
WARNING: libgomp.c++/ctor-5.C -O0 compilation failed to produce executable
FAIL: libgomp.c++/ctor-5.C -O1 (test for excess errors)
WARNING: libgomp.c++/ctor-5.C -O1 compilation failed to produce executable
FAIL: libgomp.c++/ctor-5.C -O2 (test for excess errors)
WARNING: libgomp.c++/ctor-5.C -O2 compilation failed to produce executable
FAIL: libgomp.c++/ctor-5.C -O3 -fomit-frame-pointer (test for excess errors)
WARNING: libgomp.c++/ctor-5.C -O3 -fomit-frame-pointer compilation failed to produce executable
FAIL: libgomp.c++/ctor-5.C -O3 -fomit-frame-pointer -funroll-loops (test for excess errors)
WARNING: libgomp.c++/ctor-5.C -O3 -fomit-frame-pointer -funroll-loops compilation failed to produce executable
FAIL: libgomp.c++/ctor-5.C -O3 -fomit-frame-pointer -funroll-all-loops -finline-functions (test for excess errors)
WARNING: libgomp.c++/ctor-5.C -O3 -fomit-frame-pointer -funroll-all-loops -finline-functions compilation failed to produce executable
FAIL: libgomp.c++/ctor-5.C -O3 -g (test for excess errors)
WARNING: libgomp.c++/ctor-5.C -O3 -g compilation failed to produce executable
FAIL: libgomp.c++/ctor-5.C -Os (test for excess errors)
WARNING: libgomp.c++/ctor-5.C -Os compilation failed to produce executable
FAIL: libgomp.c++/ctor-6.C -O0 (test for excess errors)
WARNING: libgomp.c++/ctor-6.C -O0 compilation failed to produce executable
FAIL: libgomp.c++/ctor-6.C -O1 (test for excess errors)
WARNING: libgomp.c++/ctor-6.C -O1 compilation failed to produce executable
FAIL: libgomp.c++/ctor-6.C -O2 (test for excess errors)
WARNING: libgomp.c++/ctor-6.C -O2 compilation failed to produce executable
FAIL: libgomp.c++/ctor-6.C -O3 -fomit-frame-pointer (test for excess errors)
WARNING: libgomp.c++/ctor-6.C -O3 -fomit-frame-pointer compilation failed to produce executable
FAIL: libgomp.c++/ctor-6.C -O3 -fomit-frame-pointer -funroll-loops (test for excess errors)
WARNING: libgomp.c++/ctor-6.C -O3 -fomit-frame-pointer -funroll-loops compilation failed to produce executable
FAIL: libgomp.c++/ctor-6.C -O3 -fomit-frame-pointer -funroll-all-loops -finline-functions (test for excess errors)
WARNING: libgomp.c++/ctor-6.C -O3 -fomit-frame-pointer -funroll-all-loops -finline-functions compilation failed to produce executable
FAIL: libgomp.c++/ctor-6.C -O3 -g (test for excess errors)
WARNING: libgomp.c++/ctor-6.C -O3 -g compilation failed to produce executable
FAIL: libgomp.c++/ctor-6.C -Os (test for excess errors)
WARNING: libgomp.c++/ctor-6.C -Os compilation failed to produce executable
FAIL: libgomp.c++/ctor-7.C -O0 (test for excess errors)
WARNING: libgomp.c++/ctor-7.C -O0 compilation failed to produce executable
FAIL: libgomp.c++/ctor-7.C -O1 (test for excess errors)
WARNING: libgomp.c++/ctor-7.C -O1 compilation failed to produce executable
FAIL: libgomp.c++/ctor-7.C -O2 (test for excess errors)
WARNING: libgomp.c++/ctor-7.C -O2 compilation failed to produce executable
FAIL: libgomp.c++/ctor-7.C -O3 -fomit-frame-pointer (test for excess errors)
WARNING: libgomp.c++/ctor-7.C -O3 -fomit-frame-pointer compilation failed to produce executable
FAIL: libgomp.c++/ctor-7.C -O3 -fomit-frame-pointer -funroll-loops (test for excess errors)
WARNING: libgomp.c++/ctor-7.C -O3 -fomit-frame-pointer -funroll-loops compilation failed to produce executable
FAIL: libgomp.c++/ctor-7.C -O3 -fomit-frame-pointer -funroll-all-loops -finline-functions (test for excess errors)
WARNING: libgomp.c++/ctor-7.C -O3 -fomit-frame-pointer -funroll-all-loops -finline-functions compilation failed to produce executable
FAIL: libgomp.c++/ctor-7.C -O3 -g (test for excess errors)
WARNING: libgomp.c++/ctor-7.C -O3 -g compilation failed to produce executable
FAIL: libgomp.c++/ctor-7.C -Os (test for excess errors)
WARNING: libgomp.c++/ctor-7.C -Os compilation failed to produce executable
FAIL: libgomp.c++/ctor-8.C -O0 (test for excess errors)
WARNING: libgomp.c++/ctor-8.C -O0 compilation failed to produce executable
FAIL: libgomp.c++/ctor-8.C -O1 (test for excess errors)
WARNING: libgomp.c++/ctor-8.C -O1 compilation failed to produce executable
FAIL: libgomp.c++/ctor-8.C -O2 (test for excess errors)
WARNING: libgomp.c++/ctor-8.C -O2 compilation failed to produce executable
FAIL: libgomp.c++/ctor-8.C -O3 -fomit-frame-pointer (test for excess errors)
WARNING: libgomp.c++/ctor-8.C -O3 -fomit-frame-pointer compilation failed to produce executable
FAIL: libgomp.c++/ctor-8.C -O3 -fomit-frame-pointer -funroll-loops (test for excess errors)
WARNING: libgomp.c++/ctor-8.C -O3 -fomit-frame-pointer -funroll-loops compilation failed to produce executable
FAIL: libgomp.c++/ctor-8.C -O3 -fomit-frame-pointer -funroll-all-loops -finline-functions (test for excess errors)
WARNING: libgomp.c++/ctor-8.C -O3 -fomit-frame-pointer -funroll-all-loops -finline-functions compilation failed to produce executable
FAIL: libgomp.c++/ctor-8.C -O3 -g (test for excess errors)
WARNING: libgomp.c++/ctor-8.C -O3 -g compilation failed to produce executable
FAIL: libgomp.c++/ctor-8.C -Os (test for excess errors)
WARNING: libgomp.c++/ctor-8.C -Os compilation failed to produce executable
FAIL: libgomp.c++/ctor-9.C -O0 (test for excess errors)
WARNING: libgomp.c++/ctor-9.C -O0 compilation failed to produce executable
FAIL: libgomp.c++/ctor-9.C -O1 (test for excess errors)
WARNING: libgomp.c++/ctor-9.C -O1 compilation failed to produce executable
FAIL: libgomp.c++/ctor-9.C -O2 (test for excess errors)
WARNING: libgomp.c++/ctor-9.C -O2 compilation failed to produce executable
FAIL: libgomp.c++/ctor-9.C -O3 -fomit-frame-pointer (test for excess errors)
WARNING: libgomp.c++/ctor-9.C -O3 -fomit-frame-pointer compilation failed to produce executable
FAIL: libgomp.c++/ctor-9.C -O3 -fomit-frame-pointer -funroll-loops (test for excess errors)
WARNING: libgomp.c++/ctor-9.C -O3 -fomit-frame-pointer -funroll-loops compilation failed to produce executable
FAIL: libgomp.c++/ctor-9.C -O3 -fomit-frame-pointer -funroll-all-loops -finline-functions (test for excess errors)
WARNING: libgomp.c++/ctor-9.C -O3 -fomit-frame-pointer -funroll-all-loops -finline-functions compilation failed to produce executable
FAIL: libgomp.c++/ctor-9.C -O3 -g (test for excess errors)
WARNING: libgomp.c++/ctor-9.C -O3 -g compilation failed to produce executable
FAIL: libgomp.c++/ctor-9.C -Os (test for excess errors)
WARNING: libgomp.c++/ctor-9.C -Os compilation failed to produce executable
FAIL: libgomp.c++/loop-1.C -O (test for excess errors)
WARNING: libgomp.c++/loop-1.C -O compilation failed to produce executable
FAIL: libgomp.c++/loop-2.C -O (test for excess errors)
WARNING: libgomp.c++/loop-2.C -O compilation failed to produce executable
FAIL: libgomp.c++/loop-3.C -O (test for excess errors)
WARNING: libgomp.c++/loop-3.C -O compilation failed to produce executable
FAIL: libgomp.c++/loop-4.C -O (test for excess errors)
WARNING: libgomp.c++/loop-4.C -O compilation failed to produce executable
FAIL: libgomp.c++/loop-5.C -O (test for excess errors)
WARNING: libgomp.c++/loop-5.C -O compilation failed to produce executable
FAIL: libgomp.c++/loop-6.C -O0 (test for excess errors)
WARNING: libgomp.c++/loop-6.C -O0 compilation failed to produce executable
FAIL: libgomp.c++/loop-6.C -O1 (test for excess errors)
WARNING: libgomp.c++/loop-6.C -O1 compilation failed to produce executable
FAIL: libgomp.c++/loop-6.C -O2 (test for excess errors)
WARNING: libgomp.c++/loop-6.C -O2 compilation failed to produce executable
FAIL: libgomp.c++/loop-6.C -O3 -fomit-frame-pointer (test for excess errors)
WARNING: libgomp.c++/loop-6.C -O3 -fomit-frame-pointer compilation failed to produce executable
FAIL: libgomp.c++/loop-6.C -O3 -fomit-frame-pointer -funroll-loops (test for excess errors)
WARNING: libgomp.c++/loop-6.C -O3 -fomit-frame-pointer -funroll-loops compilation failed to produce executable
FAIL: libgomp.c++/loop-6.C -O3 -fomit-frame-pointer -funroll-all-loops -finline-functions (test for excess errors)
WARNING: libgomp.c++/loop-6.C -O3 -fomit-frame-pointer -funroll-all-loops -finline-functions compilation failed to produce executable
FAIL: libgomp.c++/loop-6.C -O3 -g (test for excess errors)
WARNING: libgomp.c++/loop-6.C -O3 -g compilation failed to produce executable
FAIL: libgomp.c++/loop-6.C -Os (test for excess errors)
WARNING: libgomp.c++/loop-6.C -Os compilation failed to produce executable
FAIL: libgomp.c++/loop-7.C -O0 (test for excess errors)
WARNING: libgomp.c++/loop-7.C -O0 compilation failed to produce executable
FAIL: libgomp.c++/loop-7.C -O1 (test for excess errors)
WARNING: libgomp.c++/loop-7.C -O1 compilation failed to produce executable
FAIL: libgomp.c++/loop-7.C -O2 (test for excess errors)
WARNING: libgomp.c++/loop-7.C -O2 compilation failed to produce executable
FAIL: libgomp.c++/loop-7.C -O3 -fomit-frame-pointer (test for excess errors)
WARNING: libgomp.c++/loop-7.C -O3 -fomit-frame-pointer compilation failed to produce executable
FAIL: libgomp.c++/loop-7.C -O3 -fomit-frame-pointer -funroll-loops (test for excess errors)
WARNING: libgomp.c++/loop-7.C -O3 -fomit-frame-pointer -funroll-loops compilation failed to produce executable
FAIL: libgomp.c++/loop-7.C -O3 -fomit-frame-pointer -funroll-all-loops -finline-functions (test for excess errors)
WARNING: libgomp.c++/loop-7.C -O3 -fomit-frame-pointer -funroll-all-loops -finline-functions compilation failed to produce executable
FAIL: libgomp.c++/loop-7.C -O3 -g (test for excess errors)
WARNING: libgomp.c++/loop-7.C -O3 -g compilation failed to produce executable
FAIL: libgomp.c++/loop-7.C -Os (test for excess errors)
WARNING: libgomp.c++/loop-7.C -Os compilation failed to produce executable
FAIL: libgomp.c++/master-1.C -O0 (test for excess errors)
WARNING: libgomp.c++/master-1.C -O0 compilation failed to produce executable
FAIL: libgomp.c++/master-1.C -O1 (test for excess errors)
WARNING: libgomp.c++/master-1.C -O1 compilation failed to produce executable
FAIL: libgomp.c++/master-1.C -O2 (test for excess errors)
WARNING: libgomp.c++/master-1.C -O2 compilation failed to produce executable
FAIL: libgomp.c++/master-1.C -O3 -fomit-frame-pointer (test for excess errors)
WARNING: libgomp.c++/master-1.C -O3 -fomit-frame-pointer compilation failed to produce executable
FAIL: libgomp.c++/master-1.C -O3 -fomit-frame-pointer -funroll-loops (test for excess errors)
WARNING: libgomp.c++/master-1.C -O3 -fomit-frame-pointer -funroll-loops compilation failed to produce executable
FAIL: libgomp.c++/master-1.C -O3 -fomit-frame-pointer -funroll-all-loops -finline-functions (test for excess errors)
WARNING: libgomp.c++/master-1.C -O3 -fomit-frame-pointer -funroll-all-loops -finline-functions compilation failed to produce executable
FAIL: libgomp.c++/master-1.C -O3 -g (test for excess errors)
WARNING: libgomp.c++/master-1.C -O3 -g compilation failed to produce executable
FAIL: libgomp.c++/master-1.C -Os (test for excess errors)
WARNING: libgomp.c++/master-1.C -Os compilation failed to produce executable
FAIL: libgomp.c++/nested-1.C -O0 (test for excess errors)
WARNING: libgomp.c++/nested-1.C -O0 compilation failed to produce executable
FAIL: libgomp.c++/nested-1.C -O1 (test for excess errors)
WARNING: libgomp.c++/nested-1.C -O1 compilation failed to produce executable
FAIL: libgomp.c++/nested-1.C -O2 (test for excess errors)
WARNING: libgomp.c++/nested-1.C -O2 compilation failed to produce executable
FAIL: libgomp.c++/nested-1.C -O3 -fomit-frame-pointer (test for excess errors)
WARNING: libgomp.c++/nested-1.C -O3 -fomit-frame-pointer compilation failed to produce executable
FAIL: libgomp.c++/nested-1.C -O3 -fomit-frame-pointer -funroll-loops (test for excess errors)
WARNING: libgomp.c++/nested-1.C -O3 -fomit-frame-pointer -funroll-loops compilation failed to produce executable
FAIL: libgomp.c++/nested-1.C -O3 -fomit-frame-pointer -funroll-all-loops -finline-functions (test for excess errors)
WARNING: libgomp.c++/nested-1.C -O3 -fomit-frame-pointer -funroll-all-loops -finline-functions compilation failed to produce executable
FAIL: libgomp.c++/nested-1.C -O3 -g (test for excess errors)
WARNING: libgomp.c++/nested-1.C -O3 -g compilation failed to produce executable
FAIL: libgomp.c++/nested-1.C -Os (test for excess errors)
WARNING: libgomp.c++/nested-1.C -Os compilation failed to produce executable
FAIL: libgomp.c++/parallel-1.C -O (test for excess errors)
WARNING: libgomp.c++/parallel-1.C -O compilation failed to produce executable
FAIL: libgomp.c++/pr24455.C -O0 (test for excess errors)
WARNING: libgomp.c++/pr24455.C -O0 compilation failed to produce executable
FAIL: libgomp.c++/pr24455.C -O1 (test for excess errors)
WARNING: libgomp.c++/pr24455.C -O1 compilation failed to produce executable
FAIL: libgomp.c++/pr24455.C -O2 (test for excess errors)
WARNING: libgomp.c++/pr24455.C -O2 compilation failed to produce executable
FAIL: libgomp.c++/pr24455.C -O3 -fomit-frame-pointer (test for excess errors)
WARNING: libgomp.c++/pr24455.C -O3 -fomit-frame-pointer compilation failed to produce executable
FAIL: libgomp.c++/pr24455.C -O3 -fomit-frame-pointer -funroll-loops (test for excess errors)
WARNING: libgomp.c++/pr24455.C -O3 -fomit-frame-pointer -funroll-loops compilation failed to produce executable
FAIL: libgomp.c++/pr24455.C -O3 -fomit-frame-pointer -funroll-all-loops -finline-functions (test for excess errors)
WARNING: libgomp.c++/pr24455.C -O3 -fomit-frame-pointer -funroll-all-loops -finline-functions compilation failed to produce executable
FAIL: libgomp.c++/pr24455.C -O3 -g (test for excess errors)
WARNING: libgomp.c++/pr24455.C -O3 -g compilation failed to produce executable
FAIL: libgomp.c++/pr24455.C -Os (test for excess errors)
WARNING: libgomp.c++/pr24455.C -Os compilation failed to produce executable
FAIL: libgomp.c++/reduction-1.C -O (test for excess errors)
WARNING: libgomp.c++/reduction-1.C -O compilation failed to produce executable
FAIL: libgomp.c++/reduction-2.C -O (test for excess errors)
WARNING: libgomp.c++/reduction-2.C -O compilation failed to produce executable
FAIL: libgomp.c++/reduction-3.C -O (test for excess errors)
WARNING: libgomp.c++/reduction-3.C -O compilation failed to produce executable
FAIL: libgomp.c++/sections-1.C -O (test for excess errors)
WARNING: libgomp.c++/sections-1.C -O compilation failed to produce executable
FAIL: libgomp.c++/shared-1.C -O (test for excess errors)
WARNING: libgomp.c++/shared-1.C -O compilation failed to produce executable
FAIL: libgomp.c++/shared-2.C -O (test for excess errors)
WARNING: libgomp.c++/shared-2.C -O compilation failed to produce executable
FAIL: libgomp.c++/single-1.C -O (test for excess errors)
WARNING: libgomp.c++/single-1.C -O compilation failed to produce executable
FAIL: libgomp.c++/single-2.C -O (test for excess errors)
WARNING: libgomp.c++/single-2.C -O compilation failed to produce executable
FAIL: libgomp.c++/single-3.C -O (test for excess errors)
WARNING: libgomp.c++/single-3.C -O compilation failed to produce executable
FAIL: libgomp.fortran/appendix-a/a.16.1.f90 -O0 (test for excess errors)
WARNING: libgomp.fortran/appendix-a/a.16.1.f90 -O0 compilation failed to produce executable
FAIL: libgomp.fortran/appendix-a/a.16.1.f90 -O1 (test for excess errors)
WARNING: libgomp.fortran/appendix-a/a.16.1.f90 -O1 compilation failed to produce executable
FAIL: libgomp.fortran/appendix-a/a.16.1.f90 -O2 (test for excess errors)
WARNING: libgomp.fortran/appendix-a/a.16.1.f90 -O2 compilation failed to produce executable
FAIL: libgomp.fortran/appendix-a/a.16.1.f90 -O3 -fomit-frame-pointer (test for excess errors)
WARNING: libgomp.fortran/appendix-a/a.16.1.f90 -O3 -fomit-frame-pointer compilation failed to produce executable
FAIL: libgomp.fortran/appendix-a/a.16.1.f90 -O3 -fomit-frame-pointer -funroll-loops (test for excess errors)
WARNING: libgomp.fortran/appendix-a/a.16.1.f90 -O3 -fomit-frame-pointer -funroll-loops compilation failed to produce executable
FAIL: libgomp.fortran/appendix-a/a.16.1.f90 -O3 -fomit-frame-pointer -funroll-all-loops -finline-functions (test for excess errors)
WARNING: libgomp.fortran/appendix-a/a.16.1.f90 -O3 -fomit-frame-pointer -funroll-all-loops -finline-functions compilation failed to produce executable
FAIL: libgomp.fortran/appendix-a/a.16.1.f90 -O3 -g (test for excess errors)
WARNING: libgomp.fortran/appendix-a/a.16.1.f90 -O3 -g compilation failed to produce executable
FAIL: libgomp.fortran/appendix-a/a.16.1.f90 -Os (test for excess errors)
WARNING: libgomp.fortran/appendix-a/a.16.1.f90 -Os compilation failed to produce executable
FAIL: libgomp.fortran/appendix-a/a.18.1.f90 -O0 (test for excess errors)
WARNING: libgomp.fortran/appendix-a/a.18.1.f90 -O0 compilation failed to produce executable
FAIL: libgomp.fortran/appendix-a/a.18.1.f90 -O1 (test for excess errors)
WARNING: libgomp.fortran/appendix-a/a.18.1.f90 -O1 compilation failed to produce executable
FAIL: libgomp.fortran/appendix-a/a.18.1.f90 -O2 (test for excess errors)
WARNING: libgomp.fortran/appendix-a/a.18.1.f90 -O2 compilation failed to produce executable
FAIL: libgomp.fortran/appendix-a/a.18.1.f90 -O3 -fomit-frame-pointer (test for excess errors)
WARNING: libgomp.fortran/appendix-a/a.18.1.f90 -O3 -fomit-frame-pointer compilation failed to produce executable
FAIL: libgomp.fortran/appendix-a/a.18.1.f90 -O3 -fomit-frame-pointer -funroll-loops (test for excess errors)
WARNING: libgomp.fortran/appendix-a/a.18.1.f90 -O3 -fomit-frame-pointer -funroll-loops compilation failed to produce executable
FAIL: libgomp.fortran/appendix-a/a.18.1.f90 -O3 -fomit-frame-pointer -funroll-all-loops -finline-functions (test for excess errors)
WARNING: libgomp.fortran/appendix-a/a.18.1.f90 -O3 -fomit-frame-pointer -funroll-all-loops -finline-functions compilation failed to produce executable
FAIL: libgomp.fortran/appendix-a/a.18.1.f90 -O3 -g (test for excess errors)
WARNING: libgomp.fortran/appendix-a/a.18.1.f90 -O3 -g compilation failed to produce executable
FAIL: libgomp.fortran/appendix-a/a.18.1.f90 -Os (test for excess errors)
WARNING: libgomp.fortran/appendix-a/a.18.1.f90 -Os compilation failed to produce executable
FAIL: libgomp.fortran/appendix-a/a.19.1.f90 -O0 (test for excess errors)
WARNING: libgomp.fortran/appendix-a/a.19.1.f90 -O0 compilation failed to produce executable
FAIL: libgomp.fortran/appendix-a/a.19.1.f90 -O1 (test for excess errors)
WARNING: libgomp.fortran/appendix-a/a.19.1.f90 -O1 compilation failed to produce executable
FAIL: libgomp.fortran/appendix-a/a.19.1.f90 -O2 (test for excess errors)
WARNING: libgomp.fortran/appendix-a/a.19.1.f90 -O2 compilation failed to produce executable
FAIL: libgomp.fortran/appendix-a/a.19.1.f90 -O3 -fomit-frame-pointer (test for excess errors)
WARNING: libgomp.fortran/appendix-a/a.19.1.f90 -O3 -fomit-frame-pointer compilation failed to produce executable
FAIL: libgomp.fortran/appendix-a/a.19.1.f90 -O3 -fomit-frame-pointer -funroll-loops (test for excess errors)
WARNING: libgomp.fortran/appendix-a/a.19.1.f90 -O3 -fomit-frame-pointer -funroll-loops compilation failed to produce executable
FAIL: libgomp.fortran/appendix-a/a.19.1.f90 -O3 -fomit-frame-pointer -funroll-all-loops -finline-functions (test for excess errors)
WARNING: libgomp.fortran/appendix-a/a.19.1.f90 -O3 -fomit-frame-pointer -funroll-all-loops -finline-functions compilation failed to produce executable
FAIL: libgomp.fortran/appendix-a/a.19.1.f90 -O3 -g (test for excess errors)
WARNING: libgomp.fortran/appendix-a/a.19.1.f90 -O3 -g compilation failed to produce executable
FAIL: libgomp.fortran/appendix-a/a.19.1.f90 -Os (test for excess errors)
WARNING: libgomp.fortran/appendix-a/a.19.1.f90 -Os compilation failed to produce executable
FAIL: libgomp.fortran/appendix-a/a.2.1.f90 -O0 (test for excess errors)
WARNING: libgomp.fortran/appendix-a/a.2.1.f90 -O0 compilation failed to produce executable
FAIL: libgomp.fortran/appendix-a/a.2.1.f90 -O1 (test for excess errors)
WARNING: libgomp.fortran/appendix-a/a.2.1.f90 -O1 compilation failed to produce executable
FAIL: libgomp.fortran/appendix-a/a.2.1.f90 -O2 (test for excess errors)
WARNING: libgomp.fortran/appendix-a/a.2.1.f90 -O2 compilation failed to produce executable
FAIL: libgomp.fortran/appendix-a/a.2.1.f90 -O3 -fomit-frame-pointer (test for excess errors)
WARNING: libgomp.fortran/appendix-a/a.2.1.f90 -O3 -fomit-frame-pointer compilation failed to produce executable
FAIL: libgomp.fortran/appendix-a/a.2.1.f90 -O3 -fomit-frame-pointer -funroll-loops (test for excess errors)
WARNING: libgomp.fortran/appendix-a/a.2.1.f90 -O3 -fomit-frame-pointer -funroll-loops compilation failed to produce executable
FAIL: libgomp.fortran/appendix-a/a.2.1.f90 -O3 -fomit-frame-pointer -funroll-all-loops -finline-functions (test for excess errors)
WARNING: libgomp.fortran/appendix-a/a.2.1.f90 -O3 -fomit-frame-pointer -funroll-all-loops -finline-functions compilation failed to produce executable
FAIL: libgomp.fortran/appendix-a/a.2.1.f90 -O3 -g (test for excess errors)
WARNING: libgomp.fortran/appendix-a/a.2.1.f90 -O3 -g compilation failed to produce executable
FAIL: libgomp.fortran/appendix-a/a.2.1.f90 -Os (test for excess errors)
WARNING: libgomp.fortran/appendix-a/a.2.1.f90 -Os compilation failed to produce executable
FAIL: libgomp.fortran/appendix-a/a.22.7.f90 -O0 (test for excess errors)
WARNING: libgomp.fortran/appendix-a/a.22.7.f90 -O0 compilation failed to produce executable
FAIL: libgomp.fortran/appendix-a/a.22.7.f90 -O1 (test for excess errors)
WARNING: libgomp.fortran/appendix-a/a.22.7.f90 -O1 compilation failed to produce executable
FAIL: libgomp.fortran/appendix-a/a.22.7.f90 -O2 (test for excess errors)
WARNING: libgomp.fortran/appendix-a/a.22.7.f90 -O2 compilation failed to produce executable
FAIL: libgomp.fortran/appendix-a/a.22.7.f90 -O3 -fomit-frame-pointer (test for excess errors)
WARNING: libgomp.fortran/appendix-a/a.22.7.f90 -O3 -fomit-frame-pointer compilation failed to produce executable
FAIL: libgomp.fortran/appendix-a/a.22.7.f90 -O3 -fomit-frame-pointer -funroll-loops (test for excess errors)
WARNING: libgomp.fortran/appendix-a/a.22.7.f90 -O3 -fomit-frame-pointer -funroll-loops compilation failed to produce executable
FAIL: libgomp.fortran/appendix-a/a.22.7.f90 -O3 -fomit-frame-pointer -funroll-all-loops -finline-functions (test for excess errors)
WARNING: libgomp.fortran/appendix-a/a.22.7.f90 -O3 -fomit-frame-pointer -funroll-all-loops -finline-functions compilation failed to produce executable
FAIL: libgomp.fortran/appendix-a/a.22.7.f90 -O3 -g (test for excess errors)
WARNING: libgomp.fortran/appendix-a/a.22.7.f90 -O3 -g compilation failed to produce executable
FAIL: libgomp.fortran/appendix-a/a.22.7.f90 -Os (test for excess errors)
WARNING: libgomp.fortran/appendix-a/a.22.7.f90 -Os compilation failed to produce executable
FAIL: libgomp.fortran/appendix-a/a.22.8.f90 -O0 (test for excess errors)
WARNING: libgomp.fortran/appendix-a/a.22.8.f90 -O0 compilation failed to produce executable
FAIL: libgomp.fortran/appendix-a/a.22.8.f90 -O1 (test for excess errors)
WARNING: libgomp.fortran/appendix-a/a.22.8.f90 -O1 compilation failed to produce executable
FAIL: libgomp.fortran/appendix-a/a.22.8.f90 -O2 (test for excess errors)
WARNING: libgomp.fortran/appendix-a/a.22.8.f90 -O2 compilation failed to produce executable
FAIL: libgomp.fortran/appendix-a/a.22.8.f90 -O3 -fomit-frame-pointer (test for excess errors)
WARNING: libgomp.fortran/appendix-a/a.22.8.f90 -O3 -fomit-frame-pointer compilation failed to produce executable
FAIL: libgomp.fortran/appendix-a/a.22.8.f90 -O3 -fomit-frame-pointer -funroll-loops (test for excess errors)
WARNING: libgomp.fortran/appendix-a/a.22.8.f90 -O3 -fomit-frame-pointer -funroll-loops compilation failed to produce executable
FAIL: libgomp.fortran/appendix-a/a.22.8.f90 -O3 -fomit-frame-pointer -funroll-all-loops -finline-functions (test for excess errors)
WARNING: libgomp.fortran/appendix-a/a.22.8.f90 -O3 -fomit-frame-pointer -funroll-all-loops -finline-functions compilation failed to produce executable
FAIL: libgomp.fortran/appendix-a/a.22.8.f90 -O3 -g (test for excess errors)
WARNING: libgomp.fortran/appendix-a/a.22.8.f90 -O3 -g compilation failed to produce executable
FAIL: libgomp.fortran/appendix-a/a.22.8.f90 -Os (test for excess errors)
WARNING: libgomp.fortran/appendix-a/a.22.8.f90 -Os compilation failed to produce executable
FAIL: libgomp.fortran/appendix-a/a.26.1.f90 -O0 (test for excess errors)
WARNING: libgomp.fortran/appendix-a/a.26.1.f90 -O0 compilation failed to produce executable
FAIL: libgomp.fortran/appendix-a/a.26.1.f90 -O1 (test for excess errors)
WARNING: libgomp.fortran/appendix-a/a.26.1.f90 -O1 compilation failed to produce executable
FAIL: libgomp.fortran/appendix-a/a.26.1.f90 -O2 (test for excess errors)
WARNING: libgomp.fortran/appendix-a/a.26.1.f90 -O2 compilation failed to produce executable
FAIL: libgomp.fortran/appendix-a/a.26.1.f90 -O3 -fomit-frame-pointer (test for excess errors)
WARNING: libgomp.fortran/appendix-a/a.26.1.f90 -O3 -fomit-frame-pointer compilation failed to produce executable
FAIL: libgomp.fortran/appendix-a/a.26.1.f90 -O3 -fomit-frame-pointer -funroll-loops (test for excess errors)
WARNING: libgomp.fortran/appendix-a/a.26.1.f90 -O3 -fomit-frame-pointer -funroll-loops compilation failed to produce executable
FAIL: libgomp.fortran/appendix-a/a.26.1.f90 -O3 -fomit-frame-pointer -funroll-all-loops -finline-functions (test for excess errors)
WARNING: libgomp.fortran/appendix-a/a.26.1.f90 -O3 -fomit-frame-pointer -funroll-all-loops -finline-functions compilation failed to produce executable
FAIL: libgomp.fortran/appendix-a/a.26.1.f90 -O3 -g (test for excess errors)
WARNING: libgomp.fortran/appendix-a/a.26.1.f90 -O3 -g compilation failed to produce executable
FAIL: libgomp.fortran/appendix-a/a.26.1.f90 -Os (test for excess errors)
WARNING: libgomp.fortran/appendix-a/a.26.1.f90 -Os compilation failed to produce executable
FAIL: libgomp.fortran/appendix-a/a.28.1.f90 -O0 (test for excess errors)
WARNING: libgomp.fortran/appendix-a/a.28.1.f90 -O0 compilation failed to produce executable
FAIL: libgomp.fortran/appendix-a/a.28.1.f90 -O1 (test for excess errors)
WARNING: libgomp.fortran/appendix-a/a.28.1.f90 -O1 compilation failed to produce executable
FAIL: libgomp.fortran/appendix-a/a.28.1.f90 -O2 (test for excess errors)
WARNING: libgomp.fortran/appendix-a/a.28.1.f90 -O2 compilation failed to produce executable
FAIL: libgomp.fortran/appendix-a/a.28.1.f90 -O3 -fomit-frame-pointer (test for excess errors)
WARNING: libgomp.fortran/appendix-a/a.28.1.f90 -O3 -fomit-frame-pointer compilation failed to produce executable
FAIL: libgomp.fortran/appendix-a/a.28.1.f90 -O3 -fomit-frame-pointer -funroll-loops (test for excess errors)
WARNING: libgomp.fortran/appendix-a/a.28.1.f90 -O3 -fomit-frame-pointer -funroll-loops compilation failed to produce executable
FAIL: libgomp.fortran/appendix-a/a.28.1.f90 -O3 -fomit-frame-pointer -funroll-all-loops -finline-functions (test for excess errors)
WARNING: libgomp.fortran/appendix-a/a.28.1.f90 -O3 -fomit-frame-pointer -funroll-all-loops -finline-functions compilation failed to produce executable
FAIL: libgomp.fortran/appendix-a/a.28.1.f90 -O3 -g (test for excess errors)
WARNING: libgomp.fortran/appendix-a/a.28.1.f90 -O3 -g compilation failed to produce executable
FAIL: libgomp.fortran/appendix-a/a.28.1.f90 -Os (test for excess errors)
WARNING: libgomp.fortran/appendix-a/a.28.1.f90 -Os compilation failed to produce executable
FAIL: libgomp.fortran/appendix-a/a.28.2.f90 -O0 (test for excess errors)
WARNING: libgomp.fortran/appendix-a/a.28.2.f90 -O0 compilation failed to produce executable
FAIL: libgomp.fortran/appendix-a/a.28.2.f90 -O1 (test for excess errors)
WARNING: libgomp.fortran/appendix-a/a.28.2.f90 -O1 compilation failed to produce executable
FAIL: libgomp.fortran/appendix-a/a.28.2.f90 -O2 (test for excess errors)
WARNING: libgomp.fortran/appendix-a/a.28.2.f90 -O2 compilation failed to produce executable
FAIL: libgomp.fortran/appendix-a/a.28.2.f90 -O3 -fomit-frame-pointer (test for excess errors)
WARNING: libgomp.fortran/appendix-a/a.28.2.f90 -O3 -fomit-frame-pointer compilation failed to produce executable
FAIL: libgomp.fortran/appendix-a/a.28.2.f90 -O3 -fomit-frame-pointer -funroll-loops (test for excess errors)
WARNING: libgomp.fortran/appendix-a/a.28.2.f90 -O3 -fomit-frame-pointer -funroll-loops compilation failed to produce executable
FAIL: libgomp.fortran/appendix-a/a.28.2.f90 -O3 -fomit-frame-pointer -funroll-all-loops -finline-functions (test for excess errors)
WARNING: libgomp.fortran/appendix-a/a.28.2.f90 -O3 -fomit-frame-pointer -funroll-all-loops -finline-functions compilation failed to produce executable
FAIL: libgomp.fortran/appendix-a/a.28.2.f90 -O3 -g (test for excess errors)
WARNING: libgomp.fortran/appendix-a/a.28.2.f90 -O3 -g compilation failed to produce executable
FAIL: libgomp.fortran/appendix-a/a.28.2.f90 -Os (test for excess errors)
WARNING: libgomp.fortran/appendix-a/a.28.2.f90 -Os compilation failed to produce executable
FAIL: libgomp.fortran/appendix-a/a.28.3.f90 -O0 (test for excess errors)
WARNING: libgomp.fortran/appendix-a/a.28.3.f90 -O0 compilation failed to produce executable
FAIL: libgomp.fortran/appendix-a/a.28.3.f90 -O1 (test for excess errors)
WARNING: libgomp.fortran/appendix-a/a.28.3.f90 -O1 compilation failed to produce executable
FAIL: libgomp.fortran/appendix-a/a.28.3.f90 -O2 (test for excess errors)
WARNING: libgomp.fortran/appendix-a/a.28.3.f90 -O2 compilation failed to produce executable
FAIL: libgomp.fortran/appendix-a/a.28.3.f90 -O3 -fomit-frame-pointer (test for excess errors)
WARNING: libgomp.fortran/appendix-a/a.28.3.f90 -O3 -fomit-frame-pointer compilation failed to produce executable
FAIL: libgomp.fortran/appendix-a/a.28.3.f90 -O3 -fomit-frame-pointer -funroll-loops (test for excess errors)
WARNING: libgomp.fortran/appendix-a/a.28.3.f90 -O3 -fomit-frame-pointer -funroll-loops compilation failed to produce executable
FAIL: libgomp.fortran/appendix-a/a.28.3.f90 -O3 -fomit-frame-pointer -funroll-all-loops -finline-functions (test for excess errors)
WARNING: libgomp.fortran/appendix-a/a.28.3.f90 -O3 -fomit-frame-pointer -funroll-all-loops -finline-functions compilation failed to produce executable
FAIL: libgomp.fortran/appendix-a/a.28.3.f90 -O3 -g (test for excess errors)
WARNING: libgomp.fortran/appendix-a/a.28.3.f90 -O3 -g compilation failed to produce executable
FAIL: libgomp.fortran/appendix-a/a.28.3.f90 -Os (test for excess errors)
WARNING: libgomp.fortran/appendix-a/a.28.3.f90 -Os compilation failed to produce executable
FAIL: libgomp.fortran/appendix-a/a.28.4.f90 -O0 (test for excess errors)
WARNING: libgomp.fortran/appendix-a/a.28.4.f90 -O0 compilation failed to produce executable
FAIL: libgomp.fortran/appendix-a/a.28.4.f90 -O1 (test for excess errors)
WARNING: libgomp.fortran/appendix-a/a.28.4.f90 -O1 compilation failed to produce executable
FAIL: libgomp.fortran/appendix-a/a.28.4.f90 -O2 (test for excess errors)
WARNING: libgomp.fortran/appendix-a/a.28.4.f90 -O2 compilation failed to produce executable
FAIL: libgomp.fortran/appendix-a/a.28.4.f90 -O3 -fomit-frame-pointer (test for excess errors)
WARNING: libgomp.fortran/appendix-a/a.28.4.f90 -O3 -fomit-frame-pointer compilation failed to produce executable
FAIL: libgomp.fortran/appendix-a/a.28.4.f90 -O3 -fomit-frame-pointer -funroll-loops (test for excess errors)
WARNING: libgomp.fortran/appendix-a/a.28.4.f90 -O3 -fomit-frame-pointer -funroll-loops compilation failed to produce executable
FAIL: libgomp.fortran/appendix-a/a.28.4.f90 -O3 -fomit-frame-pointer -funroll-all-loops -finline-functions (test for excess errors)
WARNING: libgomp.fortran/appendix-a/a.28.4.f90 -O3 -fomit-frame-pointer -funroll-all-loops -finline-functions compilation failed to produce executable
FAIL: libgomp.fortran/appendix-a/a.28.4.f90 -O3 -g (test for excess errors)
WARNING: libgomp.fortran/appendix-a/a.28.4.f90 -O3 -g compilation failed to produce executable
FAIL: libgomp.fortran/appendix-a/a.28.4.f90 -Os (test for excess errors)
WARNING: libgomp.fortran/appendix-a/a.28.4.f90 -Os compilation failed to produce executable
FAIL: libgomp.fortran/appendix-a/a.3.1.f90 -O0 (test for excess errors)
WARNING: libgomp.fortran/appendix-a/a.3.1.f90 -O0 compilation failed to produce executable
FAIL: libgomp.fortran/appendix-a/a.3.1.f90 -O1 (test for excess errors)
WARNING: libgomp.fortran/appendix-a/a.3.1.f90 -O1 compilation failed to produce executable
FAIL: libgomp.fortran/appendix-a/a.3.1.f90 -O2 (test for excess errors)
WARNING: libgomp.fortran/appendix-a/a.3.1.f90 -O2 compilation failed to produce executable
FAIL: libgomp.fortran/appendix-a/a.3.1.f90 -O3 -fomit-frame-pointer (test for excess errors)
WARNING: libgomp.fortran/appendix-a/a.3.1.f90 -O3 -fomit-frame-pointer compilation failed to produce executable
FAIL: libgomp.fortran/appendix-a/a.3.1.f90 -O3 -fomit-frame-pointer -funroll-loops (test for excess errors)
WARNING: libgomp.fortran/appendix-a/a.3.1.f90 -O3 -fomit-frame-pointer -funroll-loops compilation failed to produce executable
FAIL: libgomp.fortran/appendix-a/a.3.1.f90 -O3 -fomit-frame-pointer -funroll-all-loops -finline-functions (test for excess errors)
WARNING: libgomp.fortran/appendix-a/a.3.1.f90 -O3 -fomit-frame-pointer -funroll-all-loops -finline-functions compilation failed to produce executable
FAIL: libgomp.fortran/appendix-a/a.3.1.f90 -O3 -g (test for excess errors)
WARNING: libgomp.fortran/appendix-a/a.3.1.f90 -O3 -g compilation failed to produce executable
FAIL: libgomp.fortran/appendix-a/a.3.1.f90 -Os (test for excess errors)
WARNING: libgomp.fortran/appendix-a/a.3.1.f90 -Os compilation failed to produce executable
FAIL: libgomp.fortran/appendix-a/a.31.4.f90 -O0 (test for excess errors)
WARNING: libgomp.fortran/appendix-a/a.31.4.f90 -O0 compilation failed to produce executable
FAIL: libgomp.fortran/appendix-a/a.31.4.f90 -O1 (test for excess errors)
WARNING: libgomp.fortran/appendix-a/a.31.4.f90 -O1 compilation failed to produce executable
FAIL: libgomp.fortran/appendix-a/a.31.4.f90 -O2 (test for excess errors)
WARNING: libgomp.fortran/appendix-a/a.31.4.f90 -O2 compilation failed to produce executable
FAIL: libgomp.fortran/appendix-a/a.31.4.f90 -O3 -fomit-frame-pointer (test for excess errors)
WARNING: libgomp.fortran/appendix-a/a.31.4.f90 -O3 -fomit-frame-pointer compilation failed to produce executable
FAIL: libgomp.fortran/appendix-a/a.31.4.f90 -O3 -fomit-frame-pointer -funroll-loops (test for excess errors)
WARNING: libgomp.fortran/appendix-a/a.31.4.f90 -O3 -fomit-frame-pointer -funroll-loops compilation failed to produce executable
FAIL: libgomp.fortran/appendix-a/a.31.4.f90 -O3 -fomit-frame-pointer -funroll-all-loops -finline-functions (test for excess errors)
WARNING: libgomp.fortran/appendix-a/a.31.4.f90 -O3 -fomit-frame-pointer -funroll-all-loops -finline-functions compilation failed to produce executable
FAIL: libgomp.fortran/appendix-a/a.31.4.f90 -O3 -g (test for excess errors)
WARNING: libgomp.fortran/appendix-a/a.31.4.f90 -O3 -g compilation failed to produce executable
FAIL: libgomp.fortran/appendix-a/a.31.4.f90 -Os (test for excess errors)
WARNING: libgomp.fortran/appendix-a/a.31.4.f90 -Os compilation failed to produce executable
FAIL: libgomp.fortran/appendix-a/a.31.5.f90 -O0 (test for excess errors)
WARNING: libgomp.fortran/appendix-a/a.31.5.f90 -O0 compilation failed to produce executable
FAIL: libgomp.fortran/appendix-a/a.31.5.f90 -O1 (test for excess errors)
WARNING: libgomp.fortran/appendix-a/a.31.5.f90 -O1 compilation failed to produce executable
FAIL: libgomp.fortran/appendix-a/a.31.5.f90 -O2 (test for excess errors)
WARNING: libgomp.fortran/appendix-a/a.31.5.f90 -O2 compilation failed to produce executable
FAIL: libgomp.fortran/appendix-a/a.31.5.f90 -O3 -fomit-frame-pointer (test for excess errors)
WARNING: libgomp.fortran/appendix-a/a.31.5.f90 -O3 -fomit-frame-pointer compilation failed to produce executable
FAIL: libgomp.fortran/appendix-a/a.31.5.f90 -O3 -fomit-frame-pointer -funroll-loops (test for excess errors)
WARNING: libgomp.fortran/appendix-a/a.31.5.f90 -O3 -fomit-frame-pointer -funroll-loops compilation failed to produce executable
FAIL: libgomp.fortran/appendix-a/a.31.5.f90 -O3 -fomit-frame-pointer -funroll-all-loops -finline-functions (test for excess errors)
WARNING: libgomp.fortran/appendix-a/a.31.5.f90 -O3 -fomit-frame-pointer -funroll-all-loops -finline-functions compilation failed to produce executable
FAIL: libgomp.fortran/appendix-a/a.31.5.f90 -O3 -g (test for excess errors)
WARNING: libgomp.fortran/appendix-a/a.31.5.f90 -O3 -g compilation failed to produce executable
FAIL: libgomp.fortran/appendix-a/a.31.5.f90 -Os (test for excess errors)
WARNING: libgomp.fortran/appendix-a/a.31.5.f90 -Os compilation failed to produce executable
FAIL: libgomp.fortran/appendix-a/a.39.1.f90 -O0 (test for excess errors)
WARNING: libgomp.fortran/appendix-a/a.39.1.f90 -O0 compilation failed to produce executable
FAIL: libgomp.fortran/appendix-a/a.39.1.f90 -O1 (test for excess errors)
WARNING: libgomp.fortran/appendix-a/a.39.1.f90 -O1 compilation failed to produce executable
FAIL: libgomp.fortran/appendix-a/a.39.1.f90 -O2 (test for excess errors)
WARNING: libgomp.fortran/appendix-a/a.39.1.f90 -O2 compilation failed to produce executable
FAIL: libgomp.fortran/appendix-a/a.39.1.f90 -O3 -fomit-frame-pointer (test for excess errors)
WARNING: libgomp.fortran/appendix-a/a.39.1.f90 -O3 -fomit-frame-pointer compilation failed to produce executable
FAIL: libgomp.fortran/appendix-a/a.39.1.f90 -O3 -fomit-frame-pointer -funroll-loops (test for excess errors)
WARNING: libgomp.fortran/appendix-a/a.39.1.f90 -O3 -fomit-frame-pointer -funroll-loops compilation failed to produce executable
FAIL: libgomp.fortran/appendix-a/a.39.1.f90 -O3 -fomit-frame-pointer -funroll-all-loops -finline-functions (test for excess errors)
WARNING: libgomp.fortran/appendix-a/a.39.1.f90 -O3 -fomit-frame-pointer -funroll-all-loops -finline-functions compilation failed to produce executable
FAIL: libgomp.fortran/appendix-a/a.39.1.f90 -O3 -g (test for excess errors)
WARNING: libgomp.fortran/appendix-a/a.39.1.f90 -O3 -g compilation failed to produce executable
FAIL: libgomp.fortran/appendix-a/a.39.1.f90 -Os (test for excess errors)
WARNING: libgomp.fortran/appendix-a/a.39.1.f90 -Os compilation failed to produce executable
FAIL: libgomp.fortran/appendix-a/a.4.1.f90 -O0 (test for excess errors)
WARNING: libgomp.fortran/appendix-a/a.4.1.f90 -O0 compilation failed to produce executable
FAIL: libgomp.fortran/appendix-a/a.4.1.f90 -O1 (test for excess errors)
WARNING: libgomp.fortran/appendix-a/a.4.1.f90 -O1 compilation failed to produce executable
FAIL: libgomp.fortran/appendix-a/a.4.1.f90 -O2 (test for excess errors)
WARNING: libgomp.fortran/appendix-a/a.4.1.f90 -O2 compilation failed to produce executable
FAIL: libgomp.fortran/appendix-a/a.4.1.f90 -O3 -fomit-frame-pointer (test for excess errors)
WARNING: libgomp.fortran/appendix-a/a.4.1.f90 -O3 -fomit-frame-pointer compilation failed to produce executable
FAIL: libgomp.fortran/appendix-a/a.4.1.f90 -O3 -fomit-frame-pointer -funroll-loops (test for excess errors)
WARNING: libgomp.fortran/appendix-a/a.4.1.f90 -O3 -fomit-frame-pointer -funroll-loops compilation failed to produce executable
FAIL: libgomp.fortran/appendix-a/a.4.1.f90 -O3 -fomit-frame-pointer -funroll-all-loops -finline-functions (test for excess errors)
WARNING: libgomp.fortran/appendix-a/a.4.1.f90 -O3 -fomit-frame-pointer -funroll-all-loops -finline-functions compilation failed to produce executable
FAIL: libgomp.fortran/appendix-a/a.4.1.f90 -O3 -g (test for excess errors)
WARNING: libgomp.fortran/appendix-a/a.4.1.f90 -O3 -g compilation failed to produce executable
FAIL: libgomp.fortran/appendix-a/a.4.1.f90 -Os (test for excess errors)
WARNING: libgomp.fortran/appendix-a/a.4.1.f90 -Os compilation failed to produce executable
FAIL: libgomp.fortran/appendix-a/a.5.1.f90 -O0 (test for excess errors)
WARNING: libgomp.fortran/appendix-a/a.5.1.f90 -O0 compilation failed to produce executable
FAIL: libgomp.fortran/appendix-a/a.5.1.f90 -O1 (test for excess errors)
WARNING: libgomp.fortran/appendix-a/a.5.1.f90 -O1 compilation failed to produce executable
FAIL: libgomp.fortran/appendix-a/a.5.1.f90 -O2 (test for excess errors)
WARNING: libgomp.fortran/appendix-a/a.5.1.f90 -O2 compilation failed to produce executable
FAIL: libgomp.fortran/appendix-a/a.5.1.f90 -O3 -fomit-frame-pointer (test for excess errors)
WARNING: libgomp.fortran/appendix-a/a.5.1.f90 -O3 -fomit-frame-pointer compilation failed to produce executable
FAIL: libgomp.fortran/appendix-a/a.5.1.f90 -O3 -fomit-frame-pointer -funroll-loops (test for excess errors)
WARNING: libgomp.fortran/appendix-a/a.5.1.f90 -O3 -fomit-frame-pointer -funroll-loops compilation failed to produce executable
FAIL: libgomp.fortran/appendix-a/a.5.1.f90 -O3 -fomit-frame-pointer -funroll-all-loops -finline-functions (test for excess errors)
WARNING: libgomp.fortran/appendix-a/a.5.1.f90 -O3 -fomit-frame-pointer -funroll-all-loops -finline-functions compilation failed to produce executable
FAIL: libgomp.fortran/appendix-a/a.5.1.f90 -O3 -g (test for excess errors)
WARNING: libgomp.fortran/appendix-a/a.5.1.f90 -O3 -g compilation failed to produce executable
FAIL: libgomp.fortran/appendix-a/a.5.1.f90 -Os (test for excess errors)
WARNING: libgomp.fortran/appendix-a/a.5.1.f90 -Os compilation failed to produce executable
FAIL: libgomp.fortran/appendix-a/a10.1.f90 -O0 (test for excess errors)
WARNING: libgomp.fortran/appendix-a/a10.1.f90 -O0 compilation failed to produce executable
FAIL: libgomp.fortran/appendix-a/a10.1.f90 -O1 (test for excess errors)
WARNING: libgomp.fortran/appendix-a/a10.1.f90 -O1 compilation failed to produce executable
FAIL: libgomp.fortran/appendix-a/a10.1.f90 -O2 (test for excess errors)
WARNING: libgomp.fortran/appendix-a/a10.1.f90 -O2 compilation failed to produce executable
FAIL: libgomp.fortran/appendix-a/a10.1.f90 -O3 -fomit-frame-pointer (test for excess errors)
WARNING: libgomp.fortran/appendix-a/a10.1.f90 -O3 -fomit-frame-pointer compilation failed to produce executable
FAIL: libgomp.fortran/appendix-a/a10.1.f90 -O3 -fomit-frame-pointer -funroll-loops (test for excess errors)
WARNING: libgomp.fortran/appendix-a/a10.1.f90 -O3 -fomit-frame-pointer -funroll-loops compilation failed to produce executable
FAIL: libgomp.fortran/appendix-a/a10.1.f90 -O3 -fomit-frame-pointer -funroll-all-loops -finline-functions (test for excess errors)
WARNING: libgomp.fortran/appendix-a/a10.1.f90 -O3 -fomit-frame-pointer -funroll-all-loops -finline-functions compilation failed to produce executable
FAIL: libgomp.fortran/appendix-a/a10.1.f90 -O3 -g (test for excess errors)
WARNING: libgomp.fortran/appendix-a/a10.1.f90 -O3 -g compilation failed to produce executable
FAIL: libgomp.fortran/appendix-a/a10.1.f90 -Os (test for excess errors)
WARNING: libgomp.fortran/appendix-a/a10.1.f90 -Os compilation failed to produce executable
FAIL: libgomp.fortran/character1.f90 -O0 (test for excess errors)
WARNING: libgomp.fortran/character1.f90 -O0 compilation failed to produce executable
FAIL: libgomp.fortran/character1.f90 -O1 (test for excess errors)
WARNING: libgomp.fortran/character1.f90 -O1 compilation failed to produce executable
FAIL: libgomp.fortran/character1.f90 -O2 (test for excess errors)
WARNING: libgomp.fortran/character1.f90 -O2 compilation failed to produce executable
FAIL: libgomp.fortran/character1.f90 -O3 -fomit-frame-pointer (test for excess errors)
WARNING: libgomp.fortran/character1.f90 -O3 -fomit-frame-pointer compilation failed to produce executable
FAIL: libgomp.fortran/character1.f90 -O3 -fomit-frame-pointer -funroll-loops (test for excess errors)
WARNING: libgomp.fortran/character1.f90 -O3 -fomit-frame-pointer -funroll-loops compilation failed to produce executable
FAIL: libgomp.fortran/character1.f90 -O3 -fomit-frame-pointer -funroll-all-loops -finline-functions (test for excess errors)
WARNING: libgomp.fortran/character1.f90 -O3 -fomit-frame-pointer -funroll-all-loops -finline-functions compilation failed to produce executable
FAIL: libgomp.fortran/character1.f90 -O3 -g (test for excess errors)
WARNING: libgomp.fortran/character1.f90 -O3 -g compilation failed to produce executable
FAIL: libgomp.fortran/character1.f90 -Os (test for excess errors)
WARNING: libgomp.fortran/character1.f90 -Os compilation failed to produce executable
FAIL: libgomp.fortran/character2.f90 -O0 (test for excess errors)
WARNING: libgomp.fortran/character2.f90 -O0 compilation failed to produce executable
FAIL: libgomp.fortran/character2.f90 -O1 (test for excess errors)
WARNING: libgomp.fortran/character2.f90 -O1 compilation failed to produce executable
FAIL: libgomp.fortran/character2.f90 -O2 (test for excess errors)
WARNING: libgomp.fortran/character2.f90 -O2 compilation failed to produce executable
FAIL: libgomp.fortran/character2.f90 -O3 -fomit-frame-pointer (test for excess errors)
WARNING: libgomp.fortran/character2.f90 -O3 -fomit-frame-pointer compilation failed to produce executable
FAIL: libgomp.fortran/character2.f90 -O3 -fomit-frame-pointer -funroll-loops (test for excess errors)
WARNING: libgomp.fortran/character2.f90 -O3 -fomit-frame-pointer -funroll-loops compilation failed to produce executable
FAIL: libgomp.fortran/character2.f90 -O3 -fomit-frame-pointer -funroll-all-loops -finline-functions (test for excess errors)
WARNING: libgomp.fortran/character2.f90 -O3 -fomit-frame-pointer -funroll-all-loops -finline-functions compilation failed to produce executable
FAIL: libgomp.fortran/character2.f90 -O3 -g (test for excess errors)
WARNING: libgomp.fortran/character2.f90 -O3 -g compilation failed to produce executable
FAIL: libgomp.fortran/character2.f90 -Os (test for excess errors)
WARNING: libgomp.fortran/character2.f90 -Os compilation failed to produce executable
FAIL: libgomp.fortran/crayptr1.f90 -O0 (test for excess errors)
WARNING: libgomp.fortran/crayptr1.f90 -O0 compilation failed to produce executable
FAIL: libgomp.fortran/crayptr1.f90 -O1 (test for excess errors)
WARNING: libgomp.fortran/crayptr1.f90 -O1 compilation failed to produce executable
FAIL: libgomp.fortran/crayptr1.f90 -O2 (test for excess errors)
WARNING: libgomp.fortran/crayptr1.f90 -O2 compilation failed to produce executable
FAIL: libgomp.fortran/crayptr1.f90 -O3 -fomit-frame-pointer (test for excess errors)
WARNING: libgomp.fortran/crayptr1.f90 -O3 -fomit-frame-pointer compilation failed to produce executable
FAIL: libgomp.fortran/crayptr1.f90 -O3 -fomit-frame-pointer -funroll-loops (test for excess errors)
WARNING: libgomp.fortran/crayptr1.f90 -O3 -fomit-frame-pointer -funroll-loops compilation failed to produce executable
FAIL: libgomp.fortran/crayptr1.f90 -O3 -fomit-frame-pointer -funroll-all-loops -finline-functions (test for excess errors)
WARNING: libgomp.fortran/crayptr1.f90 -O3 -fomit-frame-pointer -funroll-all-loops -finline-functions compilation failed to produce executable
FAIL: libgomp.fortran/crayptr1.f90 -O3 -g (test for excess errors)
WARNING: libgomp.fortran/crayptr1.f90 -O3 -g compilation failed to produce executable
FAIL: libgomp.fortran/crayptr1.f90 -Os (test for excess errors)
WARNING: libgomp.fortran/crayptr1.f90 -Os compilation failed to produce executable
FAIL: libgomp.fortran/do1.f90 -O0 (test for excess errors)
WARNING: libgomp.fortran/do1.f90 -O0 compilation failed to produce executable
FAIL: libgomp.fortran/do1.f90 -O1 (test for excess errors)
WARNING: libgomp.fortran/do1.f90 -O1 compilation failed to produce executable
FAIL: libgomp.fortran/do1.f90 -O2 (test for excess errors)
WARNING: libgomp.fortran/do1.f90 -O2 compilation failed to produce executable
FAIL: libgomp.fortran/do1.f90 -O3 -fomit-frame-pointer (test for excess errors)
WARNING: libgomp.fortran/do1.f90 -O3 -fomit-frame-pointer compilation failed to produce executable
FAIL: libgomp.fortran/do1.f90 -O3 -fomit-frame-pointer -funroll-loops (test for excess errors)
WARNING: libgomp.fortran/do1.f90 -O3 -fomit-frame-pointer -funroll-loops compilation failed to produce executable
FAIL: libgomp.fortran/do1.f90 -O3 -fomit-frame-pointer -funroll-all-loops -finline-functions (test for excess errors)
WARNING: libgomp.fortran/do1.f90 -O3 -fomit-frame-pointer -funroll-all-loops -finline-functions compilation failed to produce executable
FAIL: libgomp.fortran/do1.f90 -O3 -g (test for excess errors)
WARNING: libgomp.fortran/do1.f90 -O3 -g compilation failed to produce executable
FAIL: libgomp.fortran/do1.f90 -Os (test for excess errors)
WARNING: libgomp.fortran/do1.f90 -Os compilation failed to produce executable
FAIL: libgomp.fortran/do2.f90 -O0 (test for excess errors)
WARNING: libgomp.fortran/do2.f90 -O0 compilation failed to produce executable
FAIL: libgomp.fortran/do2.f90 -O1 (test for excess errors)
WARNING: libgomp.fortran/do2.f90 -O1 compilation failed to produce executable
FAIL: libgomp.fortran/do2.f90 -O2 (test for excess errors)
WARNING: libgomp.fortran/do2.f90 -O2 compilation failed to produce executable
FAIL: libgomp.fortran/do2.f90 -O3 -fomit-frame-pointer (test for excess errors)
WARNING: libgomp.fortran/do2.f90 -O3 -fomit-frame-pointer compilation failed to produce executable
FAIL: libgomp.fortran/do2.f90 -O3 -fomit-frame-pointer -funroll-loops (test for excess errors)
WARNING: libgomp.fortran/do2.f90 -O3 -fomit-frame-pointer -funroll-loops compilation failed to produce executable
FAIL: libgomp.fortran/do2.f90 -O3 -fomit-frame-pointer -funroll-all-loops -finline-functions (test for excess errors)
WARNING: libgomp.fortran/do2.f90 -O3 -fomit-frame-pointer -funroll-all-loops -finline-functions compilation failed to produce executable
FAIL: libgomp.fortran/do2.f90 -O3 -g (test for excess errors)
WARNING: libgomp.fortran/do2.f90 -O3 -g compilation failed to produce executable
FAIL: libgomp.fortran/do2.f90 -Os (test for excess errors)
WARNING: libgomp.fortran/do2.f90 -Os compilation failed to produce executable
FAIL: libgomp.fortran/jacobi.f -O0 (test for excess errors)
WARNING: libgomp.fortran/jacobi.f -O0 compilation failed to produce executable
FAIL: libgomp.fortran/jacobi.f -O1 (test for excess errors)
WARNING: libgomp.fortran/jacobi.f -O1 compilation failed to produce executable
FAIL: libgomp.fortran/jacobi.f -O2 (test for excess errors)
WARNING: libgomp.fortran/jacobi.f -O2 compilation failed to produce executable
FAIL: libgomp.fortran/jacobi.f -O3 -fomit-frame-pointer (test for excess errors)
WARNING: libgomp.fortran/jacobi.f -O3 -fomit-frame-pointer compilation failed to produce executable
FAIL: libgomp.fortran/jacobi.f -O3 -fomit-frame-pointer -funroll-loops (test for excess errors)
WARNING: libgomp.fortran/jacobi.f -O3 -fomit-frame-pointer -funroll-loops compilation failed to produce executable
FAIL: libgomp.fortran/jacobi.f -O3 -fomit-frame-pointer -funroll-all-loops -finline-functions (test for excess errors)
WARNING: libgomp.fortran/jacobi.f -O3 -fomit-frame-pointer -funroll-all-loops -finline-functions compilation failed to produce executable
FAIL: libgomp.fortran/jacobi.f -O3 -g (test for excess errors)
WARNING: libgomp.fortran/jacobi.f -O3 -g compilation failed to produce executable
FAIL: libgomp.fortran/jacobi.f -Os (test for excess errors)
WARNING: libgomp.fortran/jacobi.f -Os compilation failed to produce executable
FAIL: libgomp.fortran/lib1.f90 -O0 (test for excess errors)
WARNING: libgomp.fortran/lib1.f90 -O0 compilation failed to produce executable
FAIL: libgomp.fortran/lib1.f90 -O1 (test for excess errors)
WARNING: libgomp.fortran/lib1.f90 -O1 compilation failed to produce executable
FAIL: libgomp.fortran/lib1.f90 -O2 (test for excess errors)
WARNING: libgomp.fortran/lib1.f90 -O2 compilation failed to produce executable
FAIL: libgomp.fortran/lib1.f90 -O3 -fomit-frame-pointer (test for excess errors)
WARNING: libgomp.fortran/lib1.f90 -O3 -fomit-frame-pointer compilation failed to produce executable
FAIL: libgomp.fortran/lib1.f90 -O3 -fomit-frame-pointer -funroll-loops (test for excess errors)
WARNING: libgomp.fortran/lib1.f90 -O3 -fomit-frame-pointer -funroll-loops compilation failed to produce executable
FAIL: libgomp.fortran/lib1.f90 -O3 -fomit-frame-pointer -funroll-all-loops -finline-functions (test for excess errors)
WARNING: libgomp.fortran/lib1.f90 -O3 -fomit-frame-pointer -funroll-all-loops -finline-functions compilation failed to produce executable
FAIL: libgomp.fortran/lib1.f90 -O3 -g (test for excess errors)
WARNING: libgomp.fortran/lib1.f90 -O3 -g compilation failed to produce executable
FAIL: libgomp.fortran/lib1.f90 -Os (test for excess errors)
WARNING: libgomp.fortran/lib1.f90 -Os compilation failed to produce executable
FAIL: libgomp.fortran/lib2.f -O0 (test for excess errors)
WARNING: libgomp.fortran/lib2.f -O0 compilation failed to produce executable
FAIL: libgomp.fortran/lib2.f -O1 (test for excess errors)
WARNING: libgomp.fortran/lib2.f -O1 compilation failed to produce executable
FAIL: libgomp.fortran/lib2.f -O2 (test for excess errors)
WARNING: libgomp.fortran/lib2.f -O2 compilation failed to produce executable
FAIL: libgomp.fortran/lib2.f -O3 -fomit-frame-pointer (test for excess errors)
WARNING: libgomp.fortran/lib2.f -O3 -fomit-frame-pointer compilation failed to produce executable
FAIL: libgomp.fortran/lib2.f -O3 -fomit-frame-pointer -funroll-loops (test for excess errors)
WARNING: libgomp.fortran/lib2.f -O3 -fomit-frame-pointer -funroll-loops compilation failed to produce executable
FAIL: libgomp.fortran/lib2.f -O3 -fomit-frame-pointer -funroll-all-loops -finline-functions (test for excess errors)
WARNING: libgomp.fortran/lib2.f -O3 -fomit-frame-pointer -funroll-all-loops -finline-functions compilation failed to produce executable
FAIL: libgomp.fortran/lib2.f -O3 -g (test for excess errors)
WARNING: libgomp.fortran/lib2.f -O3 -g compilation failed to produce executable
FAIL: libgomp.fortran/lib2.f -Os (test for excess errors)
WARNING: libgomp.fortran/lib2.f -Os compilation failed to produce executable
FAIL: libgomp.fortran/lib3.f -O0 (test for excess errors)
WARNING: libgomp.fortran/lib3.f -O0 compilation failed to produce executable
FAIL: libgomp.fortran/lib3.f -O1 (test for excess errors)
WARNING: libgomp.fortran/lib3.f -O1 compilation failed to produce executable
FAIL: libgomp.fortran/lib3.f -O2 (test for excess errors)
WARNING: libgomp.fortran/lib3.f -O2 compilation failed to produce executable
FAIL: libgomp.fortran/lib3.f -O3 -fomit-frame-pointer (test for excess errors)
WARNING: libgomp.fortran/lib3.f -O3 -fomit-frame-pointer compilation failed to produce executable
FAIL: libgomp.fortran/lib3.f -O3 -fomit-frame-pointer -funroll-loops (test for excess errors)
WARNING: libgomp.fortran/lib3.f -O3 -fomit-frame-pointer -funroll-loops compilation failed to produce executable
FAIL: libgomp.fortran/lib3.f -O3 -fomit-frame-pointer -funroll-all-loops -finline-functions (test for excess errors)
WARNING: libgomp.fortran/lib3.f -O3 -fomit-frame-pointer -funroll-all-loops -finline-functions compilation failed to produce executable
FAIL: libgomp.fortran/lib3.f -O3 -g (test for excess errors)
WARNING: libgomp.fortran/lib3.f -O3 -g compilation failed to produce executable
FAIL: libgomp.fortran/lib3.f -Os (test for excess errors)
WARNING: libgomp.fortran/lib3.f -Os compilation failed to produce executable
FAIL: libgomp.fortran/nestedfn1.f90 -O0 (test for excess errors)
WARNING: libgomp.fortran/nestedfn1.f90 -O0 compilation failed to produce executable
FAIL: libgomp.fortran/nestedfn1.f90 -O1 (test for excess errors)
WARNING: libgomp.fortran/nestedfn1.f90 -O1 compilation failed to produce executable
FAIL: libgomp.fortran/nestedfn1.f90 -O2 (test for excess errors)
WARNING: libgomp.fortran/nestedfn1.f90 -O2 compilation failed to produce executable
FAIL: libgomp.fortran/nestedfn1.f90 -O3 -fomit-frame-pointer (test for excess errors)
WARNING: libgomp.fortran/nestedfn1.f90 -O3 -fomit-frame-pointer compilation failed to produce executable
FAIL: libgomp.fortran/nestedfn1.f90 -O3 -fomit-frame-pointer -funroll-loops (test for excess errors)
WARNING: libgomp.fortran/nestedfn1.f90 -O3 -fomit-frame-pointer -funroll-loops compilation failed to produce executable
FAIL: libgomp.fortran/nestedfn1.f90 -O3 -fomit-frame-pointer -funroll-all-loops -finline-functions (test for excess errors)
WARNING: libgomp.fortran/nestedfn1.f90 -O3 -fomit-frame-pointer -funroll-all-loops -finline-functions compilation failed to produce executable
FAIL: libgomp.fortran/nestedfn1.f90 -O3 -g (test for excess errors)
WARNING: libgomp.fortran/nestedfn1.f90 -O3 -g compilation failed to produce executable
FAIL: libgomp.fortran/nestedfn1.f90 -Os (test for excess errors)
WARNING: libgomp.fortran/nestedfn1.f90 -Os compilation failed to produce executable
FAIL: libgomp.fortran/nestedfn2.f90 -O0 (test for excess errors)
WARNING: libgomp.fortran/nestedfn2.f90 -O0 compilation failed to produce executable
FAIL: libgomp.fortran/nestedfn2.f90 -O1 (test for excess errors)
WARNING: libgomp.fortran/nestedfn2.f90 -O1 compilation failed to produce executable
FAIL: libgomp.fortran/nestedfn2.f90 -O2 (test for excess errors)
WARNING: libgomp.fortran/nestedfn2.f90 -O2 compilation failed to produce executable
FAIL: libgomp.fortran/nestedfn2.f90 -O3 -fomit-frame-pointer (test for excess errors)
WARNING: libgomp.fortran/nestedfn2.f90 -O3 -fomit-frame-pointer compilation failed to produce executable
FAIL: libgomp.fortran/nestedfn2.f90 -O3 -fomit-frame-pointer -funroll-loops (test for excess errors)
WARNING: libgomp.fortran/nestedfn2.f90 -O3 -fomit-frame-pointer -funroll-loops compilation failed to produce executable
FAIL: libgomp.fortran/nestedfn2.f90 -O3 -fomit-frame-pointer -funroll-all-loops -finline-functions (test for excess errors)
WARNING: libgomp.fortran/nestedfn2.f90 -O3 -fomit-frame-pointer -funroll-all-loops -finline-functions compilation failed to produce executable
FAIL: libgomp.fortran/nestedfn2.f90 -O3 -g (test for excess errors)
WARNING: libgomp.fortran/nestedfn2.f90 -O3 -g compilation failed to produce executable
FAIL: libgomp.fortran/nestedfn2.f90 -Os (test for excess errors)
WARNING: libgomp.fortran/nestedfn2.f90 -Os compilation failed to produce executable
FAIL: libgomp.fortran/omp_atomic1.f90 -O0 (test for excess errors)
WARNING: libgomp.fortran/omp_atomic1.f90 -O0 compilation failed to produce executable
FAIL: libgomp.fortran/omp_atomic1.f90 -O1 (test for excess errors)
WARNING: libgomp.fortran/omp_atomic1.f90 -O1 compilation failed to produce executable
FAIL: libgomp.fortran/omp_atomic1.f90 -O2 (test for excess errors)
WARNING: libgomp.fortran/omp_atomic1.f90 -O2 compilation failed to produce executable
FAIL: libgomp.fortran/omp_atomic1.f90 -O3 -fomit-frame-pointer (test for excess errors)
WARNING: libgomp.fortran/omp_atomic1.f90 -O3 -fomit-frame-pointer compilation failed to produce executable
FAIL: libgomp.fortran/omp_atomic1.f90 -O3 -fomit-frame-pointer -funroll-loops (test for excess errors)
WARNING: libgomp.fortran/omp_atomic1.f90 -O3 -fomit-frame-pointer -funroll-loops compilation failed to produce executable
FAIL: libgomp.fortran/omp_atomic1.f90 -O3 -fomit-frame-pointer -funroll-all-loops -finline-functions (test for excess errors)
WARNING: libgomp.fortran/omp_atomic1.f90 -O3 -fomit-frame-pointer -funroll-all-loops -finline-functions compilation failed to produce executable
FAIL: libgomp.fortran/omp_atomic1.f90 -O3 -g (test for excess errors)
WARNING: libgomp.fortran/omp_atomic1.f90 -O3 -g compilation failed to produce executable
FAIL: libgomp.fortran/omp_atomic1.f90 -Os (test for excess errors)
WARNING: libgomp.fortran/omp_atomic1.f90 -Os compilation failed to produce executable
FAIL: libgomp.fortran/omp_atomic2.f90 -O0 (test for excess errors)
WARNING: libgomp.fortran/omp_atomic2.f90 -O0 compilation failed to produce executable
FAIL: libgomp.fortran/omp_atomic2.f90 -O1 (test for excess errors)
WARNING: libgomp.fortran/omp_atomic2.f90 -O1 compilation failed to produce executable
FAIL: libgomp.fortran/omp_atomic2.f90 -O2 (test for excess errors)
WARNING: libgomp.fortran/omp_atomic2.f90 -O2 compilation failed to produce executable
FAIL: libgomp.fortran/omp_atomic2.f90 -O3 -fomit-frame-pointer (test for excess errors)
WARNING: libgomp.fortran/omp_atomic2.f90 -O3 -fomit-frame-pointer compilation failed to produce executable
FAIL: libgomp.fortran/omp_atomic2.f90 -O3 -fomit-frame-pointer -funroll-loops (test for excess errors)
WARNING: libgomp.fortran/omp_atomic2.f90 -O3 -fomit-frame-pointer -funroll-loops compilation failed to produce executable
FAIL: libgomp.fortran/omp_atomic2.f90 -O3 -fomit-frame-pointer -funroll-all-loops -finline-functions (test for excess errors)
WARNING: libgomp.fortran/omp_atomic2.f90 -O3 -fomit-frame-pointer -funroll-all-loops -finline-functions compilation failed to produce executable
FAIL: libgomp.fortran/omp_atomic2.f90 -O3 -g (test for excess errors)
WARNING: libgomp.fortran/omp_atomic2.f90 -O3 -g compilation failed to produce executable
FAIL: libgomp.fortran/omp_atomic2.f90 -Os (test for excess errors)
WARNING: libgomp.fortran/omp_atomic2.f90 -Os compilation failed to produce executable
FAIL: libgomp.fortran/omp_cond1.f -O (test for excess errors)
WARNING: libgomp.fortran/omp_cond1.f -O compilation failed to produce executable
FAIL: libgomp.fortran/omp_cond2.f -O (test for excess errors)
WARNING: libgomp.fortran/omp_cond2.f -O compilation failed to produce executable
FAIL: libgomp.fortran/omp_cond3.F90 -O (test for excess errors)
WARNING: libgomp.fortran/omp_cond3.F90 -O compilation failed to produce executable
FAIL: libgomp.fortran/omp_cond4.F90 -O (test for excess errors)
WARNING: libgomp.fortran/omp_cond4.F90 -O compilation failed to produce executable
FAIL: libgomp.fortran/omp_hello.f -O (test for excess errors)
WARNING: libgomp.fortran/omp_hello.f -O compilation failed to produce executable
FAIL: libgomp.fortran/omp_orphan.f -O (test for excess errors)
WARNING: libgomp.fortran/omp_orphan.f -O compilation failed to produce executable
FAIL: libgomp.fortran/omp_parse1.f90 -O0 (test for excess errors)
WARNING: libgomp.fortran/omp_parse1.f90 -O0 compilation failed to produce executable
FAIL: libgomp.fortran/omp_parse1.f90 -O1 (test for excess errors)
WARNING: libgomp.fortran/omp_parse1.f90 -O1 compilation failed to produce executable
FAIL: libgomp.fortran/omp_parse1.f90 -O2 (test for excess errors)
WARNING: libgomp.fortran/omp_parse1.f90 -O2 compilation failed to produce executable
FAIL: libgomp.fortran/omp_parse1.f90 -O3 -fomit-frame-pointer (test for excess errors)
WARNING: libgomp.fortran/omp_parse1.f90 -O3 -fomit-frame-pointer compilation failed to produce executable
FAIL: libgomp.fortran/omp_parse1.f90 -O3 -fomit-frame-pointer -funroll-loops (test for excess errors)
WARNING: libgomp.fortran/omp_parse1.f90 -O3 -fomit-frame-pointer -funroll-loops compilation failed to produce executable
FAIL: libgomp.fortran/omp_parse1.f90 -O3 -fomit-frame-pointer -funroll-all-loops -finline-functions (test for excess errors)
WARNING: libgomp.fortran/omp_parse1.f90 -O3 -fomit-frame-pointer -funroll-all-loops -finline-functions compilation failed to produce executable
FAIL: libgomp.fortran/omp_parse1.f90 -O3 -g (test for excess errors)
WARNING: libgomp.fortran/omp_parse1.f90 -O3 -g compilation failed to produce executable
FAIL: libgomp.fortran/omp_parse1.f90 -Os (test for excess errors)
WARNING: libgomp.fortran/omp_parse1.f90 -Os compilation failed to produce executable
FAIL: libgomp.fortran/omp_parse2.f90 -O0 (test for excess errors)
WARNING: libgomp.fortran/omp_parse2.f90 -O0 compilation failed to produce executable
FAIL: libgomp.fortran/omp_parse2.f90 -O1 (test for excess errors)
WARNING: libgomp.fortran/omp_parse2.f90 -O1 compilation failed to produce executable
FAIL: libgomp.fortran/omp_parse2.f90 -O2 (test for excess errors)
WARNING: libgomp.fortran/omp_parse2.f90 -O2 compilation failed to produce executable
FAIL: libgomp.fortran/omp_parse2.f90 -O3 -fomit-frame-pointer (test for excess errors)
WARNING: libgomp.fortran/omp_parse2.f90 -O3 -fomit-frame-pointer compilation failed to produce executable
FAIL: libgomp.fortran/omp_parse2.f90 -O3 -fomit-frame-pointer -funroll-loops (test for excess errors)
WARNING: libgomp.fortran/omp_parse2.f90 -O3 -fomit-frame-pointer -funroll-loops compilation failed to produce executable
FAIL: libgomp.fortran/omp_parse2.f90 -O3 -fomit-frame-pointer -funroll-all-loops -finline-functions (test for excess errors)
WARNING: libgomp.fortran/omp_parse2.f90 -O3 -fomit-frame-pointer -funroll-all-loops -finline-functions compilation failed to produce executable
FAIL: libgomp.fortran/omp_parse2.f90 -O3 -g (test for excess errors)
WARNING: libgomp.fortran/omp_parse2.f90 -O3 -g compilation failed to produce executable
FAIL: libgomp.fortran/omp_parse2.f90 -Os (test for excess errors)
WARNING: libgomp.fortran/omp_parse2.f90 -Os compilation failed to produce executable
FAIL: libgomp.fortran/omp_parse3.f90 -O0 (test for excess errors)
WARNING: libgomp.fortran/omp_parse3.f90 -O0 compilation failed to produce executable
FAIL: libgomp.fortran/omp_parse3.f90 -O1 (test for excess errors)
WARNING: libgomp.fortran/omp_parse3.f90 -O1 compilation failed to produce executable
FAIL: libgomp.fortran/omp_parse3.f90 -O2 (test for excess errors)
WARNING: libgomp.fortran/omp_parse3.f90 -O2 compilation failed to produce executable
FAIL: libgomp.fortran/omp_parse3.f90 -O3 -fomit-frame-pointer (test for excess errors)
WARNING: libgomp.fortran/omp_parse3.f90 -O3 -fomit-frame-pointer compilation failed to produce executable
FAIL: libgomp.fortran/omp_parse3.f90 -O3 -fomit-frame-pointer -funroll-loops (test for excess errors)
WARNING: libgomp.fortran/omp_parse3.f90 -O3 -fomit-frame-pointer -funroll-loops compilation failed to produce executable
FAIL: libgomp.fortran/omp_parse3.f90 -O3 -fomit-frame-pointer -funroll-all-loops -finline-functions (test for excess errors)
WARNING: libgomp.fortran/omp_parse3.f90 -O3 -fomit-frame-pointer -funroll-all-loops -finline-functions compilation failed to produce executable
FAIL: libgomp.fortran/omp_parse3.f90 -O3 -g (test for excess errors)
WARNING: libgomp.fortran/omp_parse3.f90 -O3 -g compilation failed to produce executable
FAIL: libgomp.fortran/omp_parse3.f90 -Os (test for excess errors)
WARNING: libgomp.fortran/omp_parse3.f90 -Os compilation failed to produce executable
FAIL: libgomp.fortran/omp_parse4.f90 -O0 (test for excess errors)
WARNING: libgomp.fortran/omp_parse4.f90 -O0 compilation failed to produce executable
FAIL: libgomp.fortran/omp_parse4.f90 -O1 (test for excess errors)
WARNING: libgomp.fortran/omp_parse4.f90 -O1 compilation failed to produce executable
FAIL: libgomp.fortran/omp_parse4.f90 -O2 (test for excess errors)
WARNING: libgomp.fortran/omp_parse4.f90 -O2 compilation failed to produce executable
FAIL: libgomp.fortran/omp_parse4.f90 -O3 -fomit-frame-pointer (test for excess errors)
WARNING: libgomp.fortran/omp_parse4.f90 -O3 -fomit-frame-pointer compilation failed to produce executable
FAIL: libgomp.fortran/omp_parse4.f90 -O3 -fomit-frame-pointer -funroll-loops (test for excess errors)
WARNING: libgomp.fortran/omp_parse4.f90 -O3 -fomit-frame-pointer -funroll-loops compilation failed to produce executable
FAIL: libgomp.fortran/omp_parse4.f90 -O3 -fomit-frame-pointer -funroll-all-loops -finline-functions (test for excess errors)
WARNING: libgomp.fortran/omp_parse4.f90 -O3 -fomit-frame-pointer -funroll-all-loops -finline-functions compilation failed to produce executable
FAIL: libgomp.fortran/omp_parse4.f90 -O3 -g (test for excess errors)
WARNING: libgomp.fortran/omp_parse4.f90 -O3 -g compilation failed to produce executable
FAIL: libgomp.fortran/omp_parse4.f90 -Os (test for excess errors)
WARNING: libgomp.fortran/omp_parse4.f90 -Os compilation failed to produce executable
FAIL: libgomp.fortran/omp_reduction.f -O (test for excess errors)
WARNING: libgomp.fortran/omp_reduction.f -O compilation failed to produce executable
FAIL: libgomp.fortran/omp_workshare1.f -O (test for excess errors)
WARNING: libgomp.fortran/omp_workshare1.f -O compilation failed to produce executable
FAIL: libgomp.fortran/omp_workshare2.f -O (test for excess errors)
WARNING: libgomp.fortran/omp_workshare2.f -O compilation failed to produce executable
FAIL: libgomp.fortran/pr25162.f -O0 (test for excess errors)
WARNING: libgomp.fortran/pr25162.f -O0 compilation failed to produce executable
FAIL: libgomp.fortran/pr25162.f -O1 (test for excess errors)
WARNING: libgomp.fortran/pr25162.f -O1 compilation failed to produce executable
FAIL: libgomp.fortran/pr25162.f -O2 (test for excess errors)
WARNING: libgomp.fortran/pr25162.f -O2 compilation failed to produce executable
FAIL: libgomp.fortran/pr25162.f -O3 -fomit-frame-pointer (test for excess errors)
WARNING: libgomp.fortran/pr25162.f -O3 -fomit-frame-pointer compilation failed to produce executable
FAIL: libgomp.fortran/pr25162.f -O3 -fomit-frame-pointer -funroll-loops (test for excess errors)
WARNING: libgomp.fortran/pr25162.f -O3 -fomit-frame-pointer -funroll-loops compilation failed to produce executable
FAIL: libgomp.fortran/pr25162.f -O3 -fomit-frame-pointer -funroll-all-loops -finline-functions (test for excess errors)
WARNING: libgomp.fortran/pr25162.f -O3 -fomit-frame-pointer -funroll-all-loops -finline-functions compilation failed to produce executable
FAIL: libgomp.fortran/pr25162.f -O3 -g (test for excess errors)
WARNING: libgomp.fortran/pr25162.f -O3 -g compilation failed to produce executable
FAIL: libgomp.fortran/pr25162.f -Os (test for excess errors)
WARNING: libgomp.fortran/pr25162.f -Os compilation failed to produce executable
FAIL: libgomp.fortran/pr25219.f90 -O (test for excess errors)
WARNING: libgomp.fortran/pr25219.f90 -O compilation failed to produce executable
FAIL: libgomp.fortran/reduction1.f90 -O0 (test for excess errors)
WARNING: libgomp.fortran/reduction1.f90 -O0 compilation failed to produce executable
FAIL: libgomp.fortran/reduction1.f90 -O1 (test for excess errors)
WARNING: libgomp.fortran/reduction1.f90 -O1 compilation failed to produce executable
FAIL: libgomp.fortran/reduction1.f90 -O2 (test for excess errors)
WARNING: libgomp.fortran/reduction1.f90 -O2 compilation failed to produce executable
FAIL: libgomp.fortran/reduction1.f90 -O3 -fomit-frame-pointer (test for excess errors)
WARNING: libgomp.fortran/reduction1.f90 -O3 -fomit-frame-pointer compilation failed to produce executable
FAIL: libgomp.fortran/reduction1.f90 -O3 -fomit-frame-pointer -funroll-loops (test for excess errors)
WARNING: libgomp.fortran/reduction1.f90 -O3 -fomit-frame-pointer -funroll-loops compilation failed to produce executable
FAIL: libgomp.fortran/reduction1.f90 -O3 -fomit-frame-pointer -funroll-all-loops -finline-functions (test for excess errors)
WARNING: libgomp.fortran/reduction1.f90 -O3 -fomit-frame-pointer -funroll-all-loops -finline-functions compilation failed to produce executable
FAIL: libgomp.fortran/reduction1.f90 -O3 -g (test for excess errors)
WARNING: libgomp.fortran/reduction1.f90 -O3 -g compilation failed to produce executable
FAIL: libgomp.fortran/reduction1.f90 -Os (test for excess errors)
WARNING: libgomp.fortran/reduction1.f90 -Os compilation failed to produce executable
FAIL: libgomp.fortran/reduction2.f90 -O0 (test for excess errors)
WARNING: libgomp.fortran/reduction2.f90 -O0 compilation failed to produce executable
FAIL: libgomp.fortran/reduction2.f90 -O1 (test for excess errors)
WARNING: libgomp.fortran/reduction2.f90 -O1 compilation failed to produce executable
FAIL: libgomp.fortran/reduction2.f90 -O2 (test for excess errors)
WARNING: libgomp.fortran/reduction2.f90 -O2 compilation failed to produce executable
FAIL: libgomp.fortran/reduction2.f90 -O3 -fomit-frame-pointer (test for excess errors)
WARNING: libgomp.fortran/reduction2.f90 -O3 -fomit-frame-pointer compilation failed to produce executable
FAIL: libgomp.fortran/reduction2.f90 -O3 -fomit-frame-pointer -funroll-loops (test for excess errors)
WARNING: libgomp.fortran/reduction2.f90 -O3 -fomit-frame-pointer -funroll-loops compilation failed to produce executable
FAIL: libgomp.fortran/reduction2.f90 -O3 -fomit-frame-pointer -funroll-all-loops -finline-functions (test for excess errors)
WARNING: libgomp.fortran/reduction2.f90 -O3 -fomit-frame-pointer -funroll-all-loops -finline-functions compilation failed to produce executable
FAIL: libgomp.fortran/reduction2.f90 -O3 -g (test for excess errors)
WARNING: libgomp.fortran/reduction2.f90 -O3 -g compilation failed to produce executable
FAIL: libgomp.fortran/reduction2.f90 -Os (test for excess errors)
WARNING: libgomp.fortran/reduction2.f90 -Os compilation failed to produce executable
FAIL: libgomp.fortran/reduction3.f90 -O0 (test for excess errors)
WARNING: libgomp.fortran/reduction3.f90 -O0 compilation failed to produce executable
FAIL: libgomp.fortran/reduction3.f90 -O1 (test for excess errors)
WARNING: libgomp.fortran/reduction3.f90 -O1 compilation failed to produce executable
FAIL: libgomp.fortran/reduction3.f90 -O2 (test for excess errors)
WARNING: libgomp.fortran/reduction3.f90 -O2 compilation failed to produce executable
FAIL: libgomp.fortran/reduction3.f90 -O3 -fomit-frame-pointer (test for excess errors)
WARNING: libgomp.fortran/reduction3.f90 -O3 -fomit-frame-pointer compilation failed to produce executable
FAIL: libgomp.fortran/reduction3.f90 -O3 -fomit-frame-pointer -funroll-loops (test for excess errors)
WARNING: libgomp.fortran/reduction3.f90 -O3 -fomit-frame-pointer -funroll-loops compilation failed to produce executable
FAIL: libgomp.fortran/reduction3.f90 -O3 -fomit-frame-pointer -funroll-all-loops -finline-functions (test for excess errors)
WARNING: libgomp.fortran/reduction3.f90 -O3 -fomit-frame-pointer -funroll-all-loops -finline-functions compilation failed to produce executable
FAIL: libgomp.fortran/reduction3.f90 -O3 -g (test for excess errors)
WARNING: libgomp.fortran/reduction3.f90 -O3 -g compilation failed to produce executable
FAIL: libgomp.fortran/reduction3.f90 -Os (test for excess errors)
WARNING: libgomp.fortran/reduction3.f90 -Os compilation failed to produce executable
FAIL: libgomp.fortran/reduction4.f90 -O0 (test for excess errors)
WARNING: libgomp.fortran/reduction4.f90 -O0 compilation failed to produce executable
FAIL: libgomp.fortran/reduction4.f90 -O1 (test for excess errors)
WARNING: libgomp.fortran/reduction4.f90 -O1 compilation failed to produce executable
FAIL: libgomp.fortran/reduction4.f90 -O2 (test for excess errors)
WARNING: libgomp.fortran/reduction4.f90 -O2 compilation failed to produce executable
FAIL: libgomp.fortran/reduction4.f90 -O3 -fomit-frame-pointer (test for excess errors)
WARNING: libgomp.fortran/reduction4.f90 -O3 -fomit-frame-pointer compilation failed to produce executable
FAIL: libgomp.fortran/reduction4.f90 -O3 -fomit-frame-pointer -funroll-loops (test for excess errors)
WARNING: libgomp.fortran/reduction4.f90 -O3 -fomit-frame-pointer -funroll-loops compilation failed to produce executable
FAIL: libgomp.fortran/reduction4.f90 -O3 -fomit-frame-pointer -funroll-all-loops -finline-functions (test for excess errors)
WARNING: libgomp.fortran/reduction4.f90 -O3 -fomit-frame-pointer -funroll-all-loops -finline-functions compilation failed to produce executable
FAIL: libgomp.fortran/reduction4.f90 -O3 -g (test for excess errors)
WARNING: libgomp.fortran/reduction4.f90 -O3 -g compilation failed to produce executable
FAIL: libgomp.fortran/reduction4.f90 -Os (test for excess errors)
WARNING: libgomp.fortran/reduction4.f90 -Os compilation failed to produce executable
FAIL: libgomp.fortran/reduction5.f90 -O0 (test for excess errors)
WARNING: libgomp.fortran/reduction5.f90 -O0 compilation failed to produce executable
FAIL: libgomp.fortran/reduction5.f90 -O1 (test for excess errors)
WARNING: libgomp.fortran/reduction5.f90 -O1 compilation failed to produce executable
FAIL: libgomp.fortran/reduction5.f90 -O2 (test for excess errors)
WARNING: libgomp.fortran/reduction5.f90 -O2 compilation failed to produce executable
FAIL: libgomp.fortran/reduction5.f90 -O3 -fomit-frame-pointer (test for excess errors)
WARNING: libgomp.fortran/reduction5.f90 -O3 -fomit-frame-pointer compilation failed to produce executable
FAIL: libgomp.fortran/reduction5.f90 -O3 -fomit-frame-pointer -funroll-loops (test for excess errors)
WARNING: libgomp.fortran/reduction5.f90 -O3 -fomit-frame-pointer -funroll-loops compilation failed to produce executable
FAIL: libgomp.fortran/reduction5.f90 -O3 -fomit-frame-pointer -funroll-all-loops -finline-functions (test for excess errors)
WARNING: libgomp.fortran/reduction5.f90 -O3 -fomit-frame-pointer -funroll-all-loops -finline-functions compilation failed to produce executable
FAIL: libgomp.fortran/reduction5.f90 -O3 -g (test for excess errors)
WARNING: libgomp.fortran/reduction5.f90 -O3 -g compilation failed to produce executable
FAIL: libgomp.fortran/reduction5.f90 -Os (test for excess errors)
WARNING: libgomp.fortran/reduction5.f90 -Os compilation failed to produce executable
FAIL: libgomp.fortran/reduction6.f90 -O0 (test for excess errors)
WARNING: libgomp.fortran/reduction6.f90 -O0 compilation failed to produce executable
FAIL: libgomp.fortran/reduction6.f90 -O1 (test for excess errors)
WARNING: libgomp.fortran/reduction6.f90 -O1 compilation failed to produce executable
FAIL: libgomp.fortran/reduction6.f90 -O2 (test for excess errors)
WARNING: libgomp.fortran/reduction6.f90 -O2 compilation failed to produce executable
FAIL: libgomp.fortran/reduction6.f90 -O3 -fomit-frame-pointer (test for excess errors)
WARNING: libgomp.fortran/reduction6.f90 -O3 -fomit-frame-pointer compilation failed to produce executable
FAIL: libgomp.fortran/reduction6.f90 -O3 -fomit-frame-pointer -funroll-loops (test for excess errors)
WARNING: libgomp.fortran/reduction6.f90 -O3 -fomit-frame-pointer -funroll-loops compilation failed to produce executable
FAIL: libgomp.fortran/reduction6.f90 -O3 -fomit-frame-pointer -funroll-all-loops -finline-functions (test for excess errors)
WARNING: libgomp.fortran/reduction6.f90 -O3 -fomit-frame-pointer -funroll-all-loops -finline-functions compilation failed to produce executable
FAIL: libgomp.fortran/reduction6.f90 -O3 -g (test for excess errors)
WARNING: libgomp.fortran/reduction6.f90 -O3 -g compilation failed to produce executable
FAIL: libgomp.fortran/reduction6.f90 -Os (test for excess errors)
WARNING: libgomp.fortran/reduction6.f90 -Os compilation failed to produce executable
FAIL: libgomp.fortran/reference1.f90 -O0 (test for excess errors)
WARNING: libgomp.fortran/reference1.f90 -O0 compilation failed to produce executable
FAIL: libgomp.fortran/reference1.f90 -O1 (test for excess errors)
WARNING: libgomp.fortran/reference1.f90 -O1 compilation failed to produce executable
FAIL: libgomp.fortran/reference1.f90 -O2 (test for excess errors)
WARNING: libgomp.fortran/reference1.f90 -O2 compilation failed to produce executable
FAIL: libgomp.fortran/reference1.f90 -O3 -fomit-frame-pointer (test for excess errors)
WARNING: libgomp.fortran/reference1.f90 -O3 -fomit-frame-pointer compilation failed to produce executable
FAIL: libgomp.fortran/reference1.f90 -O3 -fomit-frame-pointer -funroll-loops (test for excess errors)
WARNING: libgomp.fortran/reference1.f90 -O3 -fomit-frame-pointer -funroll-loops compilation failed to produce executable
FAIL: libgomp.fortran/reference1.f90 -O3 -fomit-frame-pointer -funroll-all-loops -finline-functions (test for excess errors)
WARNING: libgomp.fortran/reference1.f90 -O3 -fomit-frame-pointer -funroll-all-loops -finline-functions compilation failed to produce executable
FAIL: libgomp.fortran/reference1.f90 -O3 -g (test for excess errors)
WARNING: libgomp.fortran/reference1.f90 -O3 -g compilation failed to produce executable
FAIL: libgomp.fortran/reference1.f90 -Os (test for excess errors)
WARNING: libgomp.fortran/reference1.f90 -Os compilation failed to produce executable
FAIL: libgomp.fortran/reference2.f90 -O0 (test for excess errors)
WARNING: libgomp.fortran/reference2.f90 -O0 compilation failed to produce executable
FAIL: libgomp.fortran/reference2.f90 -O1 (test for excess errors)
WARNING: libgomp.fortran/reference2.f90 -O1 compilation failed to produce executable
FAIL: libgomp.fortran/reference2.f90 -O2 (test for excess errors)
WARNING: libgomp.fortran/reference2.f90 -O2 compilation failed to produce executable
FAIL: libgomp.fortran/reference2.f90 -O3 -fomit-frame-pointer (test for excess errors)
WARNING: libgomp.fortran/reference2.f90 -O3 -fomit-frame-pointer compilation failed to produce executable
FAIL: libgomp.fortran/reference2.f90 -O3 -fomit-frame-pointer -funroll-loops (test for excess errors)
WARNING: libgomp.fortran/reference2.f90 -O3 -fomit-frame-pointer -funroll-loops compilation failed to produce executable
FAIL: libgomp.fortran/reference2.f90 -O3 -fomit-frame-pointer -funroll-all-loops -finline-functions (test for excess errors)
WARNING: libgomp.fortran/reference2.f90 -O3 -fomit-frame-pointer -funroll-all-loops -finline-functions compilation failed to produce executable
FAIL: libgomp.fortran/reference2.f90 -O3 -g (test for excess errors)
WARNING: libgomp.fortran/reference2.f90 -O3 -g compilation failed to produce executable
FAIL: libgomp.fortran/reference2.f90 -Os (test for excess errors)
WARNING: libgomp.fortran/reference2.f90 -Os compilation failed to produce executable
FAIL: libgomp.fortran/retval1.f90 -O0 (test for excess errors)
WARNING: libgomp.fortran/retval1.f90 -O0 compilation failed to produce executable
FAIL: libgomp.fortran/retval1.f90 -O1 (test for excess errors)
WARNING: libgomp.fortran/retval1.f90 -O1 compilation failed to produce executable
FAIL: libgomp.fortran/retval1.f90 -O2 (test for excess errors)
WARNING: libgomp.fortran/retval1.f90 -O2 compilation failed to produce executable
FAIL: libgomp.fortran/retval1.f90 -O3 -fomit-frame-pointer (test for excess errors)
WARNING: libgomp.fortran/retval1.f90 -O3 -fomit-frame-pointer compilation failed to produce executable
FAIL: libgomp.fortran/retval1.f90 -O3 -fomit-frame-pointer -funroll-loops (test for excess errors)
WARNING: libgomp.fortran/retval1.f90 -O3 -fomit-frame-pointer -funroll-loops compilation failed to produce executable
FAIL: libgomp.fortran/retval1.f90 -O3 -fomit-frame-pointer -funroll-all-loops -finline-functions (test for excess errors)
WARNING: libgomp.fortran/retval1.f90 -O3 -fomit-frame-pointer -funroll-all-loops -finline-functions compilation failed to produce executable
FAIL: libgomp.fortran/retval1.f90 -O3 -g (test for excess errors)
WARNING: libgomp.fortran/retval1.f90 -O3 -g compilation failed to produce executable
FAIL: libgomp.fortran/retval1.f90 -Os (test for excess errors)
WARNING: libgomp.fortran/retval1.f90 -Os compilation failed to produce executable
FAIL: libgomp.fortran/sharing1.f90 -O0 (test for excess errors)
WARNING: libgomp.fortran/sharing1.f90 -O0 compilation failed to produce executable
FAIL: libgomp.fortran/sharing1.f90 -O1 (test for excess errors)
WARNING: libgomp.fortran/sharing1.f90 -O1 compilation failed to produce executable
FAIL: libgomp.fortran/sharing1.f90 -O2 (test for excess errors)
WARNING: libgomp.fortran/sharing1.f90 -O2 compilation failed to produce executable
FAIL: libgomp.fortran/sharing1.f90 -O3 -fomit-frame-pointer (test for excess errors)
WARNING: libgomp.fortran/sharing1.f90 -O3 -fomit-frame-pointer compilation failed to produce executable
FAIL: libgomp.fortran/sharing1.f90 -O3 -fomit-frame-pointer -funroll-loops (test for excess errors)
WARNING: libgomp.fortran/sharing1.f90 -O3 -fomit-frame-pointer -funroll-loops compilation failed to produce executable
FAIL: libgomp.fortran/sharing1.f90 -O3 -fomit-frame-pointer -funroll-all-loops -finline-functions (test for excess errors)
WARNING: libgomp.fortran/sharing1.f90 -O3 -fomit-frame-pointer -funroll-all-loops -finline-functions compilation failed to produce executable
FAIL: libgomp.fortran/sharing1.f90 -O3 -g (test for excess errors)
WARNING: libgomp.fortran/sharing1.f90 -O3 -g compilation failed to produce executable
FAIL: libgomp.fortran/sharing1.f90 -Os (test for excess errors)
WARNING: libgomp.fortran/sharing1.f90 -Os compilation failed to produce executable
FAIL: libgomp.fortran/sharing2.f90 -O0 (test for excess errors)
WARNING: libgomp.fortran/sharing2.f90 -O0 compilation failed to produce executable
FAIL: libgomp.fortran/sharing2.f90 -O1 (test for excess errors)
WARNING: libgomp.fortran/sharing2.f90 -O1 compilation failed to produce executable
FAIL: libgomp.fortran/sharing2.f90 -O2 (test for excess errors)
WARNING: libgomp.fortran/sharing2.f90 -O2 compilation failed to produce executable
FAIL: libgomp.fortran/sharing2.f90 -O3 -fomit-frame-pointer (test for excess errors)
WARNING: libgomp.fortran/sharing2.f90 -O3 -fomit-frame-pointer compilation failed to produce executable
FAIL: libgomp.fortran/sharing2.f90 -O3 -fomit-frame-pointer -funroll-loops (test for excess errors)
WARNING: libgomp.fortran/sharing2.f90 -O3 -fomit-frame-pointer -funroll-loops compilation failed to produce executable
FAIL: libgomp.fortran/sharing2.f90 -O3 -fomit-frame-pointer -funroll-all-loops -finline-functions (test for excess errors)
WARNING: libgomp.fortran/sharing2.f90 -O3 -fomit-frame-pointer -funroll-all-loops -finline-functions compilation failed to produce executable
FAIL: libgomp.fortran/sharing2.f90 -O3 -g (test for excess errors)
WARNING: libgomp.fortran/sharing2.f90 -O3 -g compilation failed to produce executable
FAIL: libgomp.fortran/sharing2.f90 -Os (test for excess errors)
WARNING: libgomp.fortran/sharing2.f90 -Os compilation failed to produce executable
FAIL: libgomp.fortran/threadprivate1.f90 -O0 (test for excess errors)
WARNING: libgomp.fortran/threadprivate1.f90 -O0 compilation failed to produce executable
FAIL: libgomp.fortran/threadprivate1.f90 -O1 (test for excess errors)
WARNING: libgomp.fortran/threadprivate1.f90 -O1 compilation failed to produce executable
FAIL: libgomp.fortran/threadprivate1.f90 -O2 (test for excess errors)
WARNING: libgomp.fortran/threadprivate1.f90 -O2 compilation failed to produce executable
FAIL: libgomp.fortran/threadprivate1.f90 -O3 -fomit-frame-pointer (test for excess errors)
WARNING: libgomp.fortran/threadprivate1.f90 -O3 -fomit-frame-pointer compilation failed to produce executable
FAIL: libgomp.fortran/threadprivate1.f90 -O3 -fomit-frame-pointer -funroll-loops (test for excess errors)
WARNING: libgomp.fortran/threadprivate1.f90 -O3 -fomit-frame-pointer -funroll-loops compilation failed to produce executable
FAIL: libgomp.fortran/threadprivate1.f90 -O3 -fomit-frame-pointer -funroll-all-loops -finline-functions (test for excess errors)
WARNING: libgomp.fortran/threadprivate1.f90 -O3 -fomit-frame-pointer -funroll-all-loops -finline-functions compilation failed to produce executable
FAIL: libgomp.fortran/threadprivate1.f90 -O3 -g (test for excess errors)
WARNING: libgomp.fortran/threadprivate1.f90 -O3 -g compilation failed to produce executable
FAIL: libgomp.fortran/threadprivate1.f90 -Os (test for excess errors)
WARNING: libgomp.fortran/threadprivate1.f90 -Os compilation failed to produce executable
FAIL: libgomp.fortran/threadprivate2.f90 -O0 (test for excess errors)
WARNING: libgomp.fortran/threadprivate2.f90 -O0 compilation failed to produce executable
FAIL: libgomp.fortran/threadprivate2.f90 -O1 (test for excess errors)
WARNING: libgomp.fortran/threadprivate2.f90 -O1 compilation failed to produce executable
FAIL: libgomp.fortran/threadprivate2.f90 -O2 (test for excess errors)
WARNING: libgomp.fortran/threadprivate2.f90 -O2 compilation failed to produce executable
FAIL: libgomp.fortran/threadprivate2.f90 -O3 -fomit-frame-pointer (test for excess errors)
WARNING: libgomp.fortran/threadprivate2.f90 -O3 -fomit-frame-pointer compilation failed to produce executable
FAIL: libgomp.fortran/threadprivate2.f90 -O3 -fomit-frame-pointer -funroll-loops (test for excess errors)
WARNING: libgomp.fortran/threadprivate2.f90 -O3 -fomit-frame-pointer -funroll-loops compilation failed to produce executable
FAIL: libgomp.fortran/threadprivate2.f90 -O3 -fomit-frame-pointer -funroll-all-loops -finline-functions (test for excess errors)
WARNING: libgomp.fortran/threadprivate2.f90 -O3 -fomit-frame-pointer -funroll-all-loops -finline-functions compilation failed to produce executable
FAIL: libgomp.fortran/threadprivate2.f90 -O3 -g (test for excess errors)
WARNING: libgomp.fortran/threadprivate2.f90 -O3 -g compilation failed to produce executable
FAIL: libgomp.fortran/threadprivate2.f90 -Os (test for excess errors)
WARNING: libgomp.fortran/threadprivate2.f90 -Os compilation failed to produce executable
FAIL: libgomp.fortran/threadprivate3.f90 -O0 (test for excess errors)
WARNING: libgomp.fortran/threadprivate3.f90 -O0 compilation failed to produce executable
FAIL: libgomp.fortran/threadprivate3.f90 -O1 (test for excess errors)
WARNING: libgomp.fortran/threadprivate3.f90 -O1 compilation failed to produce executable
FAIL: libgomp.fortran/threadprivate3.f90 -O2 (test for excess errors)
WARNING: libgomp.fortran/threadprivate3.f90 -O2 compilation failed to produce executable
FAIL: libgomp.fortran/threadprivate3.f90 -O3 -fomit-frame-pointer (test for excess errors)
WARNING: libgomp.fortran/threadprivate3.f90 -O3 -fomit-frame-pointer compilation failed to produce executable
FAIL: libgomp.fortran/threadprivate3.f90 -O3 -fomit-frame-pointer -funroll-loops (test for excess errors)
WARNING: libgomp.fortran/threadprivate3.f90 -O3 -fomit-frame-pointer -funroll-loops compilation failed to produce executable
FAIL: libgomp.fortran/threadprivate3.f90 -O3 -fomit-frame-pointer -funroll-all-loops -finline-functions (test for excess errors)
WARNING: libgomp.fortran/threadprivate3.f90 -O3 -fomit-frame-pointer -funroll-all-loops -finline-functions compilation failed to produce executable
FAIL: libgomp.fortran/threadprivate3.f90 -O3 -g (test for excess errors)
WARNING: libgomp.fortran/threadprivate3.f90 -O3 -g compilation failed to produce executable
FAIL: libgomp.fortran/threadprivate3.f90 -Os (test for excess errors)
WARNING: libgomp.fortran/threadprivate3.f90 -Os compilation failed to produce executable
FAIL: libgomp.fortran/vla1.f90 -O0 (test for excess errors)
WARNING: libgomp.fortran/vla1.f90 -O0 compilation failed to produce executable
FAIL: libgomp.fortran/vla1.f90 -O1 (test for excess errors)
WARNING: libgomp.fortran/vla1.f90 -O1 compilation failed to produce executable
FAIL: libgomp.fortran/vla1.f90 -O2 (test for excess errors)
WARNING: libgomp.fortran/vla1.f90 -O2 compilation failed to produce executable
FAIL: libgomp.fortran/vla1.f90 -O3 -fomit-frame-pointer (test for excess errors)
WARNING: libgomp.fortran/vla1.f90 -O3 -fomit-frame-pointer compilation failed to produce executable
FAIL: libgomp.fortran/vla1.f90 -O3 -fomit-frame-pointer -funroll-loops (test for excess errors)
WARNING: libgomp.fortran/vla1.f90 -O3 -fomit-frame-pointer -funroll-loops compilation failed to produce executable
FAIL: libgomp.fortran/vla1.f90 -O3 -fomit-frame-pointer -funroll-all-loops -finline-functions (test for excess errors)
WARNING: libgomp.fortran/vla1.f90 -O3 -fomit-frame-pointer -funroll-all-loops -finline-functions compilation failed to produce executable
FAIL: libgomp.fortran/vla1.f90 -O3 -g (test for excess errors)
WARNING: libgomp.fortran/vla1.f90 -O3 -g compilation failed to produce executable
FAIL: libgomp.fortran/vla1.f90 -Os (test for excess errors)
WARNING: libgomp.fortran/vla1.f90 -Os compilation failed to produce executable
FAIL: libgomp.fortran/vla2.f90 -O0 (test for excess errors)
WARNING: libgomp.fortran/vla2.f90 -O0 compilation failed to produce executable
FAIL: libgomp.fortran/vla2.f90 -O1 (test for excess errors)
WARNING: libgomp.fortran/vla2.f90 -O1 compilation failed to produce executable
FAIL: libgomp.fortran/vla2.f90 -O2 (test for excess errors)
WARNING: libgomp.fortran/vla2.f90 -O2 compilation failed to produce executable
FAIL: libgomp.fortran/vla2.f90 -O3 -fomit-frame-pointer (test for excess errors)
WARNING: libgomp.fortran/vla2.f90 -O3 -fomit-frame-pointer compilation failed to produce executable
FAIL: libgomp.fortran/vla2.f90 -O3 -fomit-frame-pointer -funroll-loops (test for excess errors)
WARNING: libgomp.fortran/vla2.f90 -O3 -fomit-frame-pointer -funroll-loops compilation failed to produce executable
FAIL: libgomp.fortran/vla2.f90 -O3 -fomit-frame-pointer -funroll-all-loops -finline-functions (test for excess errors)
WARNING: libgomp.fortran/vla2.f90 -O3 -fomit-frame-pointer -funroll-all-loops -finline-functions compilation failed to produce executable
FAIL: libgomp.fortran/vla2.f90 -O3 -g (test for excess errors)
WARNING: libgomp.fortran/vla2.f90 -O3 -g compilation failed to produce executable
FAIL: libgomp.fortran/vla2.f90 -Os (test for excess errors)
WARNING: libgomp.fortran/vla2.f90 -Os compilation failed to produce executable
FAIL: libgomp.fortran/vla3.f90 -O0 (test for excess errors)
WARNING: libgomp.fortran/vla3.f90 -O0 compilation failed to produce executable
FAIL: libgomp.fortran/vla3.f90 -O1 (test for excess errors)
WARNING: libgomp.fortran/vla3.f90 -O1 compilation failed to produce executable
FAIL: libgomp.fortran/vla3.f90 -O2 (test for excess errors)
WARNING: libgomp.fortran/vla3.f90 -O2 compilation failed to produce executable
FAIL: libgomp.fortran/vla3.f90 -O3 -fomit-frame-pointer (test for excess errors)
WARNING: libgomp.fortran/vla3.f90 -O3 -fomit-frame-pointer compilation failed to produce executable
FAIL: libgomp.fortran/vla3.f90 -O3 -fomit-frame-pointer -funroll-loops (test for excess errors)
WARNING: libgomp.fortran/vla3.f90 -O3 -fomit-frame-pointer -funroll-loops compilation failed to produce executable
FAIL: libgomp.fortran/vla3.f90 -O3 -fomit-frame-pointer -funroll-all-loops -finline-functions (test for excess errors)
WARNING: libgomp.fortran/vla3.f90 -O3 -fomit-frame-pointer -funroll-all-loops -finline-functions compilation failed to produce executable
FAIL: libgomp.fortran/vla3.f90 -O3 -g (test for excess errors)
WARNING: libgomp.fortran/vla3.f90 -O3 -g compilation failed to produce executable
FAIL: libgomp.fortran/vla3.f90 -Os (test for excess errors)
WARNING: libgomp.fortran/vla3.f90 -Os compilation failed to produce executable
FAIL: libgomp.fortran/vla4.f90 -O0 (test for excess errors)
WARNING: libgomp.fortran/vla4.f90 -O0 compilation failed to produce executable
FAIL: libgomp.fortran/vla4.f90 -O1 (test for excess errors)
WARNING: libgomp.fortran/vla4.f90 -O1 compilation failed to produce executable
FAIL: libgomp.fortran/vla4.f90 -O2 (test for excess errors)
WARNING: libgomp.fortran/vla4.f90 -O2 compilation failed to produce executable
FAIL: libgomp.fortran/vla4.f90 -O3 -fomit-frame-pointer (test for excess errors)
WARNING: libgomp.fortran/vla4.f90 -O3 -fomit-frame-pointer compilation failed to produce executable
FAIL: libgomp.fortran/vla4.f90 -O3 -fomit-frame-pointer -funroll-loops (test for excess errors)
WARNING: libgomp.fortran/vla4.f90 -O3 -fomit-frame-pointer -funroll-loops compilation failed to produce executable
FAIL: libgomp.fortran/vla4.f90 -O3 -fomit-frame-pointer -funroll-all-loops -finline-functions (test for excess errors)
WARNING: libgomp.fortran/vla4.f90 -O3 -fomit-frame-pointer -funroll-all-loops -finline-functions compilation failed to produce executable
FAIL: libgomp.fortran/vla4.f90 -O3 -g (test for excess errors)
WARNING: libgomp.fortran/vla4.f90 -O3 -g compilation failed to produce executable
FAIL: libgomp.fortran/vla4.f90 -Os (test for excess errors)
WARNING: libgomp.fortran/vla4.f90 -Os compilation failed to produce executable
FAIL: libgomp.fortran/vla5.f90 -O0 (test for excess errors)
WARNING: libgomp.fortran/vla5.f90 -O0 compilation failed to produce executable
FAIL: libgomp.fortran/vla5.f90 -O1 (test for excess errors)
WARNING: libgomp.fortran/vla5.f90 -O1 compilation failed to produce executable
FAIL: libgomp.fortran/vla5.f90 -O2 (test for excess errors)
WARNING: libgomp.fortran/vla5.f90 -O2 compilation failed to produce executable
FAIL: libgomp.fortran/vla5.f90 -O3 -fomit-frame-pointer (test for excess errors)
WARNING: libgomp.fortran/vla5.f90 -O3 -fomit-frame-pointer compilation failed to produce executable
FAIL: libgomp.fortran/vla5.f90 -O3 -fomit-frame-pointer -funroll-loops (test for excess errors)
WARNING: libgomp.fortran/vla5.f90 -O3 -fomit-frame-pointer -funroll-loops compilation failed to produce executable
FAIL: libgomp.fortran/vla5.f90 -O3 -fomit-frame-pointer -funroll-all-loops -finline-functions (test for excess errors)
WARNING: libgomp.fortran/vla5.f90 -O3 -fomit-frame-pointer -funroll-all-loops -finline-functions compilation failed to produce executable
FAIL: libgomp.fortran/vla5.f90 -O3 -g (test for excess errors)
WARNING: libgomp.fortran/vla5.f90 -O3 -g compilation failed to produce executable
FAIL: libgomp.fortran/vla5.f90 -Os (test for excess errors)
WARNING: libgomp.fortran/vla5.f90 -Os compilation failed to produce executable
FAIL: libgomp.fortran/vla6.f90 -O0 (test for excess errors)
WARNING: libgomp.fortran/vla6.f90 -O0 compilation failed to produce executable
FAIL: libgomp.fortran/vla6.f90 -O1 (test for excess errors)
WARNING: libgomp.fortran/vla6.f90 -O1 compilation failed to produce executable
FAIL: libgomp.fortran/vla6.f90 -O2 (test for excess errors)
WARNING: libgomp.fortran/vla6.f90 -O2 compilation failed to produce executable
FAIL: libgomp.fortran/vla6.f90 -O3 -fomit-frame-pointer (test for excess errors)
WARNING: libgomp.fortran/vla6.f90 -O3 -fomit-frame-pointer compilation failed to produce executable
FAIL: libgomp.fortran/vla6.f90 -O3 -fomit-frame-pointer -funroll-loops (test for excess errors)
WARNING: libgomp.fortran/vla6.f90 -O3 -fomit-frame-pointer -funroll-loops compilation failed to produce executable
FAIL: libgomp.fortran/vla6.f90 -O3 -fomit-frame-pointer -funroll-all-loops -finline-functions (test for excess errors)
WARNING: libgomp.fortran/vla6.f90 -O3 -fomit-frame-pointer -funroll-all-loops -finline-functions compilation failed to produce executable
FAIL: libgomp.fortran/vla6.f90 -O3 -g (test for excess errors)
WARNING: libgomp.fortran/vla6.f90 -O3 -g compilation failed to produce executable
FAIL: libgomp.fortran/vla6.f90 -Os (test for excess errors)
WARNING: libgomp.fortran/vla6.f90 -Os compilation failed to produce executable
FAIL: libgomp.fortran/vla7.f90 -O0 (test for excess errors)
WARNING: libgomp.fortran/vla7.f90 -O0 compilation failed to produce executable
FAIL: libgomp.fortran/vla7.f90 -O1 (test for excess errors)
WARNING: libgomp.fortran/vla7.f90 -O1 compilation failed to produce executable
FAIL: libgomp.fortran/vla7.f90 -O2 (test for excess errors)
WARNING: libgomp.fortran/vla7.f90 -O2 compilation failed to produce executable
FAIL: libgomp.fortran/vla7.f90 -O3 -fomit-frame-pointer (test for excess errors)
WARNING: libgomp.fortran/vla7.f90 -O3 -fomit-frame-pointer compilation failed to produce executable
FAIL: libgomp.fortran/vla7.f90 -O3 -fomit-frame-pointer -funroll-loops (test for excess errors)
WARNING: libgomp.fortran/vla7.f90 -O3 -fomit-frame-pointer -funroll-loops compilation failed to produce executable
FAIL: libgomp.fortran/vla7.f90 -O3 -fomit-frame-pointer -funroll-all-loops -finline-functions (test for excess errors)
WARNING: libgomp.fortran/vla7.f90 -O3 -fomit-frame-pointer -funroll-all-loops -finline-functions compilation failed to produce executable
FAIL: libgomp.fortran/vla7.f90 -O3 -g (test for excess errors)
WARNING: libgomp.fortran/vla7.f90 -O3 -g compilation failed to produce executable
FAIL: libgomp.fortran/vla7.f90 -Os (test for excess errors)
WARNING: libgomp.fortran/vla7.f90 -Os compilation failed to produce executable
FAIL: libgomp.fortran/workshare1.f90 -O (test for excess errors)
WARNING: libgomp.fortran/workshare1.f90 -O compilation failed to produce executable
=== libgomp Summary for unix/-m64 ===
# of expected passes 12
# of unexpected failures 673
=== libgomp Summary ===
# of expected passes 1354
# of unexpected failures 681
=== libmudflap tests ===
Running target unix/-m32
=== libmudflap Summary for unix/-m32 ===
# of expected passes 1789
Running target unix/-m64
FAIL: libmudflap.c/fail27-frag.c output pattern test
FAIL: libmudflap.c/fail27-frag.c (-O2) output pattern test
FAIL: libmudflap.c/fail27-frag.c (-O3) output pattern test
FAIL: libmudflap.cth/pass39-frag.c (-O2) (rerun 17) execution test
FAIL: libmudflap.cth/pass39-frag.c (-O2) (rerun 17) output pattern test
=== libmudflap Summary for unix/-m64 ===
# of expected passes 1784
# of unexpected failures 5
=== libmudflap Summary ===
# of expected passes 3573
# of unexpected failures 5
=== libstdc++ tests ===
Running target unix/-m32
FAIL: abi_check
XPASS: 26_numerics/cmath/c99_classification_macros_c.cc (test for excess errors)
=== libstdc++ Summary for unix/-m32 ===
# of expected passes 4107
# of unexpected failures 1
# of unexpected successes 1
# of expected failures 12
Running target unix/-m64
FAIL: abi_check
FAIL: 22_locale/messages/members/char/1.cc execution test
FAIL: 22_locale/messages/members/char/2.cc execution test
FAIL: 22_locale/messages/members/char/wrapped_env.cc execution test
FAIL: 22_locale/messages/members/char/wrapped_locale.cc execution test
FAIL: 22_locale/messages_byname/named_equivalence.cc execution test
XPASS: 26_numerics/cmath/c99_classification_macros_c.cc (test for excess errors)
FAIL: 26_numerics/complex/13450.cc execution test
XPASS: 27_io/fpos/14320-1.cc execution test
=== libstdc++ Summary for unix/-m64 ===
# of expected passes 4101
# of unexpected failures 7
# of unexpected successes 2
# of expected failures 11
=== libstdc++ Summary ===
# of expected passes 8208
# of unexpected failures 8
# of unexpected successes 3
# of expected failures 23
Compiler version: 4.2.0-gomp-20050608-branch 20060202 (experimental) (merged 20060202)
Platform: powerpc64-unknown-linux-gnu
configure flags: --prefix=/opt/gcc-nightly/gomp-20060204 --build=powerpc64-linux --host=powerpc64-linux --target=powerpc64-linux --with-cpu=default32 --with-as=/opt/gcc-nightly/gomp-20060204/bin/as --with-ld=/opt/gcc-nightly/gomp-20060204/bin/ld --enable-threads=posix --enable-shared --enable-__cxa_atexit --enable-checking --with-mpfr=/opt/gcc-nightly/gomp-20060204 --enable-languages=c,c++,fortran