This is the mail archive of the
gcc-testresults@gcc.gnu.org
mailing list for the GCC project.
Results for 4.0.0 20050210 (experimental) testsuite on x86_64-unknown-linux-gnu
- From: Al Stone <ahs3 at fc dot hp dot com>
- To: gcc-testresults at gcc dot gnu dot org
- Date: Wed, 1 Feb 2006 09:23:08 -0700 (MST)
- Subject: Results for 4.0.0 20050210 (experimental) testsuite on x86_64-unknown-linux-gnu
LAST_UPDATED:
Native configuration is x86_64-unknown-linux-gnu
=== g++ tests ===
Running target unix
WARNING: program timed out.
FAIL: g++.dg/debug/anonunion1.C -gstabs3 -O3 (test for excess errors)
WARNING: program timed out.
FAIL: g++.dg/debug/const1.C -gdwarf-21 -O3 (test for excess errors)
WARNING: program timed out.
FAIL: g++.dg/debug/typedef2.C -gstabs+1 (test for excess errors)
WARNING: program timed out.
FAIL: g++.dg/eh/dtor2.C (test for excess errors)
WARNING: program timed out.
FAIL: g++.dg/parse/builtin1.C (test for excess errors)
WARNING: program timed out.
FAIL: g++.dg/template/scope2.C (test for excess errors)
WARNING: program timed out.
FAIL: g++.old-deja/g++.bugs/900321_04.C (test for excess errors)
WARNING: program timed out.
WARNING: program timed out.
FAIL: g++.old-deja/g++.mike/p11144.C (test for excess errors)
WARNING: program timed out.
FAIL: g++.old-deja/g++.mike/p3708a.C (test for excess errors)
=== g++ Summary ===
# of expected passes 10586
# of unexpected failures 9
# of expected failures 70
# of unsupported tests 90
/opt/toolchain/build/amd64/obj/tco/gcc/gcc/testsuite/../g++ version 4.0.0 20050210 (experimental)
=== gcc tests ===
Running target unix
WARNING: program timed out.
FAIL: gcc.c-torture/execute/20000402-1.c compilation, -O3 -fomit-frame-pointer
UNRESOLVED: gcc.c-torture/execute/20000402-1.c execution, -O3 -fomit-frame-pointer
WARNING: program timed out.
FAIL: gcc.c-torture/execute/20020412-1.c compilation, -O3 -fomit-frame-pointer
UNRESOLVED: gcc.c-torture/execute/20020412-1.c execution, -O3 -fomit-frame-pointer
WARNING: program timed out.
FAIL: gcc.c-torture/execute/20030606-1.c compilation, -O3 -fomit-frame-pointer
UNRESOLVED: gcc.c-torture/execute/20030606-1.c execution, -O3 -fomit-frame-pointer
WARNING: program timed out.
FAIL: gcc.c-torture/execute/20040409-1.c compilation, -O3 -fomit-frame-pointer
UNRESOLVED: gcc.c-torture/execute/20040409-1.c execution, -O3 -fomit-frame-pointer
WARNING: program timed out.
FAIL: gcc.c-torture/execute/20040704-1.c compilation, -O0
UNRESOLVED: gcc.c-torture/execute/20040704-1.c execution, -O0
WARNING: program timed out.
FAIL: gcc.c-torture/execute/20041210-1.c compilation, -Os
UNRESOLVED: gcc.c-torture/execute/20041210-1.c execution, -Os
WARNING: program timed out.
FAIL: gcc.c-torture/execute/920731-1.c compilation, -O3 -g
UNRESOLVED: gcc.c-torture/execute/920731-1.c execution, -O3 -g
WARNING: program timed out.
FAIL: gcc.c-torture/execute/921104-1.c compilation, -O0
UNRESOLVED: gcc.c-torture/execute/921104-1.c execution, -O0
WARNING: program timed out.
FAIL: gcc.c-torture/execute/950906-1.c compilation, -O0
UNRESOLVED: gcc.c-torture/execute/950906-1.c execution, -O0
WARNING: program timed out.
FAIL: gcc.c-torture/execute/simd-4.c compilation, -Os
UNRESOLVED: gcc.c-torture/execute/simd-4.c execution, -Os
WARNING: program timed out.
FAIL: gcc.c-torture/unsorted/set386.c, -Os
WARNING: program timed out.
FAIL: gcc.dg/setjmp-2.c (test for excess errors)
WARNING: gcc.dg/setjmp-2.c compilation failed to produce executable
FAIL: gcc.dg/short-compare-1.c (test for excess errors)
WARNING: gcc.dg/short-compare-1.c compilation failed to produce executable
FAIL: gcc.dg/short-compare-2.c (test for excess errors)
WARNING: gcc.dg/short-compare-2.c compilation failed to produce executable
FAIL: ./import-2.h -O0 -g (test for excess errors)
FAIL: ./import-2.h -O0 (test for excess errors)
FAIL: ./import-2.h -O1 (test for excess errors)
FAIL: ./import-2.h -O2 (test for excess errors)
FAIL: ./import-2.h -O3 -fomit-frame-pointer (test for excess errors)
FAIL: ./import-2.h -O3 -g (test for excess errors)
FAIL: ./import-2.h -Os (test for excess errors)
XPASS: gcc.dg/vect/vect-22.c scan-tree-dump-times vectorized 3 loops 1
=== gcc Summary ===
# of expected passes 32630
# of unexpected failures 21
# of unexpected successes 1
# of expected failures 93
# of unresolved testcases 10
# of untested testcases 42
# of unsupported tests 418
/opt/toolchain/build/amd64/obj/tco/gcc/gcc/xgcc version 4.0.0 20050210 (experimental)
=== libstdc++ tests ===
Running target unix
XPASS: 22_locale/locale/cons/12658_thread-1.cc execution test
WARNING: program timed out.
FAIL: 22_locale/time_get/get_monthname/wchar_t/3.cc (test for excess errors)
XPASS: 26_numerics/cmath/c99_classification_macros_c.cc (test for excess errors)
XPASS: 27_io/fpos/14320-1.cc execution test
=== libstdc++ Summary ===
# of expected passes 3477
# of unexpected failures 1
# of unexpected successes 3
# of expected failures 4
Compiler version: 4.0.0 20050210 (experimental)
Platform: x86_64-unknown-linux-gnu
configure flags: --prefix=/opt/toolchain/tco-20060201 --with-system-zlib --enable-nls --without-included-gettext --disable-multilib --enable-languages=c,c++
Counting all warnings,
there are 0 warnings in stage3 of this bootstrap.
Number of warnings per file:
Number of warning types: