This is the mail archive of the gcc-testresults@gcc.gnu.org mailing list for the GCC project.


Index Nav: [Date Index] [Subject Index] [Author Index] [Thread Index]
Message Nav: [Date Prev] [Date Next] [Thread Prev] [Thread Next]
Other format: [Raw text]

Results for 4.2.0 20060112 (experimental) testsuite on i686-apple-darwin8


These are the results on a new iMac Core Duo. To match the
configuration of Apple's gcc, I used --with-arch=pentium-m
--with-tune=prescott. Many thanks to Andrew Pinski for fixing an x86
Darwin issue preventing building of libgfortran.
LAST_UPDATED: 
Native configuration is i686-apple-darwin8

		=== g++ tests ===


Running target unix
FAIL: tmpdir-g++.dg-struct-layout-1/t026 cp_compat_x_tst.o-cp_compat_y_tst.o execute 
FAIL: g++.dg/abi/bitfield3.C execution test
FAIL: g++.dg/abi/mangle25.C (test for excess errors)
ERROR: g++.dg/abi/mangle25.C: error executing dg-final: couldn't open "mangle25.s": no such file or directory
UNRESOLVED: g++.dg/abi/mangle25.C: error executing dg-final: couldn't open "mangle25.s": no such file or directory
FAIL: g++.dg/abi/thunk4.C scan-assembler .weak[ \\t]_?_ZThn._N7Derived3FooEv
FAIL: g++.dg/lookup/builtin1.C (test for excess errors)
FAIL: g++.dg/opt/temp1.C (test for excess errors)
FAIL: g++.dg/parse/pragma3.C execution test
FAIL: g++.dg/warn/huge-val1.C (test for excess errors)
FAIL: g++.dg/warn/weak1.C (test for excess errors)
WARNING: g++.dg/warn/weak1.C compilation failed to produce executable
FAIL: g++.dg/special/conpr-3.C execution test
FAIL: g++.old-deja/g++.eh/badalloc1.C (test for excess errors)
FAIL: g++.old-deja/g++.mike/unused.C (test for excess errors)
FAIL: g++.old-deja/g++.other/store-expr1.C (test for excess errors)
WARNING: g++.old-deja/g++.other/store-expr1.C compilation failed to produce executable

		=== g++ Summary ===

# of expected passes		11852
# of unexpected failures	13
# of expected failures		66
# of unresolved testcases	1
# of unsupported tests		98
/Volumes/HD/ltmp/ssen/gcc-build/gcc/testsuite/../g++  version 4.2.0 20060112 (experimental)

		=== gcc tests ===


Running target unix
FAIL: gcc.c-torture/compile/20000804-1.c  -O0  (test for excess errors)
FAIL: gcc.c-torture/compile/20011029-1.c  -O0  (test for excess errors)
FAIL: gcc.c-torture/compile/20030921-1.c  -O0  (test for excess errors)
FAIL: gcc.c-torture/compile/20040909-1.c  -O0  (test for excess errors)
FAIL: gcc.c-torture/compile/981006-1.c  -O0  (test for excess errors)
FAIL: gcc.c-torture/compile/981006-1.c  -O1  (test for excess errors)
FAIL: gcc.c-torture/compile/981006-1.c  -O2  (test for excess errors)
FAIL: gcc.c-torture/compile/981006-1.c  -O3 -fomit-frame-pointer  (test for excess errors)
FAIL: gcc.c-torture/compile/981006-1.c  -O3 -g  (test for excess errors)
FAIL: gcc.c-torture/compile/981006-1.c  -Os  (test for excess errors)
FAIL: gcc.c-torture/compile/sync-1.c  -O0  (test for excess errors)
FAIL: gcc.c-torture/compile/sync-1.c  -O1  (test for excess errors)
FAIL: gcc.c-torture/compile/sync-1.c  -O2  (test for excess errors)
FAIL: gcc.c-torture/compile/sync-1.c  -O3 -fomit-frame-pointer  (test for excess errors)
FAIL: gcc.c-torture/compile/sync-1.c  -O3 -g  (test for excess errors)
FAIL: gcc.c-torture/compile/sync-1.c  -Os  (test for excess errors)
FAIL: gcc.c-torture/execute/builtins/memcpy-chk.c compilation,  -O0 
UNRESOLVED: gcc.c-torture/execute/builtins/memcpy-chk.c execution,  -O0 
FAIL: gcc.c-torture/execute/builtins/memcpy-chk.c compilation,  -O1 
UNRESOLVED: gcc.c-torture/execute/builtins/memcpy-chk.c execution,  -O1 
FAIL: gcc.c-torture/execute/builtins/memcpy-chk.c compilation,  -O2 
UNRESOLVED: gcc.c-torture/execute/builtins/memcpy-chk.c execution,  -O2 
FAIL: gcc.c-torture/execute/builtins/memcpy-chk.c compilation,  -O3 -fomit-frame-pointer 
UNRESOLVED: gcc.c-torture/execute/builtins/memcpy-chk.c execution,  -O3 -fomit-frame-pointer 
FAIL: gcc.c-torture/execute/builtins/memcpy-chk.c compilation,  -O3 -fomit-frame-pointer -funroll-loops 
UNRESOLVED: gcc.c-torture/execute/builtins/memcpy-chk.c execution,  -O3 -fomit-frame-pointer -funroll-loops 
FAIL: gcc.c-torture/execute/builtins/memcpy-chk.c compilation,  -O3 -fomit-frame-pointer -funroll-all-loops -finline-functions 
UNRESOLVED: gcc.c-torture/execute/builtins/memcpy-chk.c execution,  -O3 -fomit-frame-pointer -funroll-all-loops -finline-functions 
FAIL: gcc.c-torture/execute/builtins/memcpy-chk.c compilation,  -O3 -g 
UNRESOLVED: gcc.c-torture/execute/builtins/memcpy-chk.c execution,  -O3 -g 
FAIL: gcc.c-torture/execute/builtins/memcpy-chk.c compilation,  -Os 
UNRESOLVED: gcc.c-torture/execute/builtins/memcpy-chk.c execution,  -Os 
FAIL: gcc.c-torture/execute/builtins/memmove-chk.c compilation,  -O0 
UNRESOLVED: gcc.c-torture/execute/builtins/memmove-chk.c execution,  -O0 
FAIL: gcc.c-torture/execute/builtins/memmove-chk.c compilation,  -O1 
UNRESOLVED: gcc.c-torture/execute/builtins/memmove-chk.c execution,  -O1 
FAIL: gcc.c-torture/execute/builtins/memmove-chk.c compilation,  -O2 
UNRESOLVED: gcc.c-torture/execute/builtins/memmove-chk.c execution,  -O2 
FAIL: gcc.c-torture/execute/builtins/memmove-chk.c compilation,  -O3 -fomit-frame-pointer 
UNRESOLVED: gcc.c-torture/execute/builtins/memmove-chk.c execution,  -O3 -fomit-frame-pointer 
FAIL: gcc.c-torture/execute/builtins/memmove-chk.c compilation,  -O3 -fomit-frame-pointer -funroll-loops 
UNRESOLVED: gcc.c-torture/execute/builtins/memmove-chk.c execution,  -O3 -fomit-frame-pointer -funroll-loops 
FAIL: gcc.c-torture/execute/builtins/memmove-chk.c compilation,  -O3 -fomit-frame-pointer -funroll-all-loops -finline-functions 
UNRESOLVED: gcc.c-torture/execute/builtins/memmove-chk.c execution,  -O3 -fomit-frame-pointer -funroll-all-loops -finline-functions 
FAIL: gcc.c-torture/execute/builtins/memmove-chk.c compilation,  -O3 -g 
UNRESOLVED: gcc.c-torture/execute/builtins/memmove-chk.c execution,  -O3 -g 
FAIL: gcc.c-torture/execute/builtins/memmove-chk.c compilation,  -Os 
UNRESOLVED: gcc.c-torture/execute/builtins/memmove-chk.c execution,  -Os 
FAIL: gcc.c-torture/execute/builtins/mempcpy-chk.c compilation,  -O0 
UNRESOLVED: gcc.c-torture/execute/builtins/mempcpy-chk.c execution,  -O0 
FAIL: gcc.c-torture/execute/builtins/mempcpy-chk.c compilation,  -O1 
UNRESOLVED: gcc.c-torture/execute/builtins/mempcpy-chk.c execution,  -O1 
FAIL: gcc.c-torture/execute/builtins/mempcpy-chk.c compilation,  -O2 
UNRESOLVED: gcc.c-torture/execute/builtins/mempcpy-chk.c execution,  -O2 
FAIL: gcc.c-torture/execute/builtins/mempcpy-chk.c compilation,  -O3 -fomit-frame-pointer 
UNRESOLVED: gcc.c-torture/execute/builtins/mempcpy-chk.c execution,  -O3 -fomit-frame-pointer 
FAIL: gcc.c-torture/execute/builtins/mempcpy-chk.c compilation,  -O3 -fomit-frame-pointer -funroll-loops 
UNRESOLVED: gcc.c-torture/execute/builtins/mempcpy-chk.c execution,  -O3 -fomit-frame-pointer -funroll-loops 
FAIL: gcc.c-torture/execute/builtins/mempcpy-chk.c compilation,  -O3 -fomit-frame-pointer -funroll-all-loops -finline-functions 
UNRESOLVED: gcc.c-torture/execute/builtins/mempcpy-chk.c execution,  -O3 -fomit-frame-pointer -funroll-all-loops -finline-functions 
FAIL: gcc.c-torture/execute/builtins/mempcpy-chk.c compilation,  -O3 -g 
UNRESOLVED: gcc.c-torture/execute/builtins/mempcpy-chk.c execution,  -O3 -g 
FAIL: gcc.c-torture/execute/builtins/mempcpy-chk.c compilation,  -Os 
UNRESOLVED: gcc.c-torture/execute/builtins/mempcpy-chk.c execution,  -Os 
FAIL: gcc.c-torture/execute/builtins/memset-chk.c compilation,  -O0 
UNRESOLVED: gcc.c-torture/execute/builtins/memset-chk.c execution,  -O0 
FAIL: gcc.c-torture/execute/builtins/memset-chk.c compilation,  -O1 
UNRESOLVED: gcc.c-torture/execute/builtins/memset-chk.c execution,  -O1 
FAIL: gcc.c-torture/execute/builtins/memset-chk.c compilation,  -O2 
UNRESOLVED: gcc.c-torture/execute/builtins/memset-chk.c execution,  -O2 
FAIL: gcc.c-torture/execute/builtins/memset-chk.c compilation,  -O3 -fomit-frame-pointer 
UNRESOLVED: gcc.c-torture/execute/builtins/memset-chk.c execution,  -O3 -fomit-frame-pointer 
FAIL: gcc.c-torture/execute/builtins/memset-chk.c compilation,  -O3 -fomit-frame-pointer -funroll-loops 
UNRESOLVED: gcc.c-torture/execute/builtins/memset-chk.c execution,  -O3 -fomit-frame-pointer -funroll-loops 
FAIL: gcc.c-torture/execute/builtins/memset-chk.c compilation,  -O3 -fomit-frame-pointer -funroll-all-loops -finline-functions 
UNRESOLVED: gcc.c-torture/execute/builtins/memset-chk.c execution,  -O3 -fomit-frame-pointer -funroll-all-loops -finline-functions 
FAIL: gcc.c-torture/execute/builtins/memset-chk.c compilation,  -O3 -g 
UNRESOLVED: gcc.c-torture/execute/builtins/memset-chk.c execution,  -O3 -g 
FAIL: gcc.c-torture/execute/builtins/memset-chk.c compilation,  -Os 
UNRESOLVED: gcc.c-torture/execute/builtins/memset-chk.c execution,  -Os 
FAIL: gcc.c-torture/execute/builtins/snprintf-chk.c compilation,  -O0 
UNRESOLVED: gcc.c-torture/execute/builtins/snprintf-chk.c execution,  -O0 
FAIL: gcc.c-torture/execute/builtins/snprintf-chk.c compilation,  -O1 
UNRESOLVED: gcc.c-torture/execute/builtins/snprintf-chk.c execution,  -O1 
FAIL: gcc.c-torture/execute/builtins/snprintf-chk.c compilation,  -O2 
UNRESOLVED: gcc.c-torture/execute/builtins/snprintf-chk.c execution,  -O2 
FAIL: gcc.c-torture/execute/builtins/snprintf-chk.c compilation,  -O3 -fomit-frame-pointer 
UNRESOLVED: gcc.c-torture/execute/builtins/snprintf-chk.c execution,  -O3 -fomit-frame-pointer 
FAIL: gcc.c-torture/execute/builtins/snprintf-chk.c compilation,  -O3 -fomit-frame-pointer -funroll-loops 
UNRESOLVED: gcc.c-torture/execute/builtins/snprintf-chk.c execution,  -O3 -fomit-frame-pointer -funroll-loops 
FAIL: gcc.c-torture/execute/builtins/snprintf-chk.c compilation,  -O3 -fomit-frame-pointer -funroll-all-loops -finline-functions 
UNRESOLVED: gcc.c-torture/execute/builtins/snprintf-chk.c execution,  -O3 -fomit-frame-pointer -funroll-all-loops -finline-functions 
FAIL: gcc.c-torture/execute/builtins/snprintf-chk.c compilation,  -O3 -g 
UNRESOLVED: gcc.c-torture/execute/builtins/snprintf-chk.c execution,  -O3 -g 
FAIL: gcc.c-torture/execute/builtins/snprintf-chk.c compilation,  -Os 
UNRESOLVED: gcc.c-torture/execute/builtins/snprintf-chk.c execution,  -Os 
FAIL: gcc.c-torture/execute/builtins/sprintf-chk.c compilation,  -O0 
UNRESOLVED: gcc.c-torture/execute/builtins/sprintf-chk.c execution,  -O0 
FAIL: gcc.c-torture/execute/builtins/sprintf-chk.c compilation,  -O1 
UNRESOLVED: gcc.c-torture/execute/builtins/sprintf-chk.c execution,  -O1 
FAIL: gcc.c-torture/execute/builtins/sprintf-chk.c compilation,  -O2 
UNRESOLVED: gcc.c-torture/execute/builtins/sprintf-chk.c execution,  -O2 
FAIL: gcc.c-torture/execute/builtins/sprintf-chk.c compilation,  -O3 -fomit-frame-pointer 
UNRESOLVED: gcc.c-torture/execute/builtins/sprintf-chk.c execution,  -O3 -fomit-frame-pointer 
FAIL: gcc.c-torture/execute/builtins/sprintf-chk.c compilation,  -O3 -fomit-frame-pointer -funroll-loops 
UNRESOLVED: gcc.c-torture/execute/builtins/sprintf-chk.c execution,  -O3 -fomit-frame-pointer -funroll-loops 
FAIL: gcc.c-torture/execute/builtins/sprintf-chk.c compilation,  -O3 -fomit-frame-pointer -funroll-all-loops -finline-functions 
UNRESOLVED: gcc.c-torture/execute/builtins/sprintf-chk.c execution,  -O3 -fomit-frame-pointer -funroll-all-loops -finline-functions 
FAIL: gcc.c-torture/execute/builtins/sprintf-chk.c compilation,  -O3 -g 
UNRESOLVED: gcc.c-torture/execute/builtins/sprintf-chk.c execution,  -O3 -g 
FAIL: gcc.c-torture/execute/builtins/sprintf-chk.c compilation,  -Os 
UNRESOLVED: gcc.c-torture/execute/builtins/sprintf-chk.c execution,  -Os 
FAIL: gcc.c-torture/execute/builtins/stpcpy-chk.c compilation,  -O0 
UNRESOLVED: gcc.c-torture/execute/builtins/stpcpy-chk.c execution,  -O0 
FAIL: gcc.c-torture/execute/builtins/stpcpy-chk.c compilation,  -O1 
UNRESOLVED: gcc.c-torture/execute/builtins/stpcpy-chk.c execution,  -O1 
FAIL: gcc.c-torture/execute/builtins/stpcpy-chk.c compilation,  -O2 
UNRESOLVED: gcc.c-torture/execute/builtins/stpcpy-chk.c execution,  -O2 
FAIL: gcc.c-torture/execute/builtins/stpcpy-chk.c compilation,  -O3 -fomit-frame-pointer 
UNRESOLVED: gcc.c-torture/execute/builtins/stpcpy-chk.c execution,  -O3 -fomit-frame-pointer 
FAIL: gcc.c-torture/execute/builtins/stpcpy-chk.c compilation,  -O3 -fomit-frame-pointer -funroll-loops 
UNRESOLVED: gcc.c-torture/execute/builtins/stpcpy-chk.c execution,  -O3 -fomit-frame-pointer -funroll-loops 
FAIL: gcc.c-torture/execute/builtins/stpcpy-chk.c compilation,  -O3 -fomit-frame-pointer -funroll-all-loops -finline-functions 
UNRESOLVED: gcc.c-torture/execute/builtins/stpcpy-chk.c execution,  -O3 -fomit-frame-pointer -funroll-all-loops -finline-functions 
FAIL: gcc.c-torture/execute/builtins/stpcpy-chk.c compilation,  -O3 -g 
UNRESOLVED: gcc.c-torture/execute/builtins/stpcpy-chk.c execution,  -O3 -g 
FAIL: gcc.c-torture/execute/builtins/stpcpy-chk.c compilation,  -Os 
UNRESOLVED: gcc.c-torture/execute/builtins/stpcpy-chk.c execution,  -Os 
FAIL: gcc.c-torture/execute/builtins/strcat-chk.c compilation,  -O0 
UNRESOLVED: gcc.c-torture/execute/builtins/strcat-chk.c execution,  -O0 
FAIL: gcc.c-torture/execute/builtins/strcat-chk.c compilation,  -O1 
UNRESOLVED: gcc.c-torture/execute/builtins/strcat-chk.c execution,  -O1 
FAIL: gcc.c-torture/execute/builtins/strcat-chk.c compilation,  -O2 
UNRESOLVED: gcc.c-torture/execute/builtins/strcat-chk.c execution,  -O2 
FAIL: gcc.c-torture/execute/builtins/strcat-chk.c compilation,  -O3 -fomit-frame-pointer 
UNRESOLVED: gcc.c-torture/execute/builtins/strcat-chk.c execution,  -O3 -fomit-frame-pointer 
FAIL: gcc.c-torture/execute/builtins/strcat-chk.c compilation,  -O3 -fomit-frame-pointer -funroll-loops 
UNRESOLVED: gcc.c-torture/execute/builtins/strcat-chk.c execution,  -O3 -fomit-frame-pointer -funroll-loops 
FAIL: gcc.c-torture/execute/builtins/strcat-chk.c compilation,  -O3 -fomit-frame-pointer -funroll-all-loops -finline-functions 
UNRESOLVED: gcc.c-torture/execute/builtins/strcat-chk.c execution,  -O3 -fomit-frame-pointer -funroll-all-loops -finline-functions 
FAIL: gcc.c-torture/execute/builtins/strcat-chk.c compilation,  -O3 -g 
UNRESOLVED: gcc.c-torture/execute/builtins/strcat-chk.c execution,  -O3 -g 
FAIL: gcc.c-torture/execute/builtins/strcat-chk.c compilation,  -Os 
UNRESOLVED: gcc.c-torture/execute/builtins/strcat-chk.c execution,  -Os 
FAIL: gcc.c-torture/execute/builtins/strcpy-chk.c compilation,  -O0 
UNRESOLVED: gcc.c-torture/execute/builtins/strcpy-chk.c execution,  -O0 
FAIL: gcc.c-torture/execute/builtins/strcpy-chk.c compilation,  -O1 
UNRESOLVED: gcc.c-torture/execute/builtins/strcpy-chk.c execution,  -O1 
FAIL: gcc.c-torture/execute/builtins/strcpy-chk.c compilation,  -O2 
UNRESOLVED: gcc.c-torture/execute/builtins/strcpy-chk.c execution,  -O2 
FAIL: gcc.c-torture/execute/builtins/strcpy-chk.c compilation,  -O3 -fomit-frame-pointer 
UNRESOLVED: gcc.c-torture/execute/builtins/strcpy-chk.c execution,  -O3 -fomit-frame-pointer 
FAIL: gcc.c-torture/execute/builtins/strcpy-chk.c compilation,  -O3 -fomit-frame-pointer -funroll-loops 
UNRESOLVED: gcc.c-torture/execute/builtins/strcpy-chk.c execution,  -O3 -fomit-frame-pointer -funroll-loops 
FAIL: gcc.c-torture/execute/builtins/strcpy-chk.c compilation,  -O3 -fomit-frame-pointer -funroll-all-loops -finline-functions 
UNRESOLVED: gcc.c-torture/execute/builtins/strcpy-chk.c execution,  -O3 -fomit-frame-pointer -funroll-all-loops -finline-functions 
FAIL: gcc.c-torture/execute/builtins/strcpy-chk.c compilation,  -O3 -g 
UNRESOLVED: gcc.c-torture/execute/builtins/strcpy-chk.c execution,  -O3 -g 
FAIL: gcc.c-torture/execute/builtins/strcpy-chk.c compilation,  -Os 
UNRESOLVED: gcc.c-torture/execute/builtins/strcpy-chk.c execution,  -Os 
FAIL: gcc.c-torture/execute/builtins/strncat-chk.c compilation,  -O0 
UNRESOLVED: gcc.c-torture/execute/builtins/strncat-chk.c execution,  -O0 
FAIL: gcc.c-torture/execute/builtins/strncat-chk.c compilation,  -O1 
UNRESOLVED: gcc.c-torture/execute/builtins/strncat-chk.c execution,  -O1 
FAIL: gcc.c-torture/execute/builtins/strncat-chk.c compilation,  -O2 
UNRESOLVED: gcc.c-torture/execute/builtins/strncat-chk.c execution,  -O2 
FAIL: gcc.c-torture/execute/builtins/strncat-chk.c compilation,  -O3 -fomit-frame-pointer 
UNRESOLVED: gcc.c-torture/execute/builtins/strncat-chk.c execution,  -O3 -fomit-frame-pointer 
FAIL: gcc.c-torture/execute/builtins/strncat-chk.c compilation,  -O3 -fomit-frame-pointer -funroll-loops 
UNRESOLVED: gcc.c-torture/execute/builtins/strncat-chk.c execution,  -O3 -fomit-frame-pointer -funroll-loops 
FAIL: gcc.c-torture/execute/builtins/strncat-chk.c compilation,  -O3 -fomit-frame-pointer -funroll-all-loops -finline-functions 
UNRESOLVED: gcc.c-torture/execute/builtins/strncat-chk.c execution,  -O3 -fomit-frame-pointer -funroll-all-loops -finline-functions 
FAIL: gcc.c-torture/execute/builtins/strncat-chk.c compilation,  -O3 -g 
UNRESOLVED: gcc.c-torture/execute/builtins/strncat-chk.c execution,  -O3 -g 
FAIL: gcc.c-torture/execute/builtins/strncat-chk.c compilation,  -Os 
UNRESOLVED: gcc.c-torture/execute/builtins/strncat-chk.c execution,  -Os 
FAIL: gcc.c-torture/execute/builtins/strncpy-chk.c compilation,  -O0 
UNRESOLVED: gcc.c-torture/execute/builtins/strncpy-chk.c execution,  -O0 
FAIL: gcc.c-torture/execute/builtins/strncpy-chk.c compilation,  -O1 
UNRESOLVED: gcc.c-torture/execute/builtins/strncpy-chk.c execution,  -O1 
FAIL: gcc.c-torture/execute/builtins/strncpy-chk.c compilation,  -O2 
UNRESOLVED: gcc.c-torture/execute/builtins/strncpy-chk.c execution,  -O2 
FAIL: gcc.c-torture/execute/builtins/strncpy-chk.c compilation,  -O3 -fomit-frame-pointer 
UNRESOLVED: gcc.c-torture/execute/builtins/strncpy-chk.c execution,  -O3 -fomit-frame-pointer 
FAIL: gcc.c-torture/execute/builtins/strncpy-chk.c compilation,  -O3 -fomit-frame-pointer -funroll-loops 
UNRESOLVED: gcc.c-torture/execute/builtins/strncpy-chk.c execution,  -O3 -fomit-frame-pointer -funroll-loops 
FAIL: gcc.c-torture/execute/builtins/strncpy-chk.c compilation,  -O3 -fomit-frame-pointer -funroll-all-loops -finline-functions 
UNRESOLVED: gcc.c-torture/execute/builtins/strncpy-chk.c execution,  -O3 -fomit-frame-pointer -funroll-all-loops -finline-functions 
FAIL: gcc.c-torture/execute/builtins/strncpy-chk.c compilation,  -O3 -g 
UNRESOLVED: gcc.c-torture/execute/builtins/strncpy-chk.c execution,  -O3 -g 
FAIL: gcc.c-torture/execute/builtins/strncpy-chk.c compilation,  -Os 
UNRESOLVED: gcc.c-torture/execute/builtins/strncpy-chk.c execution,  -Os 
FAIL: gcc.c-torture/execute/builtins/vsnprintf-chk.c compilation,  -O0 
UNRESOLVED: gcc.c-torture/execute/builtins/vsnprintf-chk.c execution,  -O0 
FAIL: gcc.c-torture/execute/builtins/vsnprintf-chk.c compilation,  -O1 
UNRESOLVED: gcc.c-torture/execute/builtins/vsnprintf-chk.c execution,  -O1 
FAIL: gcc.c-torture/execute/builtins/vsnprintf-chk.c compilation,  -O2 
UNRESOLVED: gcc.c-torture/execute/builtins/vsnprintf-chk.c execution,  -O2 
FAIL: gcc.c-torture/execute/builtins/vsnprintf-chk.c compilation,  -O3 -fomit-frame-pointer 
UNRESOLVED: gcc.c-torture/execute/builtins/vsnprintf-chk.c execution,  -O3 -fomit-frame-pointer 
FAIL: gcc.c-torture/execute/builtins/vsnprintf-chk.c compilation,  -O3 -fomit-frame-pointer -funroll-loops 
UNRESOLVED: gcc.c-torture/execute/builtins/vsnprintf-chk.c execution,  -O3 -fomit-frame-pointer -funroll-loops 
FAIL: gcc.c-torture/execute/builtins/vsnprintf-chk.c compilation,  -O3 -fomit-frame-pointer -funroll-all-loops -finline-functions 
UNRESOLVED: gcc.c-torture/execute/builtins/vsnprintf-chk.c execution,  -O3 -fomit-frame-pointer -funroll-all-loops -finline-functions 
FAIL: gcc.c-torture/execute/builtins/vsnprintf-chk.c compilation,  -O3 -g 
UNRESOLVED: gcc.c-torture/execute/builtins/vsnprintf-chk.c execution,  -O3 -g 
FAIL: gcc.c-torture/execute/builtins/vsnprintf-chk.c compilation,  -Os 
UNRESOLVED: gcc.c-torture/execute/builtins/vsnprintf-chk.c execution,  -Os 
FAIL: gcc.c-torture/execute/builtins/vsprintf-chk.c compilation,  -O0 
UNRESOLVED: gcc.c-torture/execute/builtins/vsprintf-chk.c execution,  -O0 
FAIL: gcc.c-torture/execute/builtins/vsprintf-chk.c compilation,  -O1 
UNRESOLVED: gcc.c-torture/execute/builtins/vsprintf-chk.c execution,  -O1 
FAIL: gcc.c-torture/execute/builtins/vsprintf-chk.c compilation,  -O2 
UNRESOLVED: gcc.c-torture/execute/builtins/vsprintf-chk.c execution,  -O2 
FAIL: gcc.c-torture/execute/builtins/vsprintf-chk.c compilation,  -O3 -fomit-frame-pointer 
UNRESOLVED: gcc.c-torture/execute/builtins/vsprintf-chk.c execution,  -O3 -fomit-frame-pointer 
FAIL: gcc.c-torture/execute/builtins/vsprintf-chk.c compilation,  -O3 -fomit-frame-pointer -funroll-loops 
UNRESOLVED: gcc.c-torture/execute/builtins/vsprintf-chk.c execution,  -O3 -fomit-frame-pointer -funroll-loops 
FAIL: gcc.c-torture/execute/builtins/vsprintf-chk.c compilation,  -O3 -fomit-frame-pointer -funroll-all-loops -finline-functions 
UNRESOLVED: gcc.c-torture/execute/builtins/vsprintf-chk.c execution,  -O3 -fomit-frame-pointer -funroll-all-loops -finline-functions 
FAIL: gcc.c-torture/execute/builtins/vsprintf-chk.c compilation,  -O3 -g 
UNRESOLVED: gcc.c-torture/execute/builtins/vsprintf-chk.c execution,  -O3 -g 
FAIL: gcc.c-torture/execute/builtins/vsprintf-chk.c compilation,  -Os 
UNRESOLVED: gcc.c-torture/execute/builtins/vsprintf-chk.c execution,  -Os 
FAIL: gcc.c-torture/execute/20000822-1.c execution,  -O0 
FAIL: gcc.c-torture/execute/20000822-1.c execution,  -O1 
FAIL: gcc.c-torture/execute/20000822-1.c execution,  -O2 
FAIL: gcc.c-torture/execute/20000822-1.c execution,  -O3 -fomit-frame-pointer 
FAIL: gcc.c-torture/execute/20000822-1.c execution,  -O3 -g 
FAIL: gcc.c-torture/execute/20000822-1.c execution,  -Os 
FAIL: gcc.c-torture/execute/built-in-setjmp.c compilation,  -O0 
UNRESOLVED: gcc.c-torture/execute/built-in-setjmp.c execution,  -O0 
FAIL: gcc.c-torture/execute/built-in-setjmp.c compilation,  -O1 
UNRESOLVED: gcc.c-torture/execute/built-in-setjmp.c execution,  -O1 
FAIL: gcc.c-torture/execute/built-in-setjmp.c compilation,  -O2 
UNRESOLVED: gcc.c-torture/execute/built-in-setjmp.c execution,  -O2 
FAIL: gcc.c-torture/execute/built-in-setjmp.c compilation,  -O3 -fomit-frame-pointer 
UNRESOLVED: gcc.c-torture/execute/built-in-setjmp.c execution,  -O3 -fomit-frame-pointer 
FAIL: gcc.c-torture/execute/built-in-setjmp.c compilation,  -O3 -fomit-frame-pointer -funroll-loops 
UNRESOLVED: gcc.c-torture/execute/built-in-setjmp.c execution,  -O3 -fomit-frame-pointer -funroll-loops 
FAIL: gcc.c-torture/execute/built-in-setjmp.c compilation,  -O3 -fomit-frame-pointer -funroll-all-loops -finline-functions 
UNRESOLVED: gcc.c-torture/execute/built-in-setjmp.c execution,  -O3 -fomit-frame-pointer -funroll-all-loops -finline-functions 
FAIL: gcc.c-torture/execute/built-in-setjmp.c compilation,  -O3 -g 
UNRESOLVED: gcc.c-torture/execute/built-in-setjmp.c execution,  -O3 -g 
FAIL: gcc.c-torture/execute/built-in-setjmp.c compilation,  -Os 
UNRESOLVED: gcc.c-torture/execute/built-in-setjmp.c execution,  -Os 
FAIL: gcc.c-torture/execute/nestfunc-3.c execution,  -O0 
FAIL: gcc.c-torture/execute/nestfunc-3.c execution,  -O1 
FAIL: gcc.c-torture/execute/nestfunc-3.c execution,  -O2 
FAIL: gcc.c-torture/execute/nestfunc-3.c execution,  -O3 -fomit-frame-pointer 
FAIL: gcc.c-torture/execute/nestfunc-3.c execution,  -O3 -fomit-frame-pointer -funroll-loops 
FAIL: gcc.c-torture/execute/nestfunc-3.c execution,  -O3 -fomit-frame-pointer -funroll-all-loops -finline-functions 
FAIL: gcc.c-torture/execute/nestfunc-3.c execution,  -O3 -g 
FAIL: gcc.c-torture/execute/nestfunc-3.c execution,  -Os 
FAIL: gcc.c-torture/execute/nestfunc-5.c execution,  -O0 
FAIL: gcc.c-torture/execute/nestfunc-5.c execution,  -O1 
FAIL: gcc.c-torture/execute/nestfunc-5.c execution,  -O2 
FAIL: gcc.c-torture/execute/nestfunc-5.c execution,  -O3 -fomit-frame-pointer 
FAIL: gcc.c-torture/execute/nestfunc-5.c execution,  -O3 -g 
FAIL: gcc.c-torture/execute/nestfunc-5.c execution,  -Os 
FAIL: gcc.c-torture/execute/nestfunc-6.c execution,  -O0 
FAIL: gcc.c-torture/execute/nestfunc-6.c execution,  -O1 
FAIL: gcc.c-torture/execute/nestfunc-6.c execution,  -O2 
FAIL: gcc.c-torture/execute/nestfunc-6.c execution,  -O3 -fomit-frame-pointer 
FAIL: gcc.c-torture/execute/nestfunc-6.c execution,  -O3 -g 
FAIL: gcc.c-torture/execute/nestfunc-6.c execution,  -Os 
FAIL: tmpdir-gcc.dg-struct-layout-1/t025 c_compat_x_tst.o-c_compat_y_tst.o execute 
FAIL: tmpdir-gcc.dg-struct-layout-1/t027 c_compat_x_tst.o-c_compat_y_tst.o execute 
FAIL: tmpdir-gcc.dg-struct-layout-1/t028 c_compat_x_tst.o-c_compat_y_tst.o execute 
FAIL: gcc.dg/cpp/_Pragma3.c (test for excess errors)
XPASS: gcc.dg/cpp/cmdlne-dI-M.c scan-file (^|\\\\n)cmdlne-dI-M.*:[^\\\\n]*cmdlne-dI-M.c
XPASS: gcc.dg/cpp/cmdlne-dM-M.c scan-file (^|\\\\n)cmdlne-dM-M[^\\\\n]*:[^\\\\n]*cmdlne-dM-M.c
FAIL: gcc.dg/20010912-1.c (test for excess errors)
WARNING: gcc.dg/20010912-1.c compilation failed to produce executable
FAIL: gcc.dg/20020103-1.c (test for excess errors)
ERROR: gcc.dg/20020103-1.c: error executing dg-final: couldn't open "20020103-1.s": no such file or directory
UNRESOLVED: gcc.dg/20020103-1.c: error executing dg-final: couldn't open "20020103-1.s": no such file or directory
FAIL: gcc.dg/20020430-1.c (test for excess errors)
FAIL: gcc.dg/20021029-1.c (test for excess errors)
ERROR: gcc.dg/20021029-1.c: error executing dg-final: couldn't open "20021029-1.s": no such file or directory
UNRESOLVED: gcc.dg/20021029-1.c: error executing dg-final: couldn't open "20021029-1.s": no such file or directory
FAIL: gcc.dg/20021116-1.c (test for excess errors)
FAIL: gcc.dg/20030702-1.c (test for excess errors)
FAIL: gcc.dg/20030708-1.c (test for excess errors)
FAIL: gcc.dg/20040311-2.c (test for excess errors)
FAIL: gcc.dg/20050321-2.c (test for excess errors)
FAIL: gcc.dg/builtin-apply4.c execution test
FAIL: gcc.dg/const-compare.c (test for excess errors)
FAIL: gcc.dg/pragma-pack-3.c execution test
FAIL: gcc.dg/sibcall-6.c execution test
FAIL: gcc.dg/trampoline-1.c execution test
WARNING: gcc.dg/torture/fp-int-convert-float128-timode.c  -O0  compilation failed to produce executable
WARNING: gcc.dg/torture/fp-int-convert-float128-timode.c  -O1  compilation failed to produce executable
WARNING: gcc.dg/torture/fp-int-convert-float128-timode.c  -O2  compilation failed to produce executable
WARNING: gcc.dg/torture/fp-int-convert-float128-timode.c  -O3 -fomit-frame-pointer  compilation failed to produce executable
WARNING: gcc.dg/torture/fp-int-convert-float128-timode.c  -O3 -g  compilation failed to produce executable
WARNING: gcc.dg/torture/fp-int-convert-float128-timode.c  -Os  compilation failed to produce executable
WARNING: gcc.dg/torture/fp-int-convert-float128.c  -O0  compilation failed to produce executable
WARNING: gcc.dg/torture/fp-int-convert-float128.c  -O1  compilation failed to produce executable
WARNING: gcc.dg/torture/fp-int-convert-float128.c  -O2  compilation failed to produce executable
WARNING: gcc.dg/torture/fp-int-convert-float128.c  -O3 -fomit-frame-pointer  compilation failed to produce executable
WARNING: gcc.dg/torture/fp-int-convert-float128.c  -O3 -g  compilation failed to produce executable
WARNING: gcc.dg/torture/fp-int-convert-float128.c  -Os  compilation failed to produce executable
FAIL: gcc.dg/tree-ssa/gen-vect-11.c scan-tree-dump-times vectorized 1 loops 1
FAIL: gcc.dg/tree-ssa/gen-vect-11b.c scan-tree-dump-times vectorized 0 loops 1
FAIL: gcc.dg/tree-ssa/gen-vect-11c.c scan-tree-dump-times vectorized 0 loops 1
FAIL: gcc.dg/tree-ssa/loop-3.c scan-tree-dump-times step: 1
FAIL: gcc.target/i386/20011119-1.c (test for excess errors)
WARNING: gcc.target/i386/20011119-1.c compilation failed to produce executable
FAIL: gcc.target/i386/20020523-1.c (test for excess errors)
WARNING: gcc.target/i386/20020523-1.c compilation failed to produce executable
FAIL: gcc.target/i386/387-1.c scan-assembler call\\t_?sin
FAIL: gcc.target/i386/387-1.c scan-assembler call\\t_?cos
FAIL: gcc.target/i386/387-1.c scan-assembler call\\t_?sqrt
FAIL: gcc.target/i386/387-1.c scan-assembler call\\t_?atan2
FAIL: gcc.target/i386/387-1.c scan-assembler call\\t_?log
FAIL: gcc.target/i386/387-1.c scan-assembler call\\t_?exp
FAIL: gcc.target/i386/387-1.c scan-assembler call\\t_?tan
FAIL: gcc.target/i386/387-1.c scan-assembler call\\t_?fmod
FAIL: gcc.target/i386/387-3.c scan-assembler fldpi
FAIL: gcc.target/i386/387-4.c scan-assembler fldpi
FAIL: gcc.target/i386/387-5.c scan-assembler call\\t_?atan
FAIL: gcc.target/i386/387-5.c scan-assembler call\\t_?log1p
FAIL: gcc.target/i386/387-5.c scan-assembler call\\t_?drem
FAIL: gcc.target/i386/980211-1.c (test for excess errors)
FAIL: gcc.target/i386/asm-3.c (test for excess errors)
WARNING: gcc.target/i386/asm-3.c compilation failed to produce executable
FAIL: gcc.target/i386/bitfield1.c execution test
FAIL: gcc.target/i386/bitfield2.c execution test
FAIL: gcc.target/i386/clobbers.c (test for excess errors)
WARNING: gcc.target/i386/clobbers.c compilation failed to produce executable
FAIL: gcc.target/i386/local2.c scan-assembler-not sub[^\\\\n]*sp
FAIL: gcc.target/i386/pr21291.c (test for excess errors)
FAIL: gcc.target/i386/pr23098.c scan-assembler-not .LC[0-9]
FAIL: gcc.target/i386/ssefn-1.c scan-assembler-not movsd
FAIL: gcc.target/i386/ssefn-1.c scan-assembler-not mulsd

		=== gcc Summary ===

# of expected passes		37813
# of unexpected failures	201
# of unexpected successes	2
# of expected failures		109
# of unresolved testcases	114
# of untested testcases		28
# of unsupported tests		333
/Volumes/HD/ltmp/ssen/gcc-build/gcc/xgcc  version 4.2.0 20060112 (experimental)

		=== gfortran tests ===


Running target unix
FAIL: gfortran.dg/PR19754_2.f90  -O0  execution test
FAIL: gfortran.dg/PR19754_2.f90  -O1  execution test
FAIL: gfortran.dg/PR19754_2.f90  -O2  execution test
FAIL: gfortran.dg/PR19754_2.f90  -O3 -fomit-frame-pointer  execution test
FAIL: gfortran.dg/PR19754_2.f90  -O3 -fomit-frame-pointer -funroll-loops  execution test
FAIL: gfortran.dg/PR19754_2.f90  -O3 -fomit-frame-pointer -funroll-all-loops -finline-functions  execution test
FAIL: gfortran.dg/PR19754_2.f90  -O3 -g  execution test
FAIL: gfortran.dg/PR19754_2.f90  -Os  execution test
FAIL: gfortran.dg/assign_2.f90  -O0  (test for excess errors)
WARNING: gfortran.dg/assign_2.f90  -O0  compilation failed to produce executable
FAIL: gfortran.dg/automatic_char_len_2.f90  -O0  execution test
FAIL: gfortran.dg/automatic_char_len_2.f90  -O1  execution test
FAIL: gfortran.dg/automatic_char_len_2.f90  -O2  execution test
FAIL: gfortran.dg/automatic_char_len_2.f90  -O3 -fomit-frame-pointer  execution test
FAIL: gfortran.dg/automatic_char_len_2.f90  -O3 -fomit-frame-pointer -funroll-loops  execution test
FAIL: gfortran.dg/automatic_char_len_2.f90  -O3 -fomit-frame-pointer -funroll-all-loops -finline-functions  execution test
FAIL: gfortran.dg/automatic_char_len_2.f90  -O3 -g  execution test
FAIL: gfortran.dg/automatic_char_len_2.f90  -Os  execution test
FAIL: gfortran.dg/backspace.f  -O0  execution test
FAIL: gfortran.dg/backspace.f  -O1  execution test
FAIL: gfortran.dg/backspace.f  -O2  execution test
FAIL: gfortran.dg/backspace.f  -O3 -fomit-frame-pointer  execution test
FAIL: gfortran.dg/backspace.f  -O3 -g  execution test
FAIL: gfortran.dg/backspace.f  -Os  execution test
FAIL: gfortran.dg/char_result_5.f90  -O0  execution test
FAIL: gfortran.dg/char_result_5.f90  -O1  execution test
FAIL: gfortran.dg/char_result_5.f90  -O2  execution test
FAIL: gfortran.dg/char_result_5.f90  -O3 -fomit-frame-pointer  execution test
FAIL: gfortran.dg/char_result_5.f90  -O3 -fomit-frame-pointer -funroll-loops  execution test
FAIL: gfortran.dg/char_result_5.f90  -O3 -fomit-frame-pointer -funroll-all-loops -finline-functions  execution test
FAIL: gfortran.dg/char_result_5.f90  -O3 -g  execution test
FAIL: gfortran.dg/char_result_5.f90  -Os  execution test
FAIL: gfortran.dg/char_result_6.f90  -O0  execution test
FAIL: gfortran.dg/complex_read.f90  -O0  execution test
FAIL: gfortran.dg/complex_read.f90  -O1  execution test
FAIL: gfortran.dg/complex_read.f90  -O2  execution test
FAIL: gfortran.dg/complex_read.f90  -O3 -fomit-frame-pointer  execution test
FAIL: gfortran.dg/complex_read.f90  -O3 -fomit-frame-pointer -funroll-loops  execution test
FAIL: gfortran.dg/complex_read.f90  -O3 -fomit-frame-pointer -funroll-all-loops -finline-functions  execution test
FAIL: gfortran.dg/complex_read.f90  -O3 -g  execution test
FAIL: gfortran.dg/complex_read.f90  -Os  execution test
FAIL: gfortran.dg/complex_write.f90  -O0  execution test
FAIL: gfortran.dg/complex_write.f90  -O1  execution test
FAIL: gfortran.dg/complex_write.f90  -O2  execution test
FAIL: gfortran.dg/complex_write.f90  -O3 -fomit-frame-pointer  execution test
FAIL: gfortran.dg/complex_write.f90  -O3 -fomit-frame-pointer -funroll-loops  execution test
FAIL: gfortran.dg/complex_write.f90  -O3 -fomit-frame-pointer -funroll-all-loops -finline-functions  execution test
FAIL: gfortran.dg/complex_write.f90  -O3 -g  execution test
FAIL: gfortran.dg/complex_write.f90  -Os  execution test
FAIL: gfortran.dg/csqrt_2.f  -O0  execution test
FAIL: gfortran.dg/csqrt_2.f  -O1  execution test
FAIL: gfortran.dg/csqrt_2.f  -O2  execution test
FAIL: gfortran.dg/csqrt_2.f  -O3 -fomit-frame-pointer  execution test
FAIL: gfortran.dg/csqrt_2.f  -O3 -fomit-frame-pointer -funroll-loops  execution test
FAIL: gfortran.dg/csqrt_2.f  -O3 -fomit-frame-pointer -funroll-all-loops -finline-functions  execution test
FAIL: gfortran.dg/csqrt_2.f  -O3 -g  execution test
FAIL: gfortran.dg/csqrt_2.f  -Os  execution test
FAIL: gfortran.dg/e_d_fmt.f90  -O0  execution test
FAIL: gfortran.dg/e_d_fmt.f90  -O1  execution test
FAIL: gfortran.dg/e_d_fmt.f90  -O2  execution test
FAIL: gfortran.dg/e_d_fmt.f90  -O3 -fomit-frame-pointer  execution test
FAIL: gfortran.dg/e_d_fmt.f90  -O3 -fomit-frame-pointer -funroll-loops  execution test
FAIL: gfortran.dg/e_d_fmt.f90  -O3 -fomit-frame-pointer -funroll-all-loops -finline-functions  execution test
FAIL: gfortran.dg/e_d_fmt.f90  -O3 -g  execution test
FAIL: gfortran.dg/e_d_fmt.f90  -Os  execution test
FAIL: gfortran.dg/edit_real_1.f90  -O0  execution test
FAIL: gfortran.dg/edit_real_1.f90  -O1  execution test
FAIL: gfortran.dg/edit_real_1.f90  -O2  execution test
FAIL: gfortran.dg/edit_real_1.f90  -O3 -fomit-frame-pointer  execution test
FAIL: gfortran.dg/edit_real_1.f90  -O3 -fomit-frame-pointer -funroll-loops  execution test
FAIL: gfortran.dg/edit_real_1.f90  -O3 -fomit-frame-pointer -funroll-all-loops -finline-functions  execution test
FAIL: gfortran.dg/edit_real_1.f90  -O3 -g  execution test
FAIL: gfortran.dg/edit_real_1.f90  -Os  execution test
FAIL: gfortran.dg/elemental_subroutine_1.f90  -O0  execution test
FAIL: gfortran.dg/elemental_subroutine_1.f90  -O1  execution test
FAIL: gfortran.dg/elemental_subroutine_1.f90  -O2  execution test
FAIL: gfortran.dg/elemental_subroutine_1.f90  -O3 -fomit-frame-pointer  execution test
FAIL: gfortran.dg/elemental_subroutine_1.f90  -O3 -fomit-frame-pointer -funroll-loops  execution test
FAIL: gfortran.dg/elemental_subroutine_1.f90  -O3 -fomit-frame-pointer -funroll-all-loops -finline-functions  execution test
FAIL: gfortran.dg/elemental_subroutine_1.f90  -O3 -g  execution test
FAIL: gfortran.dg/elemental_subroutine_1.f90  -Os  execution test
FAIL: gfortran.dg/f2c_2.f90  -O0  execution test
FAIL: gfortran.dg/fmt_read.f90  -O0  execution test
FAIL: gfortran.dg/fmt_read.f90  -O1  execution test
FAIL: gfortran.dg/fmt_read.f90  -O2  execution test
FAIL: gfortran.dg/fmt_read.f90  -O3 -fomit-frame-pointer  execution test
FAIL: gfortran.dg/fmt_read.f90  -O3 -fomit-frame-pointer -funroll-loops  execution test
FAIL: gfortran.dg/fmt_read.f90  -O3 -fomit-frame-pointer -funroll-all-loops -finline-functions  execution test
FAIL: gfortran.dg/fmt_read.f90  -O3 -g  execution test
FAIL: gfortran.dg/fmt_read.f90  -Os  execution test
FAIL: gfortran.dg/fmt_read_bz_bn.f90  -O0  execution test
FAIL: gfortran.dg/fmt_read_bz_bn.f90  -O1  execution test
FAIL: gfortran.dg/fmt_read_bz_bn.f90  -O2  execution test
FAIL: gfortran.dg/fmt_read_bz_bn.f90  -O3 -fomit-frame-pointer  execution test
FAIL: gfortran.dg/fmt_read_bz_bn.f90  -O3 -fomit-frame-pointer -funroll-loops  execution test
FAIL: gfortran.dg/fmt_read_bz_bn.f90  -O3 -fomit-frame-pointer -funroll-all-loops -finline-functions  execution test
FAIL: gfortran.dg/fmt_read_bz_bn.f90  -O3 -g  execution test
FAIL: gfortran.dg/fmt_read_bz_bn.f90  -Os  execution test
FAIL: gfortran.dg/fmt_white.f  -O0  execution test
FAIL: gfortran.dg/fmt_white.f  -O1  execution test
FAIL: gfortran.dg/fmt_white.f  -O2  execution test
FAIL: gfortran.dg/fmt_white.f  -O3 -fomit-frame-pointer  execution test
FAIL: gfortran.dg/fmt_white.f  -O3 -fomit-frame-pointer -funroll-loops  execution test
FAIL: gfortran.dg/fmt_white.f  -O3 -fomit-frame-pointer -funroll-all-loops -finline-functions  execution test
FAIL: gfortran.dg/fmt_white.f  -O3 -g  execution test
FAIL: gfortran.dg/fmt_white.f  -Os  execution test
FAIL: gfortran.dg/fold_nearest.f90  -O0  execution test
FAIL: gfortran.dg/fold_nearest.f90  -O1  execution test
FAIL: gfortran.dg/fold_nearest.f90  -O2  execution test
FAIL: gfortran.dg/fold_nearest.f90  -O3 -fomit-frame-pointer  execution test
FAIL: gfortran.dg/fold_nearest.f90  -O3 -fomit-frame-pointer -funroll-loops  execution test
FAIL: gfortran.dg/fold_nearest.f90  -O3 -fomit-frame-pointer -funroll-all-loops -finline-functions  execution test
FAIL: gfortran.dg/fold_nearest.f90  -O3 -g  execution test
FAIL: gfortran.dg/fold_nearest.f90  -Os  execution test
FAIL: gfortran.dg/hollerith2.f90  -O0  execution test
FAIL: gfortran.dg/int_1.f90  -O0  execution test
FAIL: gfortran.dg/intrinsic_modulo_1.f90  -O0  execution test
FAIL: gfortran.dg/intrinsic_modulo_1.f90  -O1  execution test
FAIL: gfortran.dg/intrinsic_modulo_1.f90  -O2  execution test
FAIL: gfortran.dg/intrinsic_modulo_1.f90  -O3 -fomit-frame-pointer  execution test
FAIL: gfortran.dg/intrinsic_modulo_1.f90  -O3 -fomit-frame-pointer -funroll-loops  execution test
FAIL: gfortran.dg/intrinsic_modulo_1.f90  -O3 -fomit-frame-pointer -funroll-all-loops -finline-functions  execution test
FAIL: gfortran.dg/intrinsic_modulo_1.f90  -O3 -g  execution test
FAIL: gfortran.dg/intrinsic_modulo_1.f90  -Os  execution test
FAIL: gfortran.dg/large_real_kind_1.f90  -O0  execution test
FAIL: gfortran.dg/large_real_kind_1.f90  -O1  execution test
FAIL: gfortran.dg/large_real_kind_1.f90  -O2  execution test
FAIL: gfortran.dg/large_real_kind_1.f90  -O3 -fomit-frame-pointer  execution test
FAIL: gfortran.dg/large_real_kind_1.f90  -O3 -fomit-frame-pointer -funroll-loops  execution test
FAIL: gfortran.dg/large_real_kind_1.f90  -O3 -fomit-frame-pointer -funroll-all-loops -finline-functions  execution test
FAIL: gfortran.dg/large_real_kind_1.f90  -O3 -g  execution test
FAIL: gfortran.dg/large_real_kind_1.f90  -Os  execution test
FAIL: gfortran.dg/large_real_kind_2.F90  -O0  execution test
FAIL: gfortran.dg/large_real_kind_2.F90  -O1  execution test
FAIL: gfortran.dg/large_real_kind_2.F90  -O2  execution test
FAIL: gfortran.dg/large_real_kind_2.F90  -O3 -fomit-frame-pointer  execution test
FAIL: gfortran.dg/large_real_kind_2.F90  -O3 -fomit-frame-pointer -funroll-loops  execution test
FAIL: gfortran.dg/large_real_kind_2.F90  -O3 -fomit-frame-pointer -funroll-all-loops -finline-functions  execution test
FAIL: gfortran.dg/large_real_kind_2.F90  -O3 -g  execution test
FAIL: gfortran.dg/large_real_kind_2.F90  -Os  execution test
FAIL: gfortran.dg/large_real_kind_form_io_1.f90  -O0  execution test
FAIL: gfortran.dg/large_real_kind_form_io_1.f90  -O1  execution test
FAIL: gfortran.dg/large_real_kind_form_io_1.f90  -O2  execution test
FAIL: gfortran.dg/large_real_kind_form_io_1.f90  -O3 -fomit-frame-pointer  execution test
FAIL: gfortran.dg/large_real_kind_form_io_1.f90  -O3 -fomit-frame-pointer -funroll-loops  execution test
FAIL: gfortran.dg/large_real_kind_form_io_1.f90  -O3 -fomit-frame-pointer -funroll-all-loops -finline-functions  execution test
FAIL: gfortran.dg/large_real_kind_form_io_1.f90  -O3 -g  execution test
FAIL: gfortran.dg/large_real_kind_form_io_1.f90  -Os  execution test
FAIL: gfortran.dg/namelist_11.f  -O0  execution test
FAIL: gfortran.dg/namelist_11.f  -O1  execution test
FAIL: gfortran.dg/namelist_11.f  -O2  execution test
FAIL: gfortran.dg/namelist_11.f  -O3 -fomit-frame-pointer  execution test
FAIL: gfortran.dg/namelist_11.f  -O3 -fomit-frame-pointer -funroll-loops  execution test
FAIL: gfortran.dg/namelist_11.f  -O3 -fomit-frame-pointer -funroll-all-loops -finline-functions  execution test
FAIL: gfortran.dg/namelist_11.f  -O3 -g  execution test
FAIL: gfortran.dg/namelist_11.f  -Os  execution test
FAIL: gfortran.dg/namelist_13.f90  -O0  execution test
FAIL: gfortran.dg/namelist_13.f90  -O1  execution test
FAIL: gfortran.dg/namelist_13.f90  -O2  execution test
FAIL: gfortran.dg/namelist_13.f90  -O3 -fomit-frame-pointer  execution test
FAIL: gfortran.dg/namelist_13.f90  -O3 -fomit-frame-pointer -funroll-loops  execution test
FAIL: gfortran.dg/namelist_13.f90  -O3 -fomit-frame-pointer -funroll-all-loops -finline-functions  execution test
FAIL: gfortran.dg/namelist_13.f90  -O3 -g  execution test
FAIL: gfortran.dg/namelist_13.f90  -Os  execution test
FAIL: gfortran.dg/namelist_14.f90  -O0  execution test
FAIL: gfortran.dg/namelist_14.f90  -O1  execution test
FAIL: gfortran.dg/namelist_14.f90  -O2  execution test
FAIL: gfortran.dg/namelist_14.f90  -O3 -fomit-frame-pointer  execution test
FAIL: gfortran.dg/namelist_14.f90  -O3 -fomit-frame-pointer -funroll-loops  execution test
FAIL: gfortran.dg/namelist_14.f90  -O3 -fomit-frame-pointer -funroll-all-loops -finline-functions  execution test
FAIL: gfortran.dg/namelist_14.f90  -O3 -g  execution test
FAIL: gfortran.dg/namelist_14.f90  -Os  execution test
FAIL: gfortran.dg/namelist_16.f90  -O0  execution test
FAIL: gfortran.dg/namelist_16.f90  -O1  execution test
FAIL: gfortran.dg/namelist_16.f90  -O2  execution test
FAIL: gfortran.dg/namelist_16.f90  -O3 -fomit-frame-pointer  execution test
FAIL: gfortran.dg/namelist_16.f90  -O3 -fomit-frame-pointer -funroll-loops  execution test
FAIL: gfortran.dg/namelist_16.f90  -O3 -fomit-frame-pointer -funroll-all-loops -finline-functions  execution test
FAIL: gfortran.dg/namelist_16.f90  -O3 -g  execution test
FAIL: gfortran.dg/namelist_16.f90  -Os  execution test
FAIL: gfortran.dg/namelist_print_1.f  -O0  execution test
FAIL: gfortran.dg/namelist_print_1.f  -O1  execution test
FAIL: gfortran.dg/namelist_print_1.f  -O2  execution test
FAIL: gfortran.dg/namelist_print_1.f  -O3 -fomit-frame-pointer  execution test
FAIL: gfortran.dg/namelist_print_1.f  -O3 -fomit-frame-pointer -funroll-loops  execution test
FAIL: gfortran.dg/namelist_print_1.f  -O3 -fomit-frame-pointer -funroll-all-loops -finline-functions  execution test
FAIL: gfortran.dg/namelist_print_1.f  -O3 -g  execution test
FAIL: gfortran.dg/namelist_print_1.f  -Os  execution test
FAIL: gfortran.dg/output_exponents_1.f90  -O0  execution test
FAIL: gfortran.dg/output_exponents_1.f90  -O1  execution test
FAIL: gfortran.dg/output_exponents_1.f90  -O2  execution test
FAIL: gfortran.dg/output_exponents_1.f90  -O3 -fomit-frame-pointer  execution test
FAIL: gfortran.dg/output_exponents_1.f90  -O3 -fomit-frame-pointer -funroll-loops  execution test
FAIL: gfortran.dg/output_exponents_1.f90  -O3 -fomit-frame-pointer -funroll-all-loops -finline-functions  execution test
FAIL: gfortran.dg/output_exponents_1.f90  -O3 -g  execution test
FAIL: gfortran.dg/output_exponents_1.f90  -Os  execution test
FAIL: gfortran.dg/past_eor.f90  -O0  execution test
FAIL: gfortran.dg/past_eor.f90  -O1  execution test
FAIL: gfortran.dg/past_eor.f90  -O2  execution test
FAIL: gfortran.dg/past_eor.f90  -O3 -fomit-frame-pointer  execution test
FAIL: gfortran.dg/past_eor.f90  -O3 -fomit-frame-pointer -funroll-loops  execution test
FAIL: gfortran.dg/past_eor.f90  -O3 -fomit-frame-pointer -funroll-all-loops -finline-functions  execution test
FAIL: gfortran.dg/past_eor.f90  -O3 -g  execution test
FAIL: gfortran.dg/past_eor.f90  -Os  execution test
FAIL: gfortran.dg/pr17090.f90  -O0  execution test
FAIL: gfortran.dg/pr17090.f90  -O1  execution test
FAIL: gfortran.dg/pr17090.f90  -O2  execution test
FAIL: gfortran.dg/pr17090.f90  -O3 -fomit-frame-pointer  execution test
FAIL: gfortran.dg/pr17090.f90  -O3 -fomit-frame-pointer -funroll-loops  execution test
FAIL: gfortran.dg/pr17090.f90  -O3 -fomit-frame-pointer -funroll-all-loops -finline-functions  execution test
FAIL: gfortran.dg/pr17090.f90  -O3 -g  execution test
FAIL: gfortran.dg/pr17090.f90  -Os  execution test
FAIL: gfortran.dg/pr17706.f90  -O0  execution test
FAIL: gfortran.dg/pr17706.f90  -O1  execution test
FAIL: gfortran.dg/pr17706.f90  -O2  execution test
FAIL: gfortran.dg/pr17706.f90  -O3 -fomit-frame-pointer  execution test
FAIL: gfortran.dg/pr17706.f90  -O3 -fomit-frame-pointer -funroll-loops  execution test
FAIL: gfortran.dg/pr17706.f90  -O3 -fomit-frame-pointer -funroll-all-loops -finline-functions  execution test
FAIL: gfortran.dg/pr17706.f90  -O3 -g  execution test
FAIL: gfortran.dg/pr17706.f90  -Os  execution test
FAIL: gfortran.dg/pr18025.f90  -O0  execution test
FAIL: gfortran.dg/pr18025.f90  -O1  execution test
FAIL: gfortran.dg/pr18025.f90  -O2  execution test
FAIL: gfortran.dg/pr18025.f90  -O3 -fomit-frame-pointer  execution test
FAIL: gfortran.dg/pr18025.f90  -O3 -fomit-frame-pointer -funroll-loops  execution test
FAIL: gfortran.dg/pr18025.f90  -O3 -fomit-frame-pointer -funroll-all-loops -finline-functions  execution test
FAIL: gfortran.dg/pr18025.f90  -O3 -g  execution test
FAIL: gfortran.dg/pr18025.f90  -Os  execution test
FAIL: gfortran.dg/pr18122.f90  -O0  execution test
FAIL: gfortran.dg/pr18122.f90  -O1  execution test
FAIL: gfortran.dg/pr18122.f90  -O2  execution test
FAIL: gfortran.dg/pr18122.f90  -O3 -fomit-frame-pointer  execution test
FAIL: gfortran.dg/pr18122.f90  -O3 -fomit-frame-pointer -funroll-loops  execution test
FAIL: gfortran.dg/pr18122.f90  -O3 -fomit-frame-pointer -funroll-all-loops -finline-functions  execution test
FAIL: gfortran.dg/pr18122.f90  -O3 -g  execution test
FAIL: gfortran.dg/pr18122.f90  -Os  execution test
FAIL: gfortran.dg/pr18210.f90  -O0  execution test
FAIL: gfortran.dg/pr18210.f90  -O1  execution test
FAIL: gfortran.dg/pr18210.f90  -O2  execution test
FAIL: gfortran.dg/pr18210.f90  -O3 -fomit-frame-pointer  execution test
FAIL: gfortran.dg/pr18210.f90  -O3 -fomit-frame-pointer -funroll-loops  execution test
FAIL: gfortran.dg/pr18210.f90  -O3 -fomit-frame-pointer -funroll-all-loops -finline-functions  execution test
FAIL: gfortran.dg/pr18210.f90  -O3 -g  execution test
FAIL: gfortran.dg/pr18210.f90  -Os  execution test
FAIL: gfortran.dg/pr20124.f90  -O0  execution test
FAIL: gfortran.dg/pr20124.f90  -O1  execution test
FAIL: gfortran.dg/pr20124.f90  -O2  execution test
FAIL: gfortran.dg/pr20124.f90  -O3 -fomit-frame-pointer  execution test
FAIL: gfortran.dg/pr20124.f90  -O3 -fomit-frame-pointer -funroll-loops  execution test
FAIL: gfortran.dg/pr20124.f90  -O3 -fomit-frame-pointer -funroll-all-loops -finline-functions  execution test
FAIL: gfortran.dg/pr20124.f90  -O3 -g  execution test
FAIL: gfortran.dg/pr20124.f90  -Os  execution test
FAIL: gfortran.dg/pr20755.f  -O0  execution test
FAIL: gfortran.dg/pr20755.f  -O1  execution test
FAIL: gfortran.dg/pr20755.f  -O2  execution test
FAIL: gfortran.dg/pr20755.f  -O3 -fomit-frame-pointer  execution test
FAIL: gfortran.dg/pr20755.f  -O3 -fomit-frame-pointer -funroll-loops  execution test
FAIL: gfortran.dg/pr20755.f  -O3 -fomit-frame-pointer -funroll-all-loops -finline-functions  execution test
FAIL: gfortran.dg/pr20755.f  -O3 -g  execution test
FAIL: gfortran.dg/pr20755.f  -Os  execution test
FAIL: gfortran.dg/read_float_1.f90  -O0  execution test
FAIL: gfortran.dg/read_float_1.f90  -O1  execution test
FAIL: gfortran.dg/read_float_1.f90  -O2  execution test
FAIL: gfortran.dg/read_float_1.f90  -O3 -fomit-frame-pointer  execution test
FAIL: gfortran.dg/read_float_1.f90  -O3 -fomit-frame-pointer -funroll-loops  execution test
FAIL: gfortran.dg/read_float_1.f90  -O3 -fomit-frame-pointer -funroll-all-loops -finline-functions  execution test
FAIL: gfortran.dg/read_float_1.f90  -O3 -g  execution test
FAIL: gfortran.dg/read_float_1.f90  -Os  execution test
FAIL: gfortran.dg/real_do_1.f90  -O0  execution test
FAIL: gfortran.dg/real_do_1.f90  -O1  execution test
FAIL: gfortran.dg/real_do_1.f90  -O2  execution test
FAIL: gfortran.dg/real_do_1.f90  -Os  execution test
FAIL: gfortran.dg/reshape.f90  -O0  execution test
FAIL: gfortran.dg/reshape.f90  -O1  execution test
FAIL: gfortran.dg/reshape.f90  -O2  execution test
FAIL: gfortran.dg/reshape.f90  -O3 -fomit-frame-pointer  execution test
FAIL: gfortran.dg/reshape.f90  -O3 -fomit-frame-pointer -funroll-loops  execution test
FAIL: gfortran.dg/reshape.f90  -O3 -fomit-frame-pointer -funroll-all-loops -finline-functions  execution test
FAIL: gfortran.dg/reshape.f90  -O3 -g  execution test
FAIL: gfortran.dg/reshape.f90  -Os  execution test
FAIL: gfortran.dg/secnds.f  -O0  execution test
FAIL: gfortran.dg/secnds.f  -O1  execution test
FAIL: gfortran.dg/secnds.f  -O2  execution test
FAIL: gfortran.dg/secnds.f  -O3 -fomit-frame-pointer  execution test
FAIL: gfortran.dg/secnds.f  -O3 -fomit-frame-pointer -funroll-loops  execution test
FAIL: gfortran.dg/secnds.f  -O3 -fomit-frame-pointer -funroll-all-loops -finline-functions  execution test
FAIL: gfortran.dg/secnds.f  -O3 -g  execution test
FAIL: gfortran.dg/secnds.f  -Os  execution test
FAIL: gfortran.dg/write_0_pe_format.f90  -O0  execution test
FAIL: gfortran.dg/write_0_pe_format.f90  -O1  execution test
FAIL: gfortran.dg/write_0_pe_format.f90  -O2  execution test
FAIL: gfortran.dg/write_0_pe_format.f90  -O3 -fomit-frame-pointer  execution test
FAIL: gfortran.dg/write_0_pe_format.f90  -O3 -fomit-frame-pointer -funroll-loops  execution test
FAIL: gfortran.dg/write_0_pe_format.f90  -O3 -fomit-frame-pointer -funroll-all-loops -finline-functions  execution test
FAIL: gfortran.dg/write_0_pe_format.f90  -O3 -g  execution test
FAIL: gfortran.dg/write_0_pe_format.f90  -Os  execution test
FAIL: gfortran.dg/g77/20001111.f  -O0  execution test
FAIL: gfortran.dg/g77/20001111.f  -O1  execution test
FAIL: gfortran.dg/g77/20001111.f  -O2  execution test
FAIL: gfortran.dg/g77/20001111.f  -O3 -fomit-frame-pointer  execution test
FAIL: gfortran.dg/g77/20001111.f  -O3 -fomit-frame-pointer -funroll-loops  execution test
FAIL: gfortran.dg/g77/20001111.f  -O3 -fomit-frame-pointer -funroll-all-loops -finline-functions  execution test
FAIL: gfortran.dg/g77/20001111.f  -O3 -g  execution test
FAIL: gfortran.dg/g77/20001111.f  -Os  execution test
FAIL: gfortran.dg/g77/20010116.f  -O0  execution test
FAIL: gfortran.dg/g77/20010116.f  -O1  execution test
FAIL: gfortran.dg/g77/20010116.f  -O2  execution test
FAIL: gfortran.dg/g77/20010116.f  -O3 -fomit-frame-pointer  execution test
FAIL: gfortran.dg/g77/20010116.f  -O3 -fomit-frame-pointer -funroll-loops  execution test
FAIL: gfortran.dg/g77/20010116.f  -O3 -fomit-frame-pointer -funroll-all-loops -finline-functions  execution test
FAIL: gfortran.dg/g77/20010116.f  -O3 -g  execution test
FAIL: gfortran.dg/g77/20010116.f  -Os  execution test
FAIL: gfortran.dg/g77/20010426-1.f  -O0  execution test
FAIL: gfortran.dg/g77/20010426-1.f  -O1  execution test
FAIL: gfortran.dg/g77/20010426-1.f  -O2  execution test
FAIL: gfortran.dg/g77/20010426-1.f  -O3 -fomit-frame-pointer  execution test
FAIL: gfortran.dg/g77/20010426-1.f  -O3 -fomit-frame-pointer -funroll-loops  execution test
FAIL: gfortran.dg/g77/20010426-1.f  -O3 -fomit-frame-pointer -funroll-all-loops -finline-functions  execution test
FAIL: gfortran.dg/g77/20010426-1.f  -O3 -g  execution test
FAIL: gfortran.dg/g77/20010426-1.f  -Os  execution test
FAIL: gfortran.dg/g77/20010430.f  -O0  execution test
FAIL: gfortran.dg/g77/20010430.f  -O1  execution test
FAIL: gfortran.dg/g77/20010430.f  -O2  execution test
FAIL: gfortran.dg/g77/20010430.f  -O3 -fomit-frame-pointer  execution test
FAIL: gfortran.dg/g77/20010430.f  -O3 -fomit-frame-pointer -funroll-loops  execution test
FAIL: gfortran.dg/g77/20010430.f  -O3 -fomit-frame-pointer -funroll-all-loops -finline-functions  execution test
FAIL: gfortran.dg/g77/20010430.f  -O3 -g  execution test
FAIL: gfortran.dg/g77/20010430.f  -Os  execution test
FAIL: gfortran.dg/g77/970816-3.f  -O0  execution test
FAIL: gfortran.dg/g77/970816-3.f  -O1  execution test
FAIL: gfortran.dg/g77/970816-3.f  -O2  execution test
FAIL: gfortran.dg/g77/970816-3.f  -O3 -fomit-frame-pointer  execution test
FAIL: gfortran.dg/g77/970816-3.f  -O3 -fomit-frame-pointer -funroll-loops  execution test
FAIL: gfortran.dg/g77/970816-3.f  -O3 -fomit-frame-pointer -funroll-all-loops -finline-functions  execution test
FAIL: gfortran.dg/g77/970816-3.f  -O3 -g  execution test
FAIL: gfortran.dg/g77/970816-3.f  -Os  execution test
FAIL: gfortran.dg/g77/erfc.f  -O0  execution test
FAIL: gfortran.dg/g77/erfc.f  -O1  execution test
FAIL: gfortran.dg/g77/erfc.f  -O2  execution test
FAIL: gfortran.dg/g77/erfc.f  -O3 -fomit-frame-pointer  execution test
FAIL: gfortran.dg/g77/erfc.f  -O3 -fomit-frame-pointer -funroll-loops  execution test
FAIL: gfortran.dg/g77/erfc.f  -O3 -fomit-frame-pointer -funroll-all-loops -finline-functions  execution test
FAIL: gfortran.dg/g77/erfc.f  -O3 -g  execution test
FAIL: gfortran.dg/g77/erfc.f  -Os  execution test
FAIL: gfortran.dg/g77/f77-edit-t-in.f  -O0  execution test
FAIL: gfortran.dg/g77/f77-edit-t-in.f  -O1  execution test
FAIL: gfortran.dg/g77/f77-edit-t-in.f  -O2  execution test
FAIL: gfortran.dg/g77/f77-edit-t-in.f  -O3 -fomit-frame-pointer  execution test
FAIL: gfortran.dg/g77/f77-edit-t-in.f  -O3 -fomit-frame-pointer -funroll-loops  execution test
FAIL: gfortran.dg/g77/f77-edit-t-in.f  -O3 -fomit-frame-pointer -funroll-all-loops -finline-functions  execution test
FAIL: gfortran.dg/g77/f77-edit-t-in.f  -O3 -g  execution test
FAIL: gfortran.dg/g77/f77-edit-t-in.f  -Os  execution test
FAIL: gfortran.dg/g77/intrinsic-unix-bessel.f  -O0  execution test
FAIL: gfortran.dg/g77/intrinsic-unix-bessel.f  -O1  execution test
FAIL: gfortran.dg/g77/intrinsic-unix-bessel.f  -O2  execution test
FAIL: gfortran.dg/g77/intrinsic-unix-bessel.f  -O3 -fomit-frame-pointer  execution test
FAIL: gfortran.dg/g77/intrinsic-unix-bessel.f  -O3 -fomit-frame-pointer -funroll-loops  execution test
FAIL: gfortran.dg/g77/intrinsic-unix-bessel.f  -O3 -fomit-frame-pointer -funroll-all-loops -finline-functions  execution test
FAIL: gfortran.dg/g77/intrinsic-unix-bessel.f  -O3 -g  execution test
FAIL: gfortran.dg/g77/intrinsic-unix-bessel.f  -Os  execution test
FAIL: gfortran.dg/g77/intrinsic-unix-erf.f  -O0  execution test
FAIL: gfortran.dg/g77/intrinsic-unix-erf.f  -O1  execution test
FAIL: gfortran.dg/g77/intrinsic-unix-erf.f  -O2  execution test
FAIL: gfortran.dg/g77/intrinsic-unix-erf.f  -O3 -fomit-frame-pointer  execution test
FAIL: gfortran.dg/g77/intrinsic-unix-erf.f  -O3 -fomit-frame-pointer -funroll-loops  execution test
FAIL: gfortran.dg/g77/intrinsic-unix-erf.f  -O3 -fomit-frame-pointer -funroll-all-loops -finline-functions  execution test
FAIL: gfortran.dg/g77/intrinsic-unix-erf.f  -O3 -g  execution test
FAIL: gfortran.dg/g77/intrinsic-unix-erf.f  -Os  execution test
FAIL: gfortran.fortran-torture/execute/der_io.f90 execution,  -O0 
FAIL: gfortran.fortran-torture/execute/der_io.f90 execution,  -O1 
FAIL: gfortran.fortran-torture/execute/der_io.f90 execution,  -O2 
FAIL: gfortran.fortran-torture/execute/der_io.f90 execution,  -O3 -fomit-frame-pointer 
FAIL: gfortran.fortran-torture/execute/der_io.f90 execution,  -O3 -fomit-frame-pointer -funroll-loops 
FAIL: gfortran.fortran-torture/execute/der_io.f90 execution,  -O3 -fomit-frame-pointer -funroll-all-loops -finline-functions 
FAIL: gfortran.fortran-torture/execute/der_io.f90 execution,  -O3 -g 
FAIL: gfortran.fortran-torture/execute/der_io.f90 execution,  -Os 
FAIL: gfortran.fortran-torture/execute/f2_edit_1.f90 execution,  -O0 
FAIL: gfortran.fortran-torture/execute/f2_edit_1.f90 execution,  -O1 
FAIL: gfortran.fortran-torture/execute/f2_edit_1.f90 execution,  -O2 
FAIL: gfortran.fortran-torture/execute/f2_edit_1.f90 execution,  -O3 -fomit-frame-pointer 
FAIL: gfortran.fortran-torture/execute/f2_edit_1.f90 execution,  -O3 -fomit-frame-pointer -funroll-loops 
FAIL: gfortran.fortran-torture/execute/f2_edit_1.f90 execution,  -O3 -fomit-frame-pointer -funroll-all-loops -finline-functions 
FAIL: gfortran.fortran-torture/execute/f2_edit_1.f90 execution,  -O3 -g 
FAIL: gfortran.fortran-torture/execute/f2_edit_1.f90 execution,  -Os 
FAIL: gfortran.fortran-torture/execute/intrinsic_aint_anint.f90 execution,  -O0 
FAIL: gfortran.fortran-torture/execute/intrinsic_aint_anint.f90 execution,  -O1 
FAIL: gfortran.fortran-torture/execute/intrinsic_aint_anint.f90 execution,  -O2 
FAIL: gfortran.fortran-torture/execute/intrinsic_aint_anint.f90 execution,  -O3 -fomit-frame-pointer 
FAIL: gfortran.fortran-torture/execute/intrinsic_aint_anint.f90 execution,  -O3 -fomit-frame-pointer -funroll-loops 
FAIL: gfortran.fortran-torture/execute/intrinsic_aint_anint.f90 execution,  -O3 -fomit-frame-pointer -funroll-all-loops -finline-functions 
FAIL: gfortran.fortran-torture/execute/intrinsic_aint_anint.f90 execution,  -O3 -g 
FAIL: gfortran.fortran-torture/execute/intrinsic_aint_anint.f90 execution,  -Os 
FAIL: gfortran.fortran-torture/execute/intrinsic_fraction_exponent.f90 execution,  -O0 
FAIL: gfortran.fortran-torture/execute/intrinsic_fraction_exponent.f90 execution,  -O1 
FAIL: gfortran.fortran-torture/execute/intrinsic_fraction_exponent.f90 execution,  -O2 
FAIL: gfortran.fortran-torture/execute/intrinsic_fraction_exponent.f90 execution,  -O3 -fomit-frame-pointer 
FAIL: gfortran.fortran-torture/execute/intrinsic_fraction_exponent.f90 execution,  -O3 -fomit-frame-pointer -funroll-loops 
FAIL: gfortran.fortran-torture/execute/intrinsic_fraction_exponent.f90 execution,  -O3 -fomit-frame-pointer -funroll-all-loops -finline-functions 
FAIL: gfortran.fortran-torture/execute/intrinsic_fraction_exponent.f90 execution,  -O3 -g 
FAIL: gfortran.fortran-torture/execute/intrinsic_fraction_exponent.f90 execution,  -Os 
FAIL: gfortran.fortran-torture/execute/intrinsic_integer.f90 execution,  -O0 
FAIL: gfortran.fortran-torture/execute/intrinsic_integer.f90 execution,  -O1 
FAIL: gfortran.fortran-torture/execute/intrinsic_integer.f90 execution,  -O2 
FAIL: gfortran.fortran-torture/execute/intrinsic_integer.f90 execution,  -O3 -fomit-frame-pointer 
FAIL: gfortran.fortran-torture/execute/intrinsic_integer.f90 execution,  -O3 -fomit-frame-pointer -funroll-loops 
FAIL: gfortran.fortran-torture/execute/intrinsic_integer.f90 execution,  -O3 -fomit-frame-pointer -funroll-all-loops -finline-functions 
FAIL: gfortran.fortran-torture/execute/intrinsic_integer.f90 execution,  -O3 -g 
FAIL: gfortran.fortran-torture/execute/intrinsic_integer.f90 execution,  -Os 
FAIL: gfortran.fortran-torture/execute/intrinsic_mod_ulo.f90 execution,  -O0 
FAIL: gfortran.fortran-torture/execute/intrinsic_mod_ulo.f90 execution,  -O1 
FAIL: gfortran.fortran-torture/execute/intrinsic_mod_ulo.f90 execution,  -O2 
FAIL: gfortran.fortran-torture/execute/intrinsic_mod_ulo.f90 execution,  -O3 -fomit-frame-pointer 
FAIL: gfortran.fortran-torture/execute/intrinsic_mod_ulo.f90 execution,  -O3 -fomit-frame-pointer -funroll-loops 
FAIL: gfortran.fortran-torture/execute/intrinsic_mod_ulo.f90 execution,  -O3 -fomit-frame-pointer -funroll-all-loops -finline-functions 
FAIL: gfortran.fortran-torture/execute/intrinsic_mod_ulo.f90 execution,  -O3 -g 
FAIL: gfortran.fortran-torture/execute/intrinsic_mod_ulo.f90 execution,  -Os 
FAIL: gfortran.fortran-torture/execute/intrinsic_nearest.f90 execution,  -O0 
FAIL: gfortran.fortran-torture/execute/intrinsic_nearest.f90 execution,  -O1 
FAIL: gfortran.fortran-torture/execute/intrinsic_nearest.f90 execution,  -O2 
FAIL: gfortran.fortran-torture/execute/intrinsic_nearest.f90 execution,  -O3 -fomit-frame-pointer 
FAIL: gfortran.fortran-torture/execute/intrinsic_nearest.f90 execution,  -O3 -fomit-frame-pointer -funroll-loops 
FAIL: gfortran.fortran-torture/execute/intrinsic_nearest.f90 execution,  -O3 -fomit-frame-pointer -funroll-all-loops -finline-functions 
FAIL: gfortran.fortran-torture/execute/intrinsic_nearest.f90 execution,  -O3 -g 
FAIL: gfortran.fortran-torture/execute/intrinsic_nearest.f90 execution,  -Os 
FAIL: gfortran.fortran-torture/execute/intrinsic_rrspacing.f90 execution,  -O0 
FAIL: gfortran.fortran-torture/execute/intrinsic_rrspacing.f90 execution,  -O1 
FAIL: gfortran.fortran-torture/execute/intrinsic_rrspacing.f90 execution,  -O2 
FAIL: gfortran.fortran-torture/execute/intrinsic_rrspacing.f90 execution,  -O3 -fomit-frame-pointer 
FAIL: gfortran.fortran-torture/execute/intrinsic_rrspacing.f90 execution,  -O3 -fomit-frame-pointer -funroll-loops 
FAIL: gfortran.fortran-torture/execute/intrinsic_rrspacing.f90 execution,  -O3 -fomit-frame-pointer -funroll-all-loops -finline-functions 
FAIL: gfortran.fortran-torture/execute/intrinsic_rrspacing.f90 execution,  -O3 -g 
FAIL: gfortran.fortran-torture/execute/intrinsic_rrspacing.f90 execution,  -Os 
FAIL: gfortran.fortran-torture/execute/intrinsic_scale.f90 execution,  -O0 
FAIL: gfortran.fortran-torture/execute/intrinsic_scale.f90 execution,  -O1 
FAIL: gfortran.fortran-torture/execute/intrinsic_scale.f90 execution,  -O2 
FAIL: gfortran.fortran-torture/execute/intrinsic_scale.f90 execution,  -O3 -fomit-frame-pointer 
FAIL: gfortran.fortran-torture/execute/intrinsic_scale.f90 execution,  -O3 -fomit-frame-pointer -funroll-loops 
FAIL: gfortran.fortran-torture/execute/intrinsic_scale.f90 execution,  -O3 -fomit-frame-pointer -funroll-all-loops -finline-functions 
FAIL: gfortran.fortran-torture/execute/intrinsic_scale.f90 execution,  -O3 -g 
FAIL: gfortran.fortran-torture/execute/intrinsic_scale.f90 execution,  -Os 
FAIL: gfortran.fortran-torture/execute/intrinsic_set_exponent.f90 execution,  -O0 
FAIL: gfortran.fortran-torture/execute/intrinsic_set_exponent.f90 execution,  -O1 
FAIL: gfortran.fortran-torture/execute/intrinsic_set_exponent.f90 execution,  -O2 
FAIL: gfortran.fortran-torture/execute/intrinsic_set_exponent.f90 execution,  -O3 -fomit-frame-pointer 
FAIL: gfortran.fortran-torture/execute/intrinsic_set_exponent.f90 execution,  -O3 -fomit-frame-pointer -funroll-loops 
FAIL: gfortran.fortran-torture/execute/intrinsic_set_exponent.f90 execution,  -O3 -fomit-frame-pointer -funroll-all-loops -finline-functions 
FAIL: gfortran.fortran-torture/execute/intrinsic_set_exponent.f90 execution,  -O3 -g 
FAIL: gfortran.fortran-torture/execute/intrinsic_set_exponent.f90 execution,  -Os 
FAIL: gfortran.fortran-torture/execute/intrinsic_si_kind.f90 execution,  -O0 
FAIL: gfortran.fortran-torture/execute/intrinsic_si_kind.f90 execution,  -O1 
FAIL: gfortran.fortran-torture/execute/intrinsic_si_kind.f90 execution,  -O2 
FAIL: gfortran.fortran-torture/execute/intrinsic_si_kind.f90 execution,  -O3 -fomit-frame-pointer 
FAIL: gfortran.fortran-torture/execute/intrinsic_si_kind.f90 execution,  -O3 -fomit-frame-pointer -funroll-loops 
FAIL: gfortran.fortran-torture/execute/intrinsic_si_kind.f90 execution,  -O3 -fomit-frame-pointer -funroll-all-loops -finline-functions 
FAIL: gfortran.fortran-torture/execute/intrinsic_si_kind.f90 execution,  -O3 -g 
FAIL: gfortran.fortran-torture/execute/intrinsic_si_kind.f90 execution,  -Os 
FAIL: gfortran.fortran-torture/execute/intrinsic_spacing.f90 execution,  -O0 
FAIL: gfortran.fortran-torture/execute/intrinsic_spacing.f90 execution,  -O1 
FAIL: gfortran.fortran-torture/execute/intrinsic_spacing.f90 execution,  -O2 
FAIL: gfortran.fortran-torture/execute/intrinsic_spacing.f90 execution,  -O3 -fomit-frame-pointer 
FAIL: gfortran.fortran-torture/execute/intrinsic_spacing.f90 execution,  -O3 -fomit-frame-pointer -funroll-loops 
FAIL: gfortran.fortran-torture/execute/intrinsic_spacing.f90 execution,  -O3 -fomit-frame-pointer -funroll-all-loops -finline-functions 
FAIL: gfortran.fortran-torture/execute/intrinsic_spacing.f90 execution,  -O3 -g 
FAIL: gfortran.fortran-torture/execute/intrinsic_spacing.f90 execution,  -Os 
FAIL: gfortran.fortran-torture/execute/iolength_1.f90 execution,  -O0 
FAIL: gfortran.fortran-torture/execute/iolength_1.f90 execution,  -O1 
FAIL: gfortran.fortran-torture/execute/iolength_1.f90 execution,  -O2 
FAIL: gfortran.fortran-torture/execute/iolength_1.f90 execution,  -O3 -fomit-frame-pointer 
FAIL: gfortran.fortran-torture/execute/iolength_1.f90 execution,  -O3 -fomit-frame-pointer -funroll-loops 
FAIL: gfortran.fortran-torture/execute/iolength_1.f90 execution,  -O3 -fomit-frame-pointer -funroll-all-loops -finline-functions 
FAIL: gfortran.fortran-torture/execute/iolength_1.f90 execution,  -O3 -g 
FAIL: gfortran.fortran-torture/execute/iolength_1.f90 execution,  -Os 
FAIL: gfortran.fortran-torture/execute/list_read_1.f90 execution,  -O0 
FAIL: gfortran.fortran-torture/execute/list_read_1.f90 execution,  -O1 
FAIL: gfortran.fortran-torture/execute/list_read_1.f90 execution,  -O2 
FAIL: gfortran.fortran-torture/execute/list_read_1.f90 execution,  -O3 -fomit-frame-pointer 
FAIL: gfortran.fortran-torture/execute/list_read_1.f90 execution,  -O3 -fomit-frame-pointer -funroll-loops 
FAIL: gfortran.fortran-torture/execute/list_read_1.f90 execution,  -O3 -fomit-frame-pointer -funroll-all-loops -finline-functions 
FAIL: gfortran.fortran-torture/execute/list_read_1.f90 execution,  -O3 -g 
FAIL: gfortran.fortran-torture/execute/list_read_1.f90 execution,  -Os 
FAIL: gfortran.fortran-torture/execute/math.f90 execution,  -O0 
FAIL: gfortran.fortran-torture/execute/math.f90 execution,  -O1 
FAIL: gfortran.fortran-torture/execute/math.f90 execution,  -O2 
FAIL: gfortran.fortran-torture/execute/math.f90 execution,  -O3 -fomit-frame-pointer 
FAIL: gfortran.fortran-torture/execute/math.f90 execution,  -O3 -fomit-frame-pointer -funroll-loops 
FAIL: gfortran.fortran-torture/execute/math.f90 execution,  -O3 -fomit-frame-pointer -funroll-all-loops -finline-functions 
FAIL: gfortran.fortran-torture/execute/math.f90 execution,  -O3 -g 
FAIL: gfortran.fortran-torture/execute/math.f90 execution,  -Os 
FAIL: gfortran.fortran-torture/execute/nan_inf_fmt.f90 execution,  -O0 
FAIL: gfortran.fortran-torture/execute/nan_inf_fmt.f90 execution,  -O1 
FAIL: gfortran.fortran-torture/execute/nan_inf_fmt.f90 execution,  -O2 
FAIL: gfortran.fortran-torture/execute/nan_inf_fmt.f90 execution,  -O3 -fomit-frame-pointer 
FAIL: gfortran.fortran-torture/execute/nan_inf_fmt.f90 execution,  -O3 -fomit-frame-pointer -funroll-loops 
FAIL: gfortran.fortran-torture/execute/nan_inf_fmt.f90 execution,  -O3 -fomit-frame-pointer -funroll-all-loops -finline-functions 
FAIL: gfortran.fortran-torture/execute/nan_inf_fmt.f90 execution,  -O3 -g 
FAIL: gfortran.fortran-torture/execute/nan_inf_fmt.f90 execution,  -Os 
FAIL: gfortran.fortran-torture/execute/power.f90 execution,  -O0 
FAIL: gfortran.fortran-torture/execute/power.f90 execution,  -O1 
FAIL: gfortran.fortran-torture/execute/power.f90 execution,  -O2 
FAIL: gfortran.fortran-torture/execute/power.f90 execution,  -O3 -fomit-frame-pointer 
FAIL: gfortran.fortran-torture/execute/power.f90 execution,  -O3 -fomit-frame-pointer -funroll-loops 
FAIL: gfortran.fortran-torture/execute/power.f90 execution,  -O3 -fomit-frame-pointer -funroll-all-loops -finline-functions 
FAIL: gfortran.fortran-torture/execute/power.f90 execution,  -O3 -g 
FAIL: gfortran.fortran-torture/execute/power.f90 execution,  -Os 
FAIL: gfortran.fortran-torture/execute/random_1.f90 execution,  -O0 
FAIL: gfortran.fortran-torture/execute/random_1.f90 execution,  -O1 
FAIL: gfortran.fortran-torture/execute/random_1.f90 execution,  -O2 
FAIL: gfortran.fortran-torture/execute/random_1.f90 execution,  -O3 -fomit-frame-pointer 
FAIL: gfortran.fortran-torture/execute/random_1.f90 execution,  -O3 -fomit-frame-pointer -funroll-loops 
FAIL: gfortran.fortran-torture/execute/random_1.f90 execution,  -O3 -fomit-frame-pointer -funroll-all-loops -finline-functions 
FAIL: gfortran.fortran-torture/execute/random_1.f90 execution,  -O3 -g 
FAIL: gfortran.fortran-torture/execute/random_1.f90 execution,  -Os 
FAIL: gfortran.fortran-torture/execute/random_2.f90 execution,  -O0 
FAIL: gfortran.fortran-torture/execute/random_2.f90 execution,  -O1 
FAIL: gfortran.fortran-torture/execute/random_2.f90 execution,  -O2 
FAIL: gfortran.fortran-torture/execute/random_2.f90 execution,  -O3 -fomit-frame-pointer 
FAIL: gfortran.fortran-torture/execute/random_2.f90 execution,  -O3 -fomit-frame-pointer -funroll-loops 
FAIL: gfortran.fortran-torture/execute/random_2.f90 execution,  -O3 -fomit-frame-pointer -funroll-all-loops -finline-functions 
FAIL: gfortran.fortran-torture/execute/random_2.f90 execution,  -O3 -g 
FAIL: gfortran.fortran-torture/execute/random_2.f90 execution,  -Os 
FAIL: gfortran.fortran-torture/execute/random_init.f90 execution,  -O0 
FAIL: gfortran.fortran-torture/execute/random_init.f90 execution,  -O1 
FAIL: gfortran.fortran-torture/execute/random_init.f90 execution,  -O2 
FAIL: gfortran.fortran-torture/execute/random_init.f90 execution,  -O3 -fomit-frame-pointer 
FAIL: gfortran.fortran-torture/execute/random_init.f90 execution,  -O3 -fomit-frame-pointer -funroll-loops 
FAIL: gfortran.fortran-torture/execute/random_init.f90 execution,  -O3 -fomit-frame-pointer -funroll-all-loops -finline-functions 
FAIL: gfortran.fortran-torture/execute/random_init.f90 execution,  -O3 -g 
FAIL: gfortran.fortran-torture/execute/random_init.f90 execution,  -Os 
FAIL: gfortran.fortran-torture/execute/specifics.f90 execution,  -O0 
FAIL: gfortran.fortran-torture/execute/specifics.f90 execution,  -O1 
FAIL: gfortran.fortran-torture/execute/specifics.f90 execution,  -O2 
FAIL: gfortran.fortran-torture/execute/specifics.f90 execution,  -O3 -fomit-frame-pointer 
FAIL: gfortran.fortran-torture/execute/specifics.f90 execution,  -O3 -fomit-frame-pointer -funroll-loops 
FAIL: gfortran.fortran-torture/execute/specifics.f90 execution,  -O3 -fomit-frame-pointer -funroll-all-loops -finline-functions 
FAIL: gfortran.fortran-torture/execute/specifics.f90 execution,  -O3 -g 
FAIL: gfortran.fortran-torture/execute/specifics.f90 execution,  -Os 

		=== gfortran Summary ===

# of expected passes		10748
# of unexpected failures	535
# of expected failures		7
# of unsupported tests		24
/Volumes/HD/ltmp/ssen/gcc-build/gcc/testsuite/../gfortran  version 4.2.0 20060112 (experimental)

		=== obj-c++ tests ===


Running target unix
FAIL: obj-c++.dg/stubify-1.mm (test for excess errors)
ERROR: obj-c++.dg/stubify-1.mm: error executing dg-final: couldn't open "stubify-1.s": no such file or directory
UNRESOLVED: obj-c++.dg/stubify-1.mm: error executing dg-final: couldn't open "stubify-1.s": no such file or directory
FAIL: obj-c++.dg/stubify-2.mm (test for excess errors)
ERROR: obj-c++.dg/stubify-2.mm: error executing dg-final: couldn't open "stubify-2.mm.08.jump": no such file or directory
UNRESOLVED: obj-c++.dg/stubify-2.mm: error executing dg-final: couldn't open "stubify-2.mm.08.jump": no such file or directory

		=== obj-c++ Summary ===

# of expected passes		455
# of unexpected failures	2
# of unresolved testcases	2
/Volumes/HD/ltmp/ssen/gcc-build/gcc/testsuite/../g++  version 4.2.0 20060112 (experimental)

		=== objc tests ===


Running target unix
FAIL: objc.dg/encode-8.m execution test
FAIL: objc.dg/stret-2.m scan-assembler objc_msgSend_stret
FAIL: objc.dg/stret-2.m scan-assembler-not objc_msgSend[^_S]
FAIL: objc.dg/stret-2.m scan-assembler-not objc_msgSendSuper[^_]
FAIL: objc.dg/stubify-1.m (test for excess errors)
ERROR: objc.dg/stubify-1.m: error executing dg-final: couldn't open "stubify-1.s": no such file or directory
UNRESOLVED: objc.dg/stubify-1.m: error executing dg-final: couldn't open "stubify-1.s": no such file or directory
FAIL: objc.dg/stubify-2.m (test for excess errors)
ERROR: objc.dg/stubify-2.m: error executing dg-final: couldn't open "stubify-2.m.08.jump": no such file or directory
UNRESOLVED: objc.dg/stubify-2.m: error executing dg-final: couldn't open "stubify-2.m.08.jump": no such file or directory
FAIL: objc.dg/symtab-1.m scan-assembler L_OBJC_SYMBOLS.*:\\n\\t.long\\t0\\n\\t.long\\t0\\n\\t.short\\t2\\n\\t.short\\t0\\n\\t.long\\tL_OBJC_CLASS_Derived.*\\n\\t.long\\tL_OBJC_CLASS_Base.*\\n
FAIL: objc.dg-struct-layout-encoding-1/t001_main.m execution test
FAIL: objc.dg-struct-layout-encoding-1/t002_main.m execution test
FAIL: objc.dg-struct-layout-encoding-1/t003_main.m execution test
FAIL: objc.dg-struct-layout-encoding-1/t004_main.m execution test
FAIL: objc.dg-struct-layout-encoding-1/t005_main.m execution test
FAIL: objc.dg-struct-layout-encoding-1/t006_main.m execution test
FAIL: objc.dg-struct-layout-encoding-1/t007_main.m execution test
FAIL: objc.dg-struct-layout-encoding-1/t008_main.m execution test
FAIL: objc.dg-struct-layout-encoding-1/t009_main.m execution test
FAIL: objc.dg-struct-layout-encoding-1/t010_main.m execution test
FAIL: objc.dg-struct-layout-encoding-1/t011_main.m execution test
FAIL: objc.dg-struct-layout-encoding-1/t012_main.m execution test
FAIL: objc.dg-struct-layout-encoding-1/t013_main.m execution test
FAIL: objc.dg-struct-layout-encoding-1/t014_main.m execution test
FAIL: objc.dg-struct-layout-encoding-1/t015_main.m execution test
FAIL: objc.dg-struct-layout-encoding-1/t016_main.m execution test
FAIL: objc.dg-struct-layout-encoding-1/t017_main.m execution test
FAIL: objc.dg-struct-layout-encoding-1/t018_main.m execution test
FAIL: objc.dg-struct-layout-encoding-1/t019_main.m execution test
FAIL: objc.dg-struct-layout-encoding-1/t020_main.m execution test
FAIL: objc.dg-struct-layout-encoding-1/t021_main.m execution test
FAIL: objc.dg-struct-layout-encoding-1/t022_main.m execution test
FAIL: objc.dg-struct-layout-encoding-1/t023_main.m execution test
FAIL: objc.dg-struct-layout-encoding-1/t024_main.m execution test
FAIL: objc.dg-struct-layout-encoding-1/t025_main.m execution test
FAIL: objc.dg-struct-layout-encoding-1/t026_main.m execution test
FAIL: objc.dg-struct-layout-encoding-1/t027_main.m execution test
FAIL: objc.dg-struct-layout-encoding-1/t028_main.m execution test
FAIL: objc.dg-struct-layout-encoding-1/t029_main.m execution test
FAIL: objc.dg-struct-layout-encoding-1/t030_main.m execution test
FAIL: objc.dg-struct-layout-encoding-1/t031_main.m execution test

		=== objc Summary ===

# of expected passes		2926
# of unexpected failures	38
# of unresolved testcases	2
# of unsupported tests		2
/Volumes/HD/ltmp/ssen/gcc-build/gcc/xgcc  version 4.2.0 20060112 (experimental)

		=== libstdc++ tests ===


Running target unix
XPASS: 23_containers/vector/resize/1.cc execution test
FAIL: 26_numerics/complex/13450.cc execution test
FAIL: 26_numerics/complex/complex_value.cc execution test
XPASS: 27_io/ios_base/storage/2.cc execution test
FAIL: 27_io/objects/char/6.cc execution test
FAIL: 27_io/objects/wchar_t/6.cc execution test

		=== libstdc++ Summary ===

# of expected passes		3446
# of unexpected failures	4
# of unexpected successes	2
# of expected failures		11
# of unsupported tests		323

Compiler version: 4.2.0 20060112 (experimental) 
Platform: i686-apple-darwin8
configure flags: --prefix=/opt/gcc-20060111 --with-gmp=/opt/gmp --disable-checking --with-arch=pentium-m --with-tune=prescott --build=i686-apple-darwin8 --host=i686-apple-darwin8 --target=i686-apple-darwin8 --enable-languages=c,c++,fortran,java,objc,obj-c++


Index Nav: [Date Index] [Subject Index] [Author Index] [Thread Index]
Message Nav: [Date Prev] [Date Next] [Thread Prev] [Thread Next]