This is the mail archive of the
gcc-testresults@gcc.gnu.org
mailing list for the GCC project.
Results for 3.4.6 20051230 (prerelease) testsuite on hppa-unknown-linux-gnu
- From: dave at hiauly6 dot hia dot nrc dot ca (John David Anglin)
- To: dave at hiauly6 dot hia dot nrc dot ca, gcc-testresults at gcc dot gnu dot org
- Date: Fri, 30 Dec 2005 21:38:16 -0500 (EST)
- Subject: Results for 3.4.6 20051230 (prerelease) testsuite on hppa-unknown-linux-gnu
LAST_UPDATED: Fri Dec 30 22:00:43 UTC 2005 (revision 109181)
=== acats tests ===
=== acats Summary ===
# of expected passes 1965
# of unexpected failures 0
# of unsupported tests 357
Native configuration is hppa-unknown-linux-gnu
=== g++ tests ===
Running target unix
XPASS: g++.dg/other/packed1.C execution test
XPASS: g++.old-deja/g++.other/init5.C execution test
=== g++ Summary ===
# of expected passes 9870
# of unexpected successes 2
# of expected failures 66
# of unsupported tests 83
/home/dave/gnu/gcc-3.4/objdir/gcc/testsuite/../g++ version 3.4.6 20051230 (prerelease)
=== g77 tests ===
Running target unix
=== g77 Summary ===
# of expected passes 1812
# of unsupported tests 6
/home/dave/gnu/gcc-3.4/objdir/gcc/testsuite/../g77 version 3.4.6 20051230 (prerelease)
=== gcc tests ===
Running target unix
WARNING: program timed out.
FAIL: gcc.c-torture/compile/20001226-1.c -O2 (test for excess errors)
WARNING: program timed out.
FAIL: gcc.c-torture/compile/20001226-1.c -O3 -fomit-frame-pointer (test for excess errors)
WARNING: program timed out.
FAIL: gcc.c-torture/compile/20001226-1.c -O3 -g (test for excess errors)
=== gcc Summary ===
# of expected passes 24900
# of unexpected failures 3
# of expected failures 69
# of untested testcases 7
# of unsupported tests 374
/home/dave/gnu/gcc-3.4/objdir/gcc/xgcc version 3.4.6 20051230 (prerelease)
=== objc tests ===
Running target unix
=== objc Summary ===
# of expected passes 1352
# of unsupported tests 8
/home/dave/gnu/gcc-3.4/objdir/gcc/xgcc version 3.4.6 20051230 (prerelease)
=== libstdc++ tests ===
Running target unix
XPASS: 22_locale/locale/cons/12658_thread.cc execution test
FAIL: 22_locale/money_get/get/char/12.cc execution test
FAIL: 22_locale/money_get/get/char/3.cc execution test
FAIL: 22_locale/money_get/get/char/4.cc execution test
FAIL: 22_locale/money_get/get/char/5.cc execution test
FAIL: 22_locale/money_get/get/char/wrapped_env.cc execution test
FAIL: 22_locale/money_get/get/char/wrapped_locale.cc execution test
FAIL: 22_locale/money_get/get/wchar_t/12.cc execution test
FAIL: 22_locale/money_get/get/wchar_t/3.cc execution test
FAIL: 22_locale/money_get/get/wchar_t/4.cc execution test
FAIL: 22_locale/money_get/get/wchar_t/5.cc execution test
FAIL: 22_locale/money_get/get/wchar_t/wrapped_env.cc execution test
FAIL: 22_locale/money_get/get/wchar_t/wrapped_locale.cc execution test
FAIL: 22_locale/num_get/get/char/1.cc execution test
FAIL: 22_locale/num_get/get/char/10.cc execution test
FAIL: 22_locale/num_get/get/char/4.cc execution test
FAIL: 22_locale/num_get/get/char/wrapped_env.cc execution test
FAIL: 22_locale/num_get/get/char/wrapped_locale.cc execution test
FAIL: 22_locale/num_get/get/wchar_t/1.cc execution test
FAIL: 22_locale/num_get/get/wchar_t/10.cc execution test
FAIL: 22_locale/num_get/get/wchar_t/4.cc execution test
FAIL: 22_locale/num_get/get/wchar_t/wrapped_env.cc execution test
FAIL: 22_locale/num_get/get/wchar_t/wrapped_locale.cc execution test
XPASS: 26_numerics/c99_classification_macros_c.cc (test for excess errors)
FAIL: 26_numerics/complex_inserters_extractors.cc execution test
FAIL: 27_io/basic_istream/extractors_arithmetic/char/01.cc execution test
=== libstdc++ Summary ===
# of expected passes 2713
# of unexpected failures 24
# of unexpected successes 2
# of expected failures 5
Compiler version: 3.4.6 20051230 (prerelease)
Platform: hppa-unknown-linux-gnu
configure flags: --with-gnu-as --with-as=/home/dave/opt/gnu/bin/as --with-gnu-ld --with-ld=/home/dave/opt/gnu/bin/ld --enable-shared --prefix=/home/dave/opt/gnu/gcc/gcc-3.4.6 --with-local-prefix=/home/dave/opt/gnu --enable-threads=posix --enable-__cxa_atexit --host=hppa-linux --enable-clocale=gnu --enable-java-gc=boehm --enable-java-awt=xlib --disable-checking