This is the mail archive of the
gcc-testresults@gcc.gnu.org
mailing list for the GCC project.
Results for 4.0.3 20051226 (prerelease) testsuite on i686-pc-linux-gnu
- From: "Kaveh R. Ghazi" <ghazi at caipclassic dot rutgers dot edu>
- To: gcc-testresults at gcc dot gnu dot org
- Date: Mon, 26 Dec 2005 16:13:58 -0500 (EST)
- Subject: Results for 4.0.3 20051226 (prerelease) testsuite on i686-pc-linux-gnu
LAST_UPDATED:
Native configuration is i686-pc-linux-gnu
=== g++ tests ===
Running target unix/-fPIC
FAIL: g++.dg/opt/mmx2.C (test for excess errors)
=== g++ Summary for unix/-fPIC ===
# of expected passes 11362
# of unexpected failures 1
# of expected failures 69
# of unsupported tests 58
Running target unix/-fpic
FAIL: g++.dg/opt/mmx2.C (test for excess errors)
=== g++ Summary for unix/-fpic ===
# of expected passes 11362
# of unexpected failures 1
# of expected failures 69
# of unsupported tests 58
Running target unix
FAIL: g++.dg/opt/mmx2.C (test for excess errors)
=== g++ Summary for unix ===
# of expected passes 11364
# of unexpected failures 1
# of expected failures 69
# of unsupported tests 56
=== g++ Summary ===
# of expected passes 34088
# of unexpected failures 3
# of expected failures 207
# of unsupported tests 172
/share/home/ghazi/gcc-testing/gcc-testing/40/build/gcc/testsuite/../g++ version 4.0.3 20051226 (prerelease)
=== gcc tests ===
Running target unix/-fPIC
FAIL: gcc.dg/assign-warn-3.c (test for warnings, line 9)
FAIL: gcc.dg/assign-warn-3.c (test for warnings, line 13)
FAIL: gcc.dg/i386-local2.c scan-assembler-not sub[^\\\\n]*sp
XPASS: gcc.dg/vect/vect-22.c scan-tree-dump-times vectorized 3 loops 1
FAIL: gcc.target/i386/pr21291.c (test for excess errors)
=== gcc Summary for unix/-fPIC ===
# of expected passes 35426
# of unexpected failures 4
# of unexpected successes 1
# of expected failures 94
# of untested testcases 28
# of unsupported tests 340
Running target unix/-fpic
FAIL: gcc.dg/assign-warn-3.c (test for warnings, line 9)
FAIL: gcc.dg/assign-warn-3.c (test for warnings, line 13)
FAIL: gcc.dg/i386-local2.c scan-assembler-not sub[^\\\\n]*sp
XPASS: gcc.dg/vect/vect-22.c scan-tree-dump-times vectorized 3 loops 1
FAIL: gcc.target/i386/pr21291.c (test for excess errors)
=== gcc Summary for unix/-fpic ===
# of expected passes 35426
# of unexpected failures 4
# of unexpected successes 1
# of expected failures 94
# of untested testcases 28
# of unsupported tests 340
Running target unix
XPASS: gcc.dg/vect/vect-22.c scan-tree-dump-times vectorized 3 loops 1
=== gcc Summary for unix ===
# of expected passes 35450
# of unexpected successes 1
# of expected failures 94
# of untested testcases 28
# of unsupported tests 326
=== gcc Summary ===
# of expected passes 106302
# of unexpected failures 8
# of unexpected successes 3
# of expected failures 282
# of untested testcases 84
# of unsupported tests 1006
/share/home/ghazi/gcc-testing/gcc-testing/40/build/gcc/xgcc version 4.0.3 20051226 (prerelease)
=== gfortran tests ===
Running target unix/-fPIC
=== gfortran Summary for unix/-fPIC ===
# of expected passes 8841
# of expected failures 1
Running target unix/-fpic
=== gfortran Summary for unix/-fpic ===
# of expected passes 8841
# of expected failures 1
Running target unix
=== gfortran Summary for unix ===
# of expected passes 8841
# of expected failures 1
=== gfortran Summary ===
# of expected passes 26523
# of expected failures 3
/share/home/ghazi/gcc-testing/gcc-testing/40/build/gcc/testsuite/../gfortran version 4.0.3 20051226 (prerelease)
=== objc tests ===
Running target unix/-fPIC
=== objc Summary for unix/-fPIC ===
# of expected passes 1548
# of unsupported tests 10
Running target unix/-fpic
=== objc Summary for unix/-fpic ===
# of expected passes 1548
# of unsupported tests 10
Running target unix
=== objc Summary for unix ===
# of expected passes 1548
# of unsupported tests 10
=== objc Summary ===
# of expected passes 4644
# of unsupported tests 30
/share/home/ghazi/gcc-testing/gcc-testing/40/build/gcc/xgcc version 4.0.3 20051226 (prerelease)
=== treelang tests ===
Running target unix/-fPIC
=== treelang Summary for unix/-fPIC ===
# of expected passes 48
Running target unix/-fpic
=== treelang Summary for unix/-fpic ===
# of expected passes 48
Running target unix
=== treelang Summary for unix ===
# of expected passes 48
=== treelang Summary ===
# of expected passes 144
=== libffi tests ===
Running target unix/-fPIC
=== libffi Summary for unix/-fPIC ===
# of expected passes 219
# of unsupported tests 2
Running target unix/-fpic
=== libffi Summary for unix/-fpic ===
# of expected passes 219
# of unsupported tests 2
Running target unix
=== libffi Summary for unix ===
# of expected passes 219
# of unsupported tests 2
=== libffi Summary ===
# of expected passes 657
# of unsupported tests 6
=== libjava tests ===
Running target unix/-fPIC
=== libjava Summary for unix/-fPIC ===
# of expected passes 3899
# of expected failures 10
# of untested testcases 8
Running target unix/-fpic
FAIL: SyncTest execution - gij test
=== libjava Summary for unix/-fpic ===
# of expected passes 3897
# of unexpected failures 1
# of expected failures 10
# of untested testcases 9
Running target unix
=== libjava Summary for unix ===
# of expected passes 3899
# of expected failures 10
# of untested testcases 8
=== libjava Summary ===
# of expected passes 11695
# of unexpected failures 1
# of expected failures 30
# of untested testcases 25
=== libmudflap tests ===
Running target unix/-fPIC
FAIL: libmudflap.cth/pass40-frag.c execution test
FAIL: libmudflap.cth/pass40-frag.c output pattern test
FAIL: libmudflap.cth/pass40-frag.c (-O2) execution test
FAIL: libmudflap.cth/pass40-frag.c (-O2) output pattern test
FAIL: libmudflap.cth/pass40-frag.c (-O3) execution test
FAIL: libmudflap.cth/pass40-frag.c (-O3) output pattern test
=== libmudflap Summary for unix/-fPIC ===
# of expected passes 1282
# of unexpected failures 6
Running target unix/-fpic
FAIL: libmudflap.cth/pass40-frag.c execution test
FAIL: libmudflap.cth/pass40-frag.c output pattern test
FAIL: libmudflap.cth/pass40-frag.c (-O2) execution test
FAIL: libmudflap.cth/pass40-frag.c (-O2) output pattern test
FAIL: libmudflap.cth/pass40-frag.c (-O3) execution test
FAIL: libmudflap.cth/pass40-frag.c (-O3) output pattern test
=== libmudflap Summary for unix/-fpic ===
# of expected passes 1282
# of unexpected failures 6
Running target unix
FAIL: libmudflap.cth/pass40-frag.c execution test
FAIL: libmudflap.cth/pass40-frag.c output pattern test
FAIL: libmudflap.cth/pass40-frag.c (-O2) execution test
FAIL: libmudflap.cth/pass40-frag.c (-O2) output pattern test
FAIL: libmudflap.cth/pass40-frag.c (-O3) execution test
FAIL: libmudflap.cth/pass40-frag.c (-O3) output pattern test
=== libmudflap Summary for unix ===
# of expected passes 1282
# of unexpected failures 6
=== libmudflap Summary ===
# of expected passes 3846
# of unexpected failures 18
=== libstdc++ tests ===
Running target unix/-fPIC
XPASS: 22_locale/locale/cons/12658_thread-1.cc execution test
=== libstdc++ Summary for unix/-fPIC ===
# of expected passes 3713
# of unexpected successes 1
# of expected failures 13
Running target unix/-fpic
XPASS: 22_locale/locale/cons/12658_thread-1.cc execution test
=== libstdc++ Summary for unix/-fpic ===
# of expected passes 3713
# of unexpected successes 1
# of expected failures 13
Running target unix
XPASS: 22_locale/locale/cons/12658_thread-1.cc execution test
XPASS: 26_numerics/cmath/c99_classification_macros_c.cc (test for excess errors)
=== libstdc++ Summary for unix ===
# of expected passes 3713
# of unexpected successes 2
# of expected failures 12
=== libstdc++ Summary ===
# of expected passes 11139
# of unexpected successes 4
# of expected failures 38
Compiler version: 4.0.3 20051226 (prerelease)
Platform: i686-pc-linux-gnu
configure flags: --verbose --enable-checking=yes,rtl --enable-languages=c,c++,f95,java,objc,treelang