This is the mail archive of the
gcc-testresults@gcc.gnu.org
mailing list for the GCC project.
Results for 4.2.0 20051225 (experimental) testsuite on hppa64-hp-hpux11.11
- From: John David Anglin <dave at hiauly3 dot hia dot nrc dot ca>
- To: dave at hiauly3 dot hia dot nrc dot ca, gcc-testresults at gcc dot gnu dot org
- Date: Mon, 26 Dec 2005 12:24:38 -0500 (EST)
- Subject: Results for 4.2.0 20051225 (experimental) testsuite on hppa64-hp-hpux11.11
LAST_UPDATED: Sun Dec 25 17:33:36 UTC 2005 (revision 109051M)
Native configuration is hppa64-hp-hpux11.11
=== g++ tests ===
Running target unix
=== g++ Summary ===
# of expected passes 11205
# of expected failures 66
# of unsupported tests 128
/mnt/gnu/gcc-3.3/objdir/stage3-gcc/testsuite/../g++ version 4.2.0 20051225 (experimental)
=== gcc tests ===
Running target unix
WARNING: program timed out.
FAIL: gcc.c-torture/compile/20001226-1.c -O3 -g (test for excess errors)
WARNING: program timed out.
FAIL: gcc.c-torture/compile/20001226-1.c -Os (test for excess errors)
XPASS: gcc.dg/funcorder.c scan-assembler-not link_error,%r
FAIL: gcc.dg/torture/asm-subreg-1.c -O1 (test for excess errors)
=== gcc Summary ===
# of expected passes 36330
# of unexpected failures 3
# of unexpected successes 1
# of expected failures 76
# of untested testcases 28
# of unsupported tests 378
/mnt/gnu/gcc-3.3/objdir/gcc/xgcc version 4.2.0 20051225 (experimental)
=== gfortran tests ===
Running target unix
FAIL: gfortran.dg/g77/20010610.f -O3 -fomit-frame-pointer -funroll-loops (test for excess errors)
WARNING: gfortran.dg/g77/20010610.f -O3 -fomit-frame-pointer -funroll-loops compilation failed to produce executable
FAIL: gfortran.dg/g77/20010610.f -O3 -fomit-frame-pointer -funroll-all-loops -finline-functions (test for excess errors)
WARNING: gfortran.dg/g77/20010610.f -O3 -fomit-frame-pointer -funroll-all-loops -finline-functions compilation failed to produce executable
=== gfortran Summary ===
# of expected passes 10936
# of unexpected failures 2
# of expected failures 4
# of unsupported tests 66
/mnt/gnu/gcc-3.3/objdir/stage3-gcc/testsuite/../gfortran version 4.2.0 20051225 (experimental)
=== objc tests ===
Running target unix
FAIL: objc.dg-struct-layout-encoding-1/t025_main.m execution test
FAIL: objc.dg-struct-layout-encoding-1/t026_main.m execution test
FAIL: objc.dg-struct-layout-encoding-1/t027_main.m execution test
FAIL: objc.dg-struct-layout-encoding-1/t028_main.m execution test
FAIL: objc.dg-struct-layout-encoding-1/t029_main.m execution test
FAIL: objc.dg-struct-layout-encoding-1/t030_main.m execution test
FAIL: objc.dg-struct-layout-encoding-1/t031_main.m execution test
=== objc Summary ===
# of expected passes 1744
# of unexpected failures 7
# of unsupported tests 23
/mnt/gnu/gcc-3.3/objdir/gcc/xgcc version 4.2.0 20051225 (experimental)
=== libstdc++ tests ===
Running target unix
FAIL: ext/array_allocator/2.cc execution test
=== libstdc++ Summary ===
# of expected passes 2630
# of unexpected failures 1
# of expected failures 10
# of unsupported tests 159
Compiler version: 4.2.0 20051225 (experimental)
Platform: hppa64-hp-hpux11.11
configure flags: --with-gnu-as --with-as=/opt/gnu64/bin/as --with-ld=/usr/ccs/bin/ld --enable-shared --disable-nls --with-local-prefix=/opt/gnu64 --prefix=/opt/gnu64/gcc/gcc-4.0.3 --host=hppa64-hp-hpux11.11 --enable-threads=posix --disable-libmudflap --with-gmp=/opt/gnu64/gcc/gcc-4.0.3 --enable-languages=c,c++,fortran,java,objc