This is the mail archive of the
gcc-testresults@gcc.gnu.org
mailing list for the GCC project.
Results for 4.2.0 20051224 (experimental) [trunk revision 109039 clean] testsuite on i686-pc-linux-gnu
- From: hjl at gnu-67 dot sc dot intel dot com (H.J. Lu)
- To: gcc-testresults at gcc dot gnu dot org
- Date: Mon, 26 Dec 2005 06:56:42 -0800 (PST)
- Subject: Results for 4.2.0 20051224 (experimental) [trunk revision 109039 clean] testsuite on i686-pc-linux-gnu
LAST_UPDATED: Sat Dec 24 16:10:22 UTC 2005 (revision 109039)
Native configuration is i686-pc-linux-gnu
=== gcc tests ===
Running target unix
WARNING: gcc.dg/torture/fp-int-convert-float128-timode.c compilation failed to produce executable
WARNING: gcc.dg/torture/fp-int-convert-float128-timode.c compilation failed to produce executable
WARNING: gcc.dg/torture/fp-int-convert-float128-timode.c compilation failed to produce executable
WARNING: gcc.dg/torture/fp-int-convert-float128-timode.c compilation failed to produce executable
WARNING: gcc.dg/torture/fp-int-convert-float128-timode.c compilation failed to produce executable
WARNING: gcc.dg/torture/fp-int-convert-float128-timode.c compilation failed to produce executable
WARNING: gcc.dg/torture/fp-int-convert-float128.c compilation failed to produce executable
WARNING: gcc.dg/torture/fp-int-convert-float128.c compilation failed to produce executable
WARNING: gcc.dg/torture/fp-int-convert-float128.c compilation failed to produce executable
WARNING: gcc.dg/torture/fp-int-convert-float128.c compilation failed to produce executable
WARNING: gcc.dg/torture/fp-int-convert-float128.c compilation failed to produce executable
WARNING: gcc.dg/torture/fp-int-convert-float128.c compilation failed to produce executable
FAIL: gcc.target/i386/movq-2.c scan-assembler movl[ \\t]*120
=== gcc Summary ===
# of expected passes 38190
# of unexpected failures 1
# of expected failures 107
# of untested testcases 28
# of unsupported tests 238
/export/build/gnu/gcc-blended/build-i686-linux/gcc/xgcc version 4.2.0 20051224 (experimental) [trunk revision 109039 clean]
=== gfortran tests ===
Running target unix
=== gfortran Summary ===
# of expected passes 11054
# of expected failures 15
# of unsupported tests 16
/export/build/gnu/gcc-blended/build-i686-linux/stage3-gcc/testsuite/../gfortran version 4.2.0 20051224 (experimental) [trunk revision 109039 clean]
=== g++ tests ===
Running target unix
=== g++ Summary ===
# of expected passes 11893
# of expected failures 66
# of unsupported tests 64
/export/build/gnu/gcc-blended/build-i686-linux/stage3-gcc/testsuite/../g++ version 4.2.0 20051224 (experimental) [trunk revision 109039 clean]
=== objc tests ===
Running target unix
FAIL: objc.dg-struct-layout-encoding-1/t025_main.m execution test
FAIL: objc.dg-struct-layout-encoding-1/t026_main.m execution test
FAIL: objc.dg-struct-layout-encoding-1/t027_main.m execution test
FAIL: objc.dg-struct-layout-encoding-1/t028_main.m execution test
FAIL: objc.dg-struct-layout-encoding-1/t029_main.m execution test
FAIL: objc.dg-struct-layout-encoding-1/t030_main.m execution test
FAIL: objc.dg-struct-layout-encoding-1/t031_main.m execution test
=== objc Summary ===
# of expected passes 1746
# of unexpected failures 7
# of unsupported tests 22
/export/build/gnu/gcc-blended/build-i686-linux/gcc/xgcc version 4.2.0 20051224 (experimental) [trunk revision 109039 clean]
=== libffi tests ===
Running target unix
=== libffi Summary ===
# of expected passes 228
# of unsupported tests 2
=== libjava tests ===
Running target unix
=== libjava Summary ===
# of expected passes 4029
# of expected failures 10
# of untested testcases 8
=== libmudflap tests ===
Running target unix
=== libmudflap Summary ===
# of expected passes 1789
=== libstdc++ tests ===
Running target unix
FAIL: 22_locale/locale/cons/12658_thread-1.cc execution test
FAIL: 22_locale/locale/cons/12658_thread-2.cc execution test
XPASS: 26_numerics/cmath/c99_classification_macros_c.cc (test for excess errors)
FAIL: ext/mt_allocator/22309_thread.cc execution test
FAIL: thread/pthread3.cc execution test
=== libstdc++ Summary ===
# of expected passes 1619
# of unexpected failures 4
# of unexpected successes 1
# of expected failures 6
# of unsupported tests 4
Compiler version: 4.2.0 20051224 (experimental) [trunk revision 109039 clean]
Platform: i686-pc-linux-gnu
configure flags: --enable-clocale=gnu --with-system-zlib --disable-libunwind-exceptions --with-demangler-in-ld --enable-shared --enable-threads=posix --enable-haifa --disable-checking --prefix=/usr/gcc-4.2-blended --with-local-prefix=/usr/local --enable-languages=c,c++,fortran,java,objc