This is the mail archive of the
gcc-testresults@gcc.gnu.org
mailing list for the GCC project.
Results for 4.2.0 20051220 (experimental) [trunk revision 108867 clean] testsuite on i686-pc-linux-gnu
- From: hjl at gnu dot sc dot intel dot com (H.J. Lu)
- To: gcc-testresults at gcc dot gnu dot org
- Date: Wed, 21 Dec 2005 06:51:57 -0800 (PST)
- Subject: Results for 4.2.0 20051220 (experimental) [trunk revision 108867 clean] testsuite on i686-pc-linux-gnu
LAST_UPDATED: Tue Dec 20 22:56:45 UTC 2005 (revision 108867)
Native configuration is i686-pc-linux-gnu
=== gcc tests ===
Running target unix
WARNING: gcc.dg/torture/fp-int-convert-float128-timode.c compilation failed to produce executable
WARNING: gcc.dg/torture/fp-int-convert-float128-timode.c compilation failed to produce executable
WARNING: gcc.dg/torture/fp-int-convert-float128-timode.c compilation failed to produce executable
WARNING: gcc.dg/torture/fp-int-convert-float128-timode.c compilation failed to produce executable
WARNING: gcc.dg/torture/fp-int-convert-float128-timode.c compilation failed to produce executable
WARNING: gcc.dg/torture/fp-int-convert-float128-timode.c compilation failed to produce executable
WARNING: gcc.dg/torture/fp-int-convert-float128.c compilation failed to produce executable
WARNING: gcc.dg/torture/fp-int-convert-float128.c compilation failed to produce executable
WARNING: gcc.dg/torture/fp-int-convert-float128.c compilation failed to produce executable
WARNING: gcc.dg/torture/fp-int-convert-float128.c compilation failed to produce executable
WARNING: gcc.dg/torture/fp-int-convert-float128.c compilation failed to produce executable
WARNING: gcc.dg/torture/fp-int-convert-float128.c compilation failed to produce executable
FAIL: gcc.target/i386/3dnow-1.c (test for excess errors)
FAIL: gcc.target/i386/3dnow-2.c (test for excess errors)
FAIL: gcc.target/i386/3dnowA-1.c (test for excess errors)
FAIL: gcc.target/i386/3dnowA-2.c (test for excess errors)
FAIL: gcc.target/i386/mmx-1.c (test for excess errors)
FAIL: gcc.target/i386/mmx-2.c (test for excess errors)
FAIL: gcc.target/i386/mmx-4.c (test for excess errors)
WARNING: gcc.target/i386/mmx-4.c compilation failed to produce executable
FAIL: gcc.target/i386/mmx-5.c (test for excess errors)
FAIL: gcc.target/i386/pr13366.c (test for excess errors)
FAIL: gcc.target/i386/sse-1.c (test for excess errors)
ERROR: gcc.target/i386/sse-1.c: error executing dg-final: couldn't open "sse-1.s": no such file or directory
UNRESOLVED: gcc.target/i386/sse-1.c: error executing dg-final: couldn't open "sse-1.s": no such file or directory
FAIL: gcc.target/i386/sse-13.c (test for excess errors)
FAIL: gcc.target/i386/sse-14.c (test for excess errors)
FAIL: gcc.target/i386/sse-2.c (test for excess errors)
FAIL: gcc.target/i386/sse-3.c (test for excess errors)
WARNING: gcc.target/i386/sse-3.c compilation failed to produce executable
FAIL: gcc.target/i386/sse-7.c (test for excess errors)
WARNING: gcc.target/i386/sse-7.c compilation failed to produce executable
FAIL: gcc.target/i386/sse-9.c (test for excess errors)
WARNING: gcc.target/i386/sse-9.c compilation failed to produce executable
=== gcc Summary ===
# of expected passes 38151
# of unexpected failures 16
# of expected failures 107
# of unresolved testcases 1
# of untested testcases 28
# of unsupported tests 239
/export/build/gnu/gcc/build-i686-linux/gcc/xgcc version 4.2.0 20051220 (experimental) [trunk revision 108867 clean]
=== gfortran tests ===
Running target unix
=== gfortran Summary ===
# of expected passes 10961
# of expected failures 15
# of unsupported tests 16
/export/build/gnu/gcc/build-i686-linux/stage3-gcc/testsuite/../gfortran version 4.2.0 20051220 (experimental) [trunk revision 108867 clean]
=== g++ tests ===
Running target unix
FAIL: g++.dg/opt/mmx2.C (test for excess errors)
FAIL: g++.dg/other/mmintrin.C (test for excess errors)
=== g++ Summary ===
# of expected passes 11878
# of unexpected failures 2
# of expected failures 66
# of unsupported tests 64
/export/build/gnu/gcc/build-i686-linux/stage3-gcc/testsuite/../g++ version 4.2.0 20051220 (experimental) [trunk revision 108867 clean]
=== objc tests ===
Running target unix
FAIL: objc.dg-struct-layout-encoding-1/t025_main.m execution test
FAIL: objc.dg-struct-layout-encoding-1/t026_main.m execution test
FAIL: objc.dg-struct-layout-encoding-1/t027_main.m execution test
FAIL: objc.dg-struct-layout-encoding-1/t028_main.m execution test
FAIL: objc.dg-struct-layout-encoding-1/t029_main.m execution test
FAIL: objc.dg-struct-layout-encoding-1/t030_main.m execution test
FAIL: objc.dg-struct-layout-encoding-1/t031_main.m execution test
=== objc Summary ===
# of expected passes 1734
# of unexpected failures 7
# of unsupported tests 22
/export/build/gnu/gcc/build-i686-linux/gcc/xgcc version 4.2.0 20051220 (experimental) [trunk revision 108867 clean]
=== libffi tests ===
Running target unix
=== libffi Summary ===
# of expected passes 228
# of unsupported tests 2
=== libjava tests ===
Running target unix
=== libjava Summary ===
# of expected passes 4011
# of expected failures 10
# of untested testcases 8
=== libmudflap tests ===
Running target unix
WARNING: program timed out.
FAIL: libmudflap.cth/pass39-frag.c (-O3) (rerun 7) execution test
FAIL: libmudflap.cth/pass39-frag.c (-O3) (rerun 7) output pattern test
=== libmudflap Summary ===
# of expected passes 1787
# of unexpected failures 2
=== libstdc++ tests ===
Running target unix
FAIL: 22_locale/locale/cons/12658_thread-1.cc execution test
FAIL: 22_locale/locale/cons/12658_thread-2.cc execution test
XPASS: 26_numerics/cmath/c99_classification_macros_c.cc (test for excess errors)
FAIL: ext/mt_allocator/22309_thread.cc execution test
FAIL: thread/pthread3.cc execution test
=== libstdc++ Summary ===
# of expected passes 1619
# of unexpected failures 4
# of unexpected successes 1
# of expected failures 6
# of unsupported tests 4
Compiler version: 4.2.0 20051220 (experimental) [trunk revision 108867 clean]
Platform: i686-pc-linux-gnu
configure flags: --enable-clocale=gnu --with-system-zlib --disable-libunwind-exceptions --with-demangler-in-ld --enable-shared --enable-threads=posix --enable-haifa --disable-checking --prefix=/usr/gcc-4.2 --with-local-prefix=/usr/local --enable-languages=c,c++,fortran,java,objc