This is the mail archive of the
gcc-testresults@gcc.gnu.org
mailing list for the GCC project.
Results for 4.2.0 20051221 (experimental) testsuite on x86_64-unknown-linux-gnu
- From: Diego Novillo <dnovillo at redhat dot com>
- To: gcc-testresults at gcc dot gnu dot org
- Date: Wed, 21 Dec 2005 02:51:18 -0500
- Subject: Results for 4.2.0 20051221 (experimental) testsuite on x86_64-unknown-linux-gnu
LAST_UPDATED:
Native configuration is x86_64-unknown-linux-gnu
=== g++ tests ===
Running target unix
=== g++ Summary ===
# of expected passes 11793
# of expected failures 66
# of unsupported tests 94
/notnfs/dnovillo/sbox/gcc/bld.ton/stage3-gcc/testsuite/../g++ version 4.2.0 20051221 (experimental)
=== gcc tests ===
Running target unix
WARNING: gcc.dg/torture/fp-int-convert-float128-timode.c -O0 compilation failed to produce executable
WARNING: gcc.dg/torture/fp-int-convert-float128-timode.c -O1 compilation failed to produce executable
WARNING: gcc.dg/torture/fp-int-convert-float128-timode.c -O2 compilation failed to produce executable
WARNING: gcc.dg/torture/fp-int-convert-float128-timode.c -O3 -fomit-frame-pointer compilation failed to produce executable
WARNING: gcc.dg/torture/fp-int-convert-float128-timode.c -O3 -g compilation failed to produce executable
WARNING: gcc.dg/torture/fp-int-convert-float128-timode.c -Os compilation failed to produce executable
WARNING: gcc.dg/torture/fp-int-convert-float128.c -O0 compilation failed to produce executable
WARNING: gcc.dg/torture/fp-int-convert-float128.c -O1 compilation failed to produce executable
WARNING: gcc.dg/torture/fp-int-convert-float128.c -O2 compilation failed to produce executable
WARNING: gcc.dg/torture/fp-int-convert-float128.c -O3 -fomit-frame-pointer compilation failed to produce executable
WARNING: gcc.dg/torture/fp-int-convert-float128.c -O3 -g compilation failed to produce executable
WARNING: gcc.dg/torture/fp-int-convert-float128.c -Os compilation failed to produce executable
=== gcc Summary ===
# of expected passes 38030
# of expected failures 106
# of untested testcases 28
# of unsupported tests 350
/notnfs/dnovillo/sbox/gcc/bld.ton/gcc/xgcc version 4.2.0 20051221 (experimental)
=== gfortran tests ===
Running target unix
=== gfortran Summary ===
# of expected passes 10958
# of expected failures 18
# of unsupported tests 16
/notnfs/dnovillo/sbox/gcc/bld.ton/stage3-gcc/testsuite/../gfortran version 4.2.0 20051221 (experimental)
=== objc tests ===
Running target unix
FAIL: objc.dg-struct-layout-encoding-1/t025_main.m execution test
FAIL: objc.dg-struct-layout-encoding-1/t026_main.m execution test
FAIL: objc.dg-struct-layout-encoding-1/t027_main.m execution test
FAIL: objc.dg-struct-layout-encoding-1/t028_main.m execution test
FAIL: objc.dg-struct-layout-encoding-1/t029_main.m execution test
FAIL: objc.dg-struct-layout-encoding-1/t030_main.m execution test
FAIL: objc.dg-struct-layout-encoding-1/t031_main.m execution test
=== objc Summary ===
# of expected passes 1734
# of unexpected failures 7
# of unsupported tests 22
/notnfs/dnovillo/sbox/gcc/bld.ton/gcc/xgcc version 4.2.0 20051221 (experimental)
=== libffi tests ===
Running target unix
=== libffi Summary ===
# of expected passes 228
# of unsupported tests 2
=== libjava tests ===
Running target unix
FAIL: PR9577 run
FAIL: longfield run
FAIL: PR15133 run
FAIL: PR18116 execution - gij test
FAIL: cxxtest execution - gij test
FAIL: field execution - gij test
FAIL: final_method execution - gij test
FAIL: findclass run
FAIL: iface execution - gij test
FAIL: invoke execution - gij test
FAIL: jniutf execution - gij test
FAIL: martin execution - gij test
FAIL: pr11951 run
FAIL: pr18278 execution - gij test
FAIL: pr23739 run
FAIL: simple_int run
FAIL: throwit run
FAIL: virtual run
FAIL: ArrayStore execution - gij test
FAIL: ArrayStore2 execution - source compiled test
FAIL: ArrayStore2 execution - bytecode->native test
FAIL: ArrayStore2 -O3 execution - source compiled test
FAIL: Array_1 -O3 execution - bytecode->native test
FAIL: Array_2 -O3 execution - source compiled test
FAIL: Array_3 -O3 execution - source compiled test
FAIL: Array_3 execution - gij test
FAIL: Class_1 execution - source compiled test
FAIL: CompareNaN execution - source compiled test
FAIL: CompareNaN execution - gij test
FAIL: CompareNaN execution - gij test
FAIL: EvaluationOrder -O3 execution - bytecode->native test
FAIL: FileHandleGcTest execution - gij test
FAIL: FileHandleGcTest -O3 execution - source compiled test
FAIL: Final execution - source compiled test
FAIL: Final execution - gij test
FAIL: Float_1 execution - bytecode->native test
FAIL: Float_1 -O3 execution - source compiled test
FAIL: Float_1 execution - gij test
FAIL: Float_1 -O3 execution - bytecode->native test
FAIL: G19990301_01 -O3 execution - source compiled test
FAIL: G19990302_02 execution - bytecode->native test
FAIL: G19990303_01 execution - bytecode->native test
FAIL: G19990303_02 execution - bytecode->native test
FAIL: G19990303_02 -O3 execution - source compiled test
FAIL: G19990304_01 execution - source compiled test
FAIL: G19990304_01 execution - gij test
FAIL: G19990310_01 execution - source compiled test
FAIL: G19990310_01 execution - gij test
FAIL: II execution - gij test
FAIL: II execution - bytecode->native test
FAIL: II -O3 execution - source compiled test
FAIL: II execution - gij test
FAIL: InterfaceDispatch execution - source compiled test
FAIL: InterfaceDispatch -O3 execution - bytecode->native test
FAIL: InvokeInterface execution - gij test
FAIL: InvokeInterface -O3 execution - source compiled test
FAIL: InvokeInterface -O3 execution - bytecode->native test
FAIL: Invoke_1 execution - source compiled test
FAIL: Invoke_1 execution - gij test
FAIL: Invoke_1 -O3 execution - source compiled test
FAIL: Invoke_1 execution - gij test
FAIL: Invoke_2 execution - source compiled test
FAIL: Invoke_2 execution - gij test
FAIL: Invoke_2 execution - bytecode->native test
FAIL: Invoke_2 -O3 execution - source compiled test
FAIL: Invoke_2 execution - gij test
FAIL: KeepInline execution - source compiled test
FAIL: KeepInline execution - gij test
FAIL: KeepInline -O3 execution - source compiled test
FAIL: LargeFile execution - source compiled test
FAIL: LargeFile execution - gij test
FAIL: LargeFile execution - bytecode->native test
FAIL: LargeFile -O3 execution - source compiled test
FAIL: LargeFile execution - gij test
FAIL: LargeFile -O3 execution - bytecode->native test
FAIL: MathBuiltin execution - source compiled test
FAIL: MathBuiltin -O3 execution - source compiled test
FAIL: MathBuiltin execution - gij test
FAIL: Matrix4f -O3 execution - source compiled test
FAIL: Matrix4f execution - gij test
FAIL: N19990310_02 execution - gij test
FAIL: N19990310_02 execution - bytecode->native test
FAIL: N19990310_02 execution - gij test
FAIL: N19990310_02 -O3 execution - bytecode->native test
FAIL: N19990310_3 execution - source compiled test
FAIL: N19990310_3 execution - bytecode->native test
FAIL: N19990310_3 execution - gij test
FAIL: N19990310_3 -O3 execution - bytecode->native test
FAIL: N19990310_4 execution - gij test
FAIL: N19990310_4 -O3 execution - source compiled test
FAIL: N19990310_4 execution - gij test
FAIL: N19990310_5 execution - source compiled test
FAIL: N19990310_5 execution - bytecode->native test
FAIL: N19990310_5 -O3 execution - source compiled test
FAIL: N19990310_5 execution - gij test
FAIL: Overflow execution - bytecode->native test
FAIL: PR12350 -O3 execution - source compiled test
FAIL: PR12416 execution - gij test
FAIL: PR12656 execution - gij test
FAIL: PR141 execution - gij test
FAIL: PR141 -O3 execution - source compiled test
FAIL: PR141 execution - gij test
FAIL: PR160 execution - bytecode->native test
FAIL: PR160 execution - gij test
FAIL: PR160 -O3 execution - bytecode->native test
FAIL: PR162 execution - source compiled test
FAIL: PR162 execution - gij test
FAIL: PR162 -O3 execution - source compiled test
FAIL: PR162 execution - gij test
FAIL: PR162 -O3 execution - bytecode->native test
FAIL: PR16867 execution - bytecode->native test
FAIL: PR18699 execution - bytecode->native test
FAIL: PR18699 execution - gij test
FAIL: PR19870 execution - source compiled test
FAIL: PR19870 -O3 execution - source compiled test
FAIL: PR19870_2 execution - source compiled test
FAIL: PR19921 execution - gij test
FAIL: PR20056 execution - source compiled test
FAIL: PR218 execution - source compiled test
FAIL: PR218 execution - gij test
FAIL: PR218 execution - gij test
FAIL: PR242 execution - gij test
FAIL: PR242 execution - bytecode->native test
FAIL: PR242 execution - gij test
FAIL: PR260 execution - bytecode->native test
FAIL: PR260 -O3 execution - source compiled test
FAIL: PR5057 execution - gij test
FAIL: PR5057_2 execution - bytecode->native test
FAIL: PR55 execution - source compiled test
FAIL: PR55 -O3 execution - bytecode->native test
FAIL: PR56 -O3 execution - source compiled test
FAIL: PR56 execution - gij test
FAIL: PR6085 -O3 execution - source compiled test
FAIL: PR6729 execution - gij test
FAIL: PR6729 execution - bytecode->native test
FAIL: PR6729 execution - gij test
FAIL: PR6729 -O3 execution - bytecode->native test
FAIL: PR6820 execution - source compiled test
FAIL: PR6820 execution - gij test
FAIL: PR7482 execution - gij test
FAIL: PR7482 execution - bytecode->native test
FAIL: PR7482 -O3 execution - source compiled test
FAIL: PR7482 execution - gij test
FAIL: PR7482 -O3 execution - bytecode->native test
FAIL: Process_2 execution - gij test
FAIL: Process_2 -O3 execution - bytecode->native test
FAIL: Process_3 -O3 execution - bytecode->native test
FAIL: Process_4 execution - bytecode->native test
FAIL: Process_5 execution - gij test
FAIL: Process_6 execution - source compiled test
FAIL: Process_6 -O3 execution - source compiled test
FAIL: Process_6 execution - gij test
FAIL: Process_6 -O3 execution - bytecode->native test
FAIL: Serialization -O3 execution - source compiled test
FAIL: Shazam -O3 execution - source compiled test
FAIL: Shazam execution - gij test
FAIL: StringBuffer_1 execution - gij test
FAIL: StringBuffer_overflow execution - gij test
FAIL: String_overflow execution - source compiled test
FAIL: String_overflow -O3 execution - bytecode->native test
FAIL: SyncGlobal execution - source compiled test
FAIL: SyncGlobal execution - gij test
FAIL: Synch execution - source compiled test
FAIL: Synch -O3 execution - source compiled test
FAIL: Synch execution - gij test
FAIL: Synch -O3 execution - bytecode->native test
FAIL: Thread_Sleep execution - source compiled test
FAIL: Thread_Sleep execution - gij test
FAIL: Thread_Sleep -O3 execution - source compiled test
FAIL: Throw_1 -O3 execution - source compiled test
FAIL: Throw_2 execution - gij test
FAIL: Throw_2 -O3 execution - source compiled test
FAIL: anfi execution - bytecode->native test
FAIL: anon execution - source compiled test
FAIL: anon -O3 execution - source compiled test
FAIL: anon4 execution - bytecode->native test
FAIL: anon4 -O3 execution - source compiled test
FAIL: anon_ctor_itf_arg -O3 execution - source compiled test
FAIL: anonarray execution - source compiled test
FAIL: anonarray2 execution - gij test
FAIL: anonarray2 -O3 execution - bytecode->native test
FAIL: anonarray3 -O3 execution - bytecode->native test
FAIL: assign -O3 execution - bytecode->native test
FAIL: assign2 -O3 execution - source compiled test
FAIL: bclink execution - gij test
FAIL: bytearray execution - bytecode->native test
FAIL: err1 execution - source compiled test
FAIL: err1 execution - gij test
FAIL: err10 execution - gij test
FAIL: err12 execution - gij test
FAIL: err13 execution - gij test
FAIL: err6 execution - gij test
FAIL: err6 execution - bytecode->native test
FAIL: final_inner -O3 execution - source compiled test
FAIL: final_static_and_friend -O3 execution - source compiled test
FAIL: indirect_read execution - gij test
FAIL: initexc -O3 execution - source compiled test
FAIL: initfield execution - gij test
FAIL: inner1 -O3 execution - bytecode->native test
FAIL: inner3 execution - source compiled test
FAIL: inner3 execution - gij test
FAIL: inner3 execution - bytecode->native test
FAIL: inner_array execution - gij test
FAIL: inner_interface execution - source compiled test
FAIL: inner_interface execution - gij test
FAIL: inner_interface -O3 execution - source compiled test
FAIL: instance execution - bytecode->native test
FAIL: instinit2 execution - bytecode->native test
FAIL: invokethrow execution - source compiled test
FAIL: klass execution - gij test
FAIL: klass -O3 execution - bytecode->native test
FAIL: multiple_finit -O3 execution - source compiled test
FAIL: negzero execution - bytecode->native test
FAIL: negzero -O3 execution - source compiled test
FAIL: nested_with_ctor execution - source compiled test
FAIL: nested_with_ctor execution - bytecode->native test
FAIL: nested_with_ctor -O3 execution - source compiled test
FAIL: nested_with_ctor -O3 execution - bytecode->native test
FAIL: pr109 execution - source compiled test
FAIL: pr109 execution - gij test
FAIL: pr13107_3 execution - bytecode->native test
FAIL: pr133 execution - gij test
FAIL: pr133 -O3 execution - source compiled test
FAIL: pr16789 execution - gij test
FAIL: pr179 execution - gij test
FAIL: pr184 -O3 execution - bytecode->native test
FAIL: pr21785 execution - gij test
FAIL: pr21844 execution - gij test
FAIL: pr8415 execution - bytecode->native test
FAIL: pr8415 execution - gij test
FAIL: pr8415 -O3 execution - bytecode->native test
FAIL: pr8823 execution - bytecode->native test
FAIL: pr8945 execution - source compiled test
FAIL: pr8945 -O3 execution - source compiled test
FAIL: private_direct_read execution - source compiled test
FAIL: shatest execution - gij test
FAIL: stringconst -O3 execution - source compiled test
FAIL: stringconst2 execution - source compiled test
FAIL: stringconst2 execution - gij test
FAIL: stub execution - gij test
FAIL: stub -O3 execution - bytecode->native test
FAIL: test_long execution - source compiled test
FAIL: tmi execution - gij test
FAIL: tp execution - source compiled test
FAIL: update_outer execution - source compiled test
FAIL: utf8concat execution - gij test
FAIL: utf8concat execution - bytecode->native test
FAIL: utf8concat execution - gij test
FAIL: utilTest -O3 execution - source compiled test
FAIL: verify -O3 execution - source compiled test
FAIL: verify -O3 execution - bytecode->native test
=== libjava Summary ===
# of expected passes 3507
# of unexpected failures 251
# of expected failures 7
# of untested testcases 259
=== libmudflap tests ===
Running target unix
=== libmudflap Summary ===
# of expected passes 1789
=== libstdc++ tests ===
Running target unix
XPASS: 26_numerics/cmath/c99_classification_macros_c.cc (test for excess errors)
XPASS: 27_io/fpos/14320-1.cc execution test
=== libstdc++ Summary ===
# of expected passes 4031
# of unexpected successes 2
# of expected failures 11
# of unsupported tests 4
Compiler version: 4.2.0 20051221 (experimental)
Platform: x86_64-unknown-linux-gnu
configure flags: --prefix=/home/cygnus/dnovillo/perf/sbox/gcc/local.x86_64/inst.ton --srcdir=/home/cygnus/dnovillo/perf/sbox/gcc/local.x86_64/src --enable-mpfr --disable-multilib --with-gmp=/home/cygnus/dnovillo/x86_64 --enable-languages=c,c++,fortran,java,objc