This is the mail archive of the
gcc-testresults@gcc.gnu.org
mailing list for the GCC project.
Results for 4.2.0-dfp-branch 20051219 (merged 20051118) testsuite on powerpc64-unknown-linux-gnu
- From: Janis Johnson <janis187 at us dot ibm dot com>
- To: gcc-testresults at gcc dot gnu dot org
- Date: Mon, 19 Dec 2005 11:36:53 -0800
- Subject: Results for 4.2.0-dfp-branch 20051219 (merged 20051118) testsuite on powerpc64-unknown-linux-gnu
Linux 2.4.21-17.EL ppc64
GNU C Library stable release version 2.3.2
GNU ld version 2.16
GNU assembler 2.16
GNU Make version 3.79.1
DejaGnu:
Expect version is 5.40.0
Tcl version is 8.4
Framework version is 1.4.4
32-bit biarch default32
SVN branch: dfp-branch
This hardware does not support VMX instructions.
LAST_UPDATED: Mon Dec 19 13:55:05 UTC 2005 (revision )
Native configuration is powerpc64-unknown-linux-gnu
=== g++ tests ===
Running target unix/-m32
FAIL: g++.old-deja/g++.other/comdat5.C (test for excess errors)
=== g++ Summary for unix/-m32 ===
# of expected passes 12677
# of unexpected failures 1
# of expected failures 65
# of unsupported tests 89
Running target unix/-m64
=== g++ Summary for unix/-m64 ===
# of expected passes 12640
# of expected failures 65
# of unsupported tests 92
=== g++ Summary ===
# of expected passes 25317
# of unexpected failures 1
# of expected failures 130
# of unsupported tests 181
/home/gccbuild/build/nightly/build-gcc-dfp/stage3-gcc/testsuite/../g++ version 4.2.0-dfp-branch 20051219 (merged 20051118)
=== gcc tests ===
Running target unix/-m32
FAIL: gcc.dg/dfp/convert-complex.c execution test
FAIL: gcc.dg/dfp/inf-1.c (test for excess errors)
WARNING: gcc.dg/dfp/inf-1.c compilation failed to produce executable
FAIL: gcc.dg/dfp/typespec.c _Decimal128 _Complex (test for errors, line 296)
FAIL: gcc.dg/dfp/typespec.c unsigned _Decimal32 (test for errors, line 298)
FAIL: gcc.dg/dfp/typespec.c unsigned _Decimal64 (test for errors, line 299)
FAIL: gcc.dg/dfp/typespec.c unsigned _Decimal128 (test for errors, line 300)
FAIL: gcc.dg/dfp/typespec.c signed _Decimal32 (test for errors, line 301)
FAIL: gcc.dg/dfp/typespec.c signed _Decimal64 (test for errors, line 302)
FAIL: gcc.dg/dfp/typespec.c signed _Decimal128 (test for errors, line 303)
FAIL: gcc.dg/dfp/usual-arith-conv.c execution test
FAIL: gcc.dg/20020103-1.c scan-assembler-not LC[0-9]
FAIL: gcc.dg/c90-typespec-1.c unsigned long int signed (test for errors, line 521)
FAIL: gcc.dg/c90-typespec-1.c unsigned long int unsigned (test for errors, line 522)
FAIL: gcc.dg/c90-typespec-1.c (test for excess errors)
FAIL: gcc.dg/c99-typespec-1.c unsigned long int long _Bool (test for errors, line 1152)
FAIL: gcc.dg/c99-typespec-1.c unsigned long int long _Complex (test for errors, line 1153)
FAIL: gcc.dg/c99-typespec-1.c unsigned long long int void (test for errors, line 1154)
FAIL: gcc.dg/c99-typespec-1.c unsigned long long int char (test for errors, line 1155)
FAIL: gcc.dg/c99-typespec-1.c unsigned long long int short (test for errors, line 1156)
FAIL: gcc.dg/c99-typespec-1.c unsigned long long int int (test for errors, line 1157)
FAIL: gcc.dg/c99-typespec-1.c unsigned long long int long (test for errors, line 1158)
FAIL: gcc.dg/c99-typespec-1.c unsigned long long int float (test for errors, line 1159)
FAIL: gcc.dg/c99-typespec-1.c unsigned long long int double (test for errors, line 1160)
FAIL: gcc.dg/c99-typespec-1.c unsigned long long int signed (test for errors, line 1161)
FAIL: gcc.dg/c99-typespec-1.c unsigned long long int unsigned (test for errors, line 1162)
FAIL: gcc.dg/c99-typespec-1.c unsigned long long int _Bool (test for errors, line 1163)
FAIL: gcc.dg/c99-typespec-1.c unsigned long long int _Complex (test for errors, line 1164)
FAIL: gcc.dg/c99-typespec-1.c (test for excess errors)
FAIL: gcc.dg/c99-vla-jump-3.c (test for errors, line 302)
FAIL: gcc.dg/c99-vla-jump-3.c (test for excess errors)
FAIL: gcc.dg/long-long-typespec-1.c unsigned long long int float (test for errors, line 825)
FAIL: gcc.dg/long-long-typespec-1.c unsigned long long int double (test for errors, line 826)
FAIL: gcc.dg/long-long-typespec-1.c unsigned long long int signed (test for errors, line 827)
FAIL: gcc.dg/long-long-typespec-1.c unsigned long long int unsigned (test for errors, line 828)
FAIL: gcc.dg/long-long-typespec-1.c (test for excess errors)
FAIL: gcc.dg/nonnull-3.c null pointer check (test for warnings, line 80)
FAIL: gcc.dg/nonnull-3.c (test for excess errors)
FAIL: gcc.dg/typespec-1.c unsigned long long int void (test for errors, line 928)
FAIL: gcc.dg/typespec-1.c unsigned long long int char (test for errors, line 929)
FAIL: gcc.dg/typespec-1.c unsigned long long int short (test for errors, line 930)
FAIL: gcc.dg/typespec-1.c unsigned long long int int (test for errors, line 931)
FAIL: gcc.dg/typespec-1.c unsigned long long int long (test for errors, line 932)
FAIL: gcc.dg/typespec-1.c unsigned long long int float (test for errors, line 933)
FAIL: gcc.dg/typespec-1.c unsigned long long int double (test for errors, line 934)
FAIL: gcc.dg/typespec-1.c unsigned long long int signed (test for errors, line 935)
FAIL: gcc.dg/typespec-1.c unsigned long long int unsigned (test for errors, line 936)
FAIL: gcc.dg/typespec-1.c unsigned long long int _Bool (test for errors, line 937)
FAIL: gcc.dg/typespec-1.c (test for excess errors)
FAIL: gcc.dg/tree-ssa/20031106-6.c scan-tree-dump-times temp_struct 0
FAIL: gcc.target/powerpc/pr18096-1.c stack frame too large (test for warnings, line 11)
FAIL: gcc.target/powerpc/pr18096-1.c (test for excess errors)
=== gcc Summary for unix/-m32 ===
# of expected passes 40086
# of unexpected failures 51
# of expected failures 92
# of untested testcases 28
# of unsupported tests 331
Running target unix/-m64
FAIL: gcc.dg/dfp/convert-complex.c execution test
FAIL: gcc.dg/dfp/inf-1.c (test for excess errors)
WARNING: gcc.dg/dfp/inf-1.c compilation failed to produce executable
FAIL: gcc.dg/dfp/usual-arith-conv.c execution test
FAIL: gcc.dg/torture/fp-int-convert-timode.c -O0 execution test
FAIL: gcc.dg/torture/fp-int-convert-timode.c -O1 execution test
FAIL: gcc.dg/torture/fp-int-convert-timode.c -O2 execution test
FAIL: gcc.dg/torture/fp-int-convert-timode.c -O3 -fomit-frame-pointer execution test
FAIL: gcc.dg/torture/fp-int-convert-timode.c -O3 -g execution test
FAIL: gcc.dg/torture/fp-int-convert-timode.c -Os execution test
FAIL: gcc.dg/tree-ssa/20031106-6.c scan-tree-dump-times temp_struct 0
XPASS: gcc.dg/tree-ssa/sra-2.c scan-tree-dump-times link_error 0
=== gcc Summary for unix/-m64 ===
# of expected passes 39977
# of unexpected failures 10
# of unexpected successes 1
# of expected failures 93
# of untested testcases 28
# of unsupported tests 398
=== gcc Summary ===
# of expected passes 80063
# of unexpected failures 61
# of unexpected successes 1
# of expected failures 185
# of untested testcases 56
# of unsupported tests 729
/home/gccbuild/build/nightly/build-gcc-dfp/gcc/xgcc version 4.2.0-dfp-branch 20051219 (merged 20051118)
=== gfortran tests ===
Running target unix/-m32
=== gfortran Summary for unix/-m32 ===
# of expected passes 10842
# of expected failures 15
# of unsupported tests 66
Running target unix/-m64
XPASS: gfortran.dg/csqrt_2.f -O1 execution test
XPASS: gfortran.dg/csqrt_2.f -O2 execution test
XPASS: gfortran.dg/csqrt_2.f -O3 -fomit-frame-pointer execution test
XPASS: gfortran.dg/csqrt_2.f -O3 -g execution test
XPASS: gfortran.dg/csqrt_2.f -Os execution test
FAIL: gfortran.dg/f2c_2.f90 -O0 execution test
FAIL: gfortran.dg/f2c_2.f90 -O1 execution test
FAIL: gfortran.dg/f2c_2.f90 -O2 execution test
FAIL: gfortran.dg/f2c_2.f90 -O3 -fomit-frame-pointer execution test
FAIL: gfortran.dg/f2c_2.f90 -O3 -fomit-frame-pointer -funroll-loops execution test
FAIL: gfortran.dg/f2c_2.f90 -O3 -fomit-frame-pointer -funroll-all-loops -finline-functions execution test
FAIL: gfortran.dg/f2c_2.f90 -O3 -g execution test
FAIL: gfortran.dg/f2c_2.f90 -Os execution test
FAIL: gfortran.dg/g77/20010610.f -O3 -fomit-frame-pointer -funroll-loops (test for excess errors)
WARNING: gfortran.dg/g77/20010610.f -O3 -fomit-frame-pointer -funroll-loops compilation failed to produce executable
FAIL: gfortran.dg/g77/20010610.f -O3 -fomit-frame-pointer -funroll-all-loops -finline-functions (test for excess errors)
WARNING: gfortran.dg/g77/20010610.f -O3 -fomit-frame-pointer -funroll-all-loops -finline-functions compilation failed to produce executable
FAIL: gfortran.dg/g77/cabs.f -O0 execution test
FAIL: gfortran.dg/g77/cabs.f -O1 execution test
FAIL: gfortran.dg/g77/cabs.f -O2 execution test
FAIL: gfortran.dg/g77/cabs.f -O3 -fomit-frame-pointer execution test
FAIL: gfortran.dg/g77/cabs.f -O3 -fomit-frame-pointer -funroll-loops execution test
FAIL: gfortran.dg/g77/cabs.f -O3 -fomit-frame-pointer -funroll-all-loops -finline-functions execution test
FAIL: gfortran.dg/g77/cabs.f -O3 -g execution test
FAIL: gfortran.dg/g77/cabs.f -Os execution test
FAIL: gfortran.fortran-torture/execute/intrinsic_abs.f90 execution, -O0
FAIL: gfortran.fortran-torture/execute/intrinsic_abs.f90 execution, -O1
FAIL: gfortran.fortran-torture/execute/intrinsic_abs.f90 execution, -O2
FAIL: gfortran.fortran-torture/execute/intrinsic_abs.f90 execution, -O3 -fomit-frame-pointer
FAIL: gfortran.fortran-torture/execute/intrinsic_abs.f90 execution, -O3 -fomit-frame-pointer -funroll-loops
FAIL: gfortran.fortran-torture/execute/intrinsic_abs.f90 execution, -O3 -fomit-frame-pointer -funroll-all-loops -finline-functions
FAIL: gfortran.fortran-torture/execute/intrinsic_abs.f90 execution, -O3 -g
FAIL: gfortran.fortran-torture/execute/intrinsic_abs.f90 execution, -Os
FAIL: gfortran.fortran-torture/execute/power.f90 execution, -O0
FAIL: gfortran.fortran-torture/execute/power.f90 execution, -O1
FAIL: gfortran.fortran-torture/execute/power.f90 execution, -O2
FAIL: gfortran.fortran-torture/execute/power.f90 execution, -O3 -fomit-frame-pointer
FAIL: gfortran.fortran-torture/execute/power.f90 execution, -O3 -fomit-frame-pointer -funroll-loops
FAIL: gfortran.fortran-torture/execute/power.f90 execution, -O3 -fomit-frame-pointer -funroll-all-loops -finline-functions
FAIL: gfortran.fortran-torture/execute/power.f90 execution, -O3 -g
FAIL: gfortran.fortran-torture/execute/power.f90 execution, -Os
=== gfortran Summary for unix/-m64 ===
# of expected passes 10835
# of unexpected failures 34
# of unexpected successes 5
# of expected failures 13
# of unsupported tests 50
=== gfortran Summary ===
# of expected passes 21677
# of unexpected failures 34
# of unexpected successes 5
# of expected failures 28
# of unsupported tests 116
/home/gccbuild/build/nightly/build-gcc-dfp/stage3-gcc/testsuite/../gfortran version 4.2.0-dfp-branch 20051219 (merged 20051118)
=== objc tests ===
Running target unix/-m32
FAIL: objc.dg-struct-layout-encoding-1/t025_main.m execution test
FAIL: objc.dg-struct-layout-encoding-1/t026_main.m execution test
FAIL: objc.dg-struct-layout-encoding-1/t027_main.m execution test
FAIL: objc.dg-struct-layout-encoding-1/t028_main.m execution test
FAIL: objc.dg-struct-layout-encoding-1/t029_main.m execution test
FAIL: objc.dg-struct-layout-encoding-1/t030_main.m execution test
FAIL: objc.dg-struct-layout-encoding-1/t031_main.m execution test
=== objc Summary for unix/-m32 ===
# of expected passes 1734
# of unexpected failures 7
# of unsupported tests 22
Running target unix/-m64
FAIL: objc.dg-struct-layout-encoding-1/t025_main.m execution test
FAIL: objc.dg-struct-layout-encoding-1/t026_main.m execution test
FAIL: objc.dg-struct-layout-encoding-1/t027_main.m execution test
FAIL: objc.dg-struct-layout-encoding-1/t028_main.m execution test
FAIL: objc.dg-struct-layout-encoding-1/t029_main.m execution test
FAIL: objc.dg-struct-layout-encoding-1/t030_main.m execution test
FAIL: objc.dg-struct-layout-encoding-1/t031_main.m execution test
=== objc Summary for unix/-m64 ===
# of expected passes 1734
# of unexpected failures 7
# of unsupported tests 22
=== objc Summary ===
# of expected passes 3468
# of unexpected failures 14
# of unsupported tests 44
/home/gccbuild/build/nightly/build-gcc-dfp/gcc/xgcc version 4.2.0-dfp-branch 20051219 (merged 20051118)
=== libffi tests ===
Running target unix/-m32
=== libffi Summary for unix/-m32 ===
# of expected passes 228
# of unsupported tests 2
Running target unix/-m64
=== libffi Summary for unix/-m64 ===
# of expected passes 228
# of unsupported tests 2
=== libffi Summary ===
# of expected passes 456
# of unsupported tests 4
=== libjava tests ===
Running target unix/-m32
=== libjava Summary for unix/-m32 ===
# of expected passes 4011
# of expected failures 10
# of untested testcases 8
Running target unix/-m64
=== libjava Summary for unix/-m64 ===
# of expected passes 4011
# of expected failures 10
# of untested testcases 8
=== libjava Summary ===
# of expected passes 8022
# of expected failures 20
# of untested testcases 16
=== libmudflap tests ===
Running target unix/-m32
=== libmudflap Summary for unix/-m32 ===
# of expected passes 1789
Running target unix/-m64
FAIL: libmudflap.c/fail27-frag.c output pattern test
FAIL: libmudflap.c/fail27-frag.c (-O2) output pattern test
FAIL: libmudflap.c/fail27-frag.c (-O3) output pattern test
=== libmudflap Summary for unix/-m64 ===
# of expected passes 1786
# of unexpected failures 3
=== libmudflap Summary ===
# of expected passes 3575
# of unexpected failures 3
=== libstdc++ tests ===
Running target unix/-m32
FAIL: abi_check
XPASS: 26_numerics/cmath/c99_classification_macros_c.cc (test for excess errors)
FAIL: 27_io/basic_ostream/inserters_character/char/9555-oc.cc execution test
FAIL: 27_io/basic_ostream/inserters_character/wchar_t/9555-oc.cc execution test
XPASS: ext/array_allocator/2.cc execution test
=== libstdc++ Summary for unix/-m32 ===
# of expected passes 4034
# of unexpected failures 3
# of unexpected successes 2
# of expected failures 12
Running target unix/-m64
FAIL: abi_check
FAIL: 22_locale/messages/members/char/1.cc execution test
FAIL: 22_locale/messages/members/char/2.cc execution test
FAIL: 22_locale/messages/members/char/wrapped_env.cc execution test
FAIL: 22_locale/messages/members/char/wrapped_locale.cc execution test
FAIL: 22_locale/messages_byname/named_equivalence.cc execution test
XPASS: 26_numerics/cmath/c99_classification_macros_c.cc (test for excess errors)
FAIL: 27_io/basic_ostream/inserters_character/char/9555-oc.cc execution test
FAIL: 27_io/basic_ostream/inserters_character/wchar_t/9555-oc.cc execution test
XPASS: 27_io/fpos/14320-1.cc execution test
XPASS: ext/array_allocator/2.cc execution test
=== libstdc++ Summary for unix/-m64 ===
# of expected passes 4026
# of unexpected failures 8
# of unexpected successes 3
# of expected failures 14
=== libstdc++ Summary ===
# of expected passes 8060
# of unexpected failures 11
# of unexpected successes 5
# of expected failures 26
Compiler version: 4.2.0-dfp-branch 20051219 (merged 20051118)
Platform: powerpc64-unknown-linux-gnu
configure flags: --prefix=/opt/gcc-nightly/dfp-20051219 --build=powerpc64-linux --host=powerpc64-linux --target=powerpc64-linux --with-cpu=default32 --with-as=/opt/gcc-nightly/dfp-20051219/bin/as --with-ld=/opt/gcc-nightly/dfp-20051219/bin/ld --enable-threads=posix --enable-shared --enable-__cxa_atexit --enable-checking --with-mpfr=/opt/gcc-nightly/dfp-20051219 --enable-languages=c,c++,fortran,java,objc