This is the mail archive of the
gcc-testresults@gcc.gnu.org
mailing list for the GCC project.
Results for 3.4.6 20051215 (prerelease) testsuite on sparc64-unknown-linux-gnu
- From: Christian Joensson <chj at j-son dot org>
- To: gcc-testresults at gcc dot gnu dot org
- Date: Sat, 17 Dec 2005 14:11:05 +0100
- Subject: Results for 3.4.6 20051215 (prerelease) testsuite on sparc64-unknown-linux-gnu
Aurora SPARC Linux release 2.0b2 (Kashmir FC3) UltraSparc I (SpitFire) sun4u:
binutils-2.15.92.0.2-5.sparc
bison-1.875c-2.sparc
dejagnu-1.4.4-2.noarch
expect-5.42.1-1.sparc
gcc-3.4.2-6.fc3.sparc
gcc4-4.0.0-0.8sparc.sparc
glibc-2.3.3-99.sparc
glibc-2.3.3-99.sparc64
glibc-devel-2.3.3-99.sparc
glibc-devel-2.3.3-99.sparc64
glibc-headers-2.3.3-99.sparc
glibc-kernheaders-2.6-20sparc.sparc
gmp-4.1.4-3sparc.sparc
gmp-4.1.4-3sparc.sparc64
gmp-devel-4.1.4-3sparc.sparc
gmp-devel-4.1.4-3sparc.sparc64
kernel-2.6.13-1.1603sp8.sparc64
package kernel-devel is not installed
package kernel-smp is not installed
libgcc-3.4.2-6.fc3.sparc
libgcc-3.4.2-6.fc3.sparc64
libstdc++-3.4.2-6.fc3.sparc
libstdc++-3.4.2-6.fc3.sparc64
libstdc++-devel-3.4.2-6.fc3.sparc
libstdc++-devel-3.4.2-6.fc3.sparc64
make-3.80-5.sparc
nptl-devel-2.3.3-99.sparcv9
tcl-8.4.7-2.sparc
LAST_UPDATED: Thu Dec 15 21:14:09 UTC 2005 (revision 108596)
=== acats tests ===
=== acats Summary ===
# of expected passes 1965
# of unexpected failures 0
# of unsupported tests 357
Native configuration is sparc64-unknown-linux-gnu
=== g77 tests ===
Running target unix/-m64
FAIL: g77.dg/bprob/g77-bprob-1.f execution, -g -fprofile-arcs
UNRESOLVED: g77.dg/bprob/g77-bprob-1.f compilation, -g -fbranch-probabilities
UNRESOLVED: g77.dg/bprob/g77-bprob-1.f execution, -g -fbranch-probabilities
FAIL: g77.dg/bprob/g77-bprob-1.f execution, -O0 -fprofile-arcs
UNRESOLVED: g77.dg/bprob/g77-bprob-1.f compilation, -O0 -fbranch-probabilities
UNRESOLVED: g77.dg/bprob/g77-bprob-1.f execution, -O0 -fbranch-probabilities
FAIL: g77.dg/bprob/g77-bprob-1.f execution, -O1 -fprofile-arcs
UNRESOLVED: g77.dg/bprob/g77-bprob-1.f compilation, -O1 -fbranch-probabilities
UNRESOLVED: g77.dg/bprob/g77-bprob-1.f execution, -O1 -fbranch-probabilities
FAIL: g77.dg/bprob/g77-bprob-1.f execution, -O2 -fprofile-arcs
UNRESOLVED: g77.dg/bprob/g77-bprob-1.f compilation, -O2 -fbranch-probabilities
UNRESOLVED: g77.dg/bprob/g77-bprob-1.f execution, -O2 -fbranch-probabilities
FAIL: g77.dg/bprob/g77-bprob-1.f execution, -O3 -fprofile-arcs
UNRESOLVED: g77.dg/bprob/g77-bprob-1.f compilation, -O3 -fbranch-probabilities
UNRESOLVED: g77.dg/bprob/g77-bprob-1.f execution, -O3 -fbranch-probabilities
FAIL: g77.dg/bprob/g77-bprob-1.f execution, -O3 -g -fprofile-arcs
UNRESOLVED: g77.dg/bprob/g77-bprob-1.f compilation, -O3 -g -fbranch-probabilities
UNRESOLVED: g77.dg/bprob/g77-bprob-1.f execution, -O3 -g -fbranch-probabilities
FAIL: g77.dg/bprob/g77-bprob-1.f execution, -Os -fprofile-arcs
UNRESOLVED: g77.dg/bprob/g77-bprob-1.f compilation, -Os -fbranch-probabilities
UNRESOLVED: g77.dg/bprob/g77-bprob-1.f execution, -Os -fbranch-probabilities
FAIL: g77.dg/gcov/gcov-1.f execution test
FAIL: g77.dg/gcov/gcov-1.f gcov failed: gcov-1.f.gcov does not exist
=== g77 Summary for unix/-m64 ===
# of expected passes 1789
# of unexpected failures 9
# of unresolved testcases 14
# of unsupported tests 6
Running target unix
=== g77 Summary for unix ===
# of expected passes 1812
# of unsupported tests 6
=== g77 Summary ===
# of expected passes 3601
# of unexpected failures 9
# of unresolved testcases 14
# of unsupported tests 12
/usr/local/src/branch/objdir.3.4/gcc/testsuite/../g77 version 3.4.6 20051215 (prerelease)
=== gcc tests ===
Running target unix/-m64
FAIL: gcc.c-torture/execute/conversion.c execution, -O3 -fomit-frame-pointer
FAIL: gcc.c-torture/execute/conversion.c execution, -O3 -g
UNRESOLVED: gcc.c-torture/execute/simd-4.c execution, -O0
UNRESOLVED: gcc.c-torture/execute/va-arg-25.c execution, -O0
UNRESOLVED: gcc.c-torture/execute/va-arg-25.c execution, -O1
UNRESOLVED: gcc.c-torture/execute/va-arg-25.c execution, -O2
UNRESOLVED: gcc.c-torture/execute/va-arg-25.c execution, -O3 -fomit-frame-pointer
UNRESOLVED: gcc.c-torture/execute/va-arg-25.c execution, -O3 -g
UNRESOLVED: gcc.c-torture/execute/va-arg-25.c execution, -Os
UNRESOLVED: gcc.dg/compat/vector-1 c_compat_x_tst.o-c_compat_y_tst.o link
UNRESOLVED: gcc.dg/compat/vector-1 c_compat_x_tst.o-c_compat_y_tst.o execute
UNRESOLVED: gcc.dg/compat/vector-2 c_compat_x_tst.o-c_compat_y_tst.o link
UNRESOLVED: gcc.dg/compat/vector-2 c_compat_x_tst.o-c_compat_y_tst.o execute
FAIL: gcc.dg/20020201-1.c execution test
FAIL: gcc.dg/builtins-18.c (test for excess errors)
FAIL: gcc.dg/cleanup-8.c execution test
FAIL: gcc.dg/cleanup-9.c execution test
XPASS: gcc.dg/uninit-4.c uninitialized variable warning (test for bogus messages, line 26)
FAIL: gcc.dg/special/gcsec-1.c (test for excess errors)
FAIL: gcc.dg/tls/alias-1.c (test for excess errors)
FAIL: gcc.dg/tls/opt-2.c (test for excess errors)
FAIL: gcc.misc-tests/bprob-1.c execution, -g -fprofile-arcs
UNRESOLVED: gcc.misc-tests/bprob-1.c compilation, -g -fbranch-probabilities
UNRESOLVED: gcc.misc-tests/bprob-1.c execution, -g -fbranch-probabilities
FAIL: gcc.misc-tests/bprob-1.c execution, -O0 -fprofile-arcs
UNRESOLVED: gcc.misc-tests/bprob-1.c compilation, -O0 -fbranch-probabilities
UNRESOLVED: gcc.misc-tests/bprob-1.c execution, -O0 -fbranch-probabilities
FAIL: gcc.misc-tests/bprob-1.c execution, -O1 -fprofile-arcs
UNRESOLVED: gcc.misc-tests/bprob-1.c compilation, -O1 -fbranch-probabilities
UNRESOLVED: gcc.misc-tests/bprob-1.c execution, -O1 -fbranch-probabilities
FAIL: gcc.misc-tests/bprob-1.c execution, -O2 -DPERFTIME -fprofile-arcs
UNRESOLVED: gcc.misc-tests/bprob-1.c compilation, -O2 -DPERFTIME -fbranch-probabilities
UNRESOLVED: gcc.misc-tests/bprob-1.c execution, -O2 -DPERFTIME -fbranch-probabilities
FAIL: gcc.misc-tests/bprob-1.c execution, -O3 -DPERFTIME -fprofile-arcs
UNRESOLVED: gcc.misc-tests/bprob-1.c compilation, -O3 -DPERFTIME -fbranch-probabilities
UNRESOLVED: gcc.misc-tests/bprob-1.c execution, -O3 -DPERFTIME -fbranch-probabilities
FAIL: gcc.misc-tests/bprob-1.c execution, -O3 -g -DPERFTIME -fprofile-arcs
UNRESOLVED: gcc.misc-tests/bprob-1.c compilation, -O3 -g -DPERFTIME -fbranch-probabilities
UNRESOLVED: gcc.misc-tests/bprob-1.c execution, -O3 -g -DPERFTIME -fbranch-probabilities
FAIL: gcc.misc-tests/bprob-1.c execution, -Os -fprofile-arcs
UNRESOLVED: gcc.misc-tests/bprob-1.c compilation, -Os -fbranch-probabilities
UNRESOLVED: gcc.misc-tests/bprob-1.c execution, -Os -fbranch-probabilities
FAIL: gcc.misc-tests/bprob-2.c execution, -g -fprofile-arcs
UNRESOLVED: gcc.misc-tests/bprob-2.c compilation, -g -fbranch-probabilities
UNRESOLVED: gcc.misc-tests/bprob-2.c execution, -g -fbranch-probabilities
FAIL: gcc.misc-tests/bprob-2.c execution, -O0 -fprofile-arcs
UNRESOLVED: gcc.misc-tests/bprob-2.c compilation, -O0 -fbranch-probabilities
UNRESOLVED: gcc.misc-tests/bprob-2.c execution, -O0 -fbranch-probabilities
FAIL: gcc.misc-tests/bprob-2.c execution, -O1 -fprofile-arcs
UNRESOLVED: gcc.misc-tests/bprob-2.c compilation, -O1 -fbranch-probabilities
UNRESOLVED: gcc.misc-tests/bprob-2.c execution, -O1 -fbranch-probabilities
FAIL: gcc.misc-tests/bprob-2.c execution, -O2 -DPERFTIME -fprofile-arcs
UNRESOLVED: gcc.misc-tests/bprob-2.c compilation, -O2 -DPERFTIME -fbranch-probabilities
UNRESOLVED: gcc.misc-tests/bprob-2.c execution, -O2 -DPERFTIME -fbranch-probabilities
FAIL: gcc.misc-tests/bprob-2.c execution, -O3 -DPERFTIME -fprofile-arcs
UNRESOLVED: gcc.misc-tests/bprob-2.c compilation, -O3 -DPERFTIME -fbranch-probabilities
UNRESOLVED: gcc.misc-tests/bprob-2.c execution, -O3 -DPERFTIME -fbranch-probabilities
FAIL: gcc.misc-tests/bprob-2.c execution, -O3 -g -DPERFTIME -fprofile-arcs
UNRESOLVED: gcc.misc-tests/bprob-2.c compilation, -O3 -g -DPERFTIME -fbranch-probabilities
UNRESOLVED: gcc.misc-tests/bprob-2.c execution, -O3 -g -DPERFTIME -fbranch-probabilities
FAIL: gcc.misc-tests/bprob-2.c execution, -Os -fprofile-arcs
UNRESOLVED: gcc.misc-tests/bprob-2.c compilation, -Os -fbranch-probabilities
UNRESOLVED: gcc.misc-tests/bprob-2.c execution, -Os -fbranch-probabilities
FAIL: gcc.misc-tests/gcov-1.c execution test
FAIL: gcc.misc-tests/gcov-1.c gcov failed: gcov-1.c.gcov does not exist
FAIL: gcc.misc-tests/gcov-10.c execution test
FAIL: gcc.misc-tests/gcov-10.c gcov failed: gcov-10.c.gcov does not exist
FAIL: gcc.misc-tests/gcov-10b.c execution test
FAIL: gcc.misc-tests/gcov-10b.c gcov failed: gcov-10b.c.gcov does not exist
FAIL: gcc.misc-tests/gcov-11.c execution test
FAIL: gcc.misc-tests/gcov-11.c gcov failed: gcov-11.c.gcov does not exist
FAIL: gcc.misc-tests/gcov-2.c execution test
FAIL: gcc.misc-tests/gcov-2.c gcov failed: gcov-2.c.gcov does not exist
FAIL: gcc.misc-tests/gcov-3.c execution test
FAIL: gcc.misc-tests/gcov-3.c gcov failed: gcov-3.c.gcov does not exist
FAIL: gcc.misc-tests/gcov-4.c execution test
FAIL: gcc.misc-tests/gcov-4.c gcov failed: gcov-4.c.gcov does not exist
FAIL: gcc.misc-tests/gcov-4b.c execution test
FAIL: gcc.misc-tests/gcov-4b.c gcov failed: gcov-4b.c.gcov does not exist
FAIL: gcc.misc-tests/gcov-5b.c execution test
FAIL: gcc.misc-tests/gcov-5b.c gcov failed: gcov-5b.c.gcov does not exist
FAIL: gcc.misc-tests/gcov-6.c execution test
FAIL: gcc.misc-tests/gcov-6.c gcov failed: gcov-6.c.gcov does not exist
FAIL: gcc.misc-tests/gcov-7.c execution test
FAIL: gcc.misc-tests/gcov-7.c gcov failed: gcov-7.c.gcov does not exist
FAIL: gcc.misc-tests/gcov-8.c execution test
FAIL: gcc.misc-tests/gcov-8.c gcov failed: gcov-8.c.gcov does not exist
FAIL: gcc.misc-tests/gcov-9.c execution test
FAIL: gcc.misc-tests/gcov-9.c gcov failed: gcov-9.c.gcov does not exist
FAIL: linkage.c
=== gcc Summary for unix/-m64 ===
# of expected passes 24863
# of unexpected failures 50
# of unexpected successes 1
# of expected failures 91
# of unresolved testcases 39
# of untested testcases 7
# of unsupported tests 357
Running target unix
XPASS: gcc.c-torture/compile/simd-5.c -O0 (test for excess errors)
XPASS: gcc.c-torture/compile/simd-5.c -O1 (test for excess errors)
XPASS: gcc.c-torture/execute/20020227-1.c execution, -O2
XPASS: gcc.c-torture/execute/20020227-1.c execution, -O3 -fomit-frame-pointer
XPASS: gcc.c-torture/execute/20020227-1.c execution, -O3 -g
XPASS: gcc.c-torture/execute/20020227-1.c execution, -Os
UNRESOLVED: gcc.c-torture/execute/simd-4.c execution, -O0
XPASS: gcc.c-torture/execute/va-arg-25.c compilation, -O0
XPASS: gcc.c-torture/execute/va-arg-25.c compilation, -O1
XPASS: gcc.c-torture/execute/va-arg-25.c compilation, -O2
XPASS: gcc.c-torture/execute/va-arg-25.c compilation, -O3 -fomit-frame-pointer
XPASS: gcc.c-torture/execute/va-arg-25.c compilation, -O3 -g
XPASS: gcc.c-torture/execute/va-arg-25.c compilation, -Os
UNRESOLVED: gcc.dg/compat/vector-1 c_compat_x_tst.o-c_compat_y_tst.o link
UNRESOLVED: gcc.dg/compat/vector-1 c_compat_x_tst.o-c_compat_y_tst.o execute
UNRESOLVED: gcc.dg/compat/vector-2 c_compat_x_tst.o-c_compat_y_tst.o link
UNRESOLVED: gcc.dg/compat/vector-2 c_compat_x_tst.o-c_compat_y_tst.o execute
FAIL: gcc.dg/cleanup-8.c execution test
FAIL: gcc.dg/cleanup-9.c execution test
XPASS: gcc.dg/uninit-4.c uninitialized variable warning (test for bogus messages, line 26)
=== gcc Summary for unix ===
# of expected passes 24945
# of unexpected failures 2
# of unexpected successes 13
# of expected failures 79
# of unresolved testcases 5
# of untested testcases 7
# of unsupported tests 357
=== gcc Summary ===
# of expected passes 49808
# of unexpected failures 52
# of unexpected successes 14
# of expected failures 170
# of unresolved testcases 44
# of untested testcases 14
# of unsupported tests 714
/usr/local/src/branch/objdir.3.4/gcc/xgcc version 3.4.6 20051215 (prerelease)
=== g++ tests ===
Running target unix/-m64
FAIL: g++.dg/bprob/g++-bprob-1.C execution, -g -fprofile-arcs
UNRESOLVED: g++.dg/bprob/g++-bprob-1.C compilation, -g -fbranch-probabilities
UNRESOLVED: g++.dg/bprob/g++-bprob-1.C execution, -g -fbranch-probabilities
FAIL: g++.dg/bprob/g++-bprob-1.C execution, -O0 -fprofile-arcs
UNRESOLVED: g++.dg/bprob/g++-bprob-1.C compilation, -O0 -fbranch-probabilities
UNRESOLVED: g++.dg/bprob/g++-bprob-1.C execution, -O0 -fbranch-probabilities
FAIL: g++.dg/bprob/g++-bprob-1.C execution, -O1 -fprofile-arcs
UNRESOLVED: g++.dg/bprob/g++-bprob-1.C compilation, -O1 -fbranch-probabilities
UNRESOLVED: g++.dg/bprob/g++-bprob-1.C execution, -O1 -fbranch-probabilities
FAIL: g++.dg/bprob/g++-bprob-1.C execution, -O2 -fprofile-arcs
UNRESOLVED: g++.dg/bprob/g++-bprob-1.C compilation, -O2 -fbranch-probabilities
UNRESOLVED: g++.dg/bprob/g++-bprob-1.C execution, -O2 -fbranch-probabilities
FAIL: g++.dg/bprob/g++-bprob-1.C execution, -O3 -fprofile-arcs
UNRESOLVED: g++.dg/bprob/g++-bprob-1.C compilation, -O3 -fbranch-probabilities
UNRESOLVED: g++.dg/bprob/g++-bprob-1.C execution, -O3 -fbranch-probabilities
FAIL: g++.dg/bprob/g++-bprob-1.C execution, -O3 -g -fprofile-arcs
UNRESOLVED: g++.dg/bprob/g++-bprob-1.C compilation, -O3 -g -fbranch-probabilities
UNRESOLVED: g++.dg/bprob/g++-bprob-1.C execution, -O3 -g -fbranch-probabilities
FAIL: g++.dg/bprob/g++-bprob-1.C execution, -Os -fprofile-arcs
UNRESOLVED: g++.dg/bprob/g++-bprob-1.C compilation, -Os -fbranch-probabilities
UNRESOLVED: g++.dg/bprob/g++-bprob-1.C execution, -Os -fbranch-probabilities
WARNING: g++.dg/eh/simd-1.C compilation failed to produce executable
WARNING: g++.dg/eh/simd-2.C compilation failed to produce executable
FAIL: g++.dg/other/profile1.C execution test
XPASS: g++.dg/rtti/tinfo1.C scan-assembler _ZTIP9CTemplateIhE:
XPASS: g++.dg/rtti/tinfo1.C scan-assembler-not .globl[ \\t]+_ZTIP9CTemplateIhE
FAIL: g++.dg/gcov/gcov-1.C execution test
FAIL: g++.dg/gcov/gcov-1.C gcov failed: gcov-1.C.gcov does not exist
FAIL: g++.dg/gcov/gcov-2.C execution test
FAIL: g++.dg/gcov/gcov-2.C gcov failed: gcov-2.C.gcov does not exist
FAIL: g++.dg/gcov/gcov-3.C execution test
FAIL: g++.dg/gcov/gcov-3.C gcov failed: gcov-3.C.gcov does not exist
XPASS: g++.old-deja/g++.other/init5.C execution test
FAIL: g++.old-deja/g++.robertl/eb83.C execution test
=== g++ Summary for unix/-m64 ===
# of expected passes 9862
# of unexpected failures 15
# of unexpected successes 3
# of expected failures 67
# of unresolved testcases 14
# of unsupported tests 81
Running target unix
WARNING: g++.dg/eh/simd-1.C compilation failed to produce executable
WARNING: g++.dg/eh/simd-2.C compilation failed to produce executable
XPASS: g++.dg/rtti/tinfo1.C scan-assembler _ZTIP9CTemplateIhE:
XPASS: g++.dg/rtti/tinfo1.C scan-assembler-not .globl[ \\t]+_ZTIP9CTemplateIhE
XPASS: g++.old-deja/g++.other/init5.C execution test
=== g++ Summary for unix ===
# of expected passes 9891
# of unexpected successes 3
# of expected failures 67
# of unsupported tests 81
=== g++ Summary ===
# of expected passes 19753
# of unexpected failures 15
# of unexpected successes 6
# of expected failures 134
# of unresolved testcases 14
# of unsupported tests 162
/usr/local/src/branch/objdir.3.4/gcc/testsuite/../g++ version 3.4.6 20051215 (prerelease)
=== objc tests ===
Running target unix/-m64
=== objc Summary for unix/-m64 ===
# of expected passes 1352
# of unsupported tests 8
Running target unix
=== objc Summary for unix ===
# of expected passes 1352
# of unsupported tests 8
=== objc Summary ===
# of expected passes 2704
# of unsupported tests 16
/usr/local/src/branch/objdir.3.4/gcc/xgcc version 3.4.6 20051215 (prerelease)
=== treelang tests ===
Running target unix/-m64
FAIL: gcc 01 01 rc!=0
=== treelang Summary for unix/-m64 ===
# of unexpected failures 1
Running target unix
=== treelang Summary for unix ===
=== treelang Summary ===
# of unexpected failures 1
=== libffi tests ===
Running target unix/-m64
=== libffi Summary for unix/-m64 ===
# of expected passes 212
# of unsupported tests 2
Running target unix
=== libffi Summary for unix ===
# of expected passes 212
# of unsupported tests 2
=== libffi Summary ===
# of expected passes 424
# of unsupported tests 4
=== libjava tests ===
Running target unix/-m64
FAIL: Array_3 execution - source compiled test
FAIL: Array_3 execution - gij test
FAIL: Array_3 execution - bytecode->native test
FAIL: Array_3 -O3 execution - source compiled test
FAIL: Array_3 execution - gij test
FAIL: Array_3 -O3 execution - bytecode->native test
FAIL: Invoke_1 execution - source compiled test
FAIL: Invoke_1 execution - bytecode->native test
FAIL: Invoke_1 -O3 execution - source compiled test
FAIL: Invoke_1 -O3 execution - bytecode->native test
FAIL: PR218 execution - gij test
FAIL: PR218 execution - gij test
FAIL: /usr/local/src/branch/objdir.3.4/sparc64-unknown-linux-gnu/libjava/testsuite/TestLeak.exe execution - /usr/local/src/branch/objdir.3.4/sparc64-unknown-linux-gnu/libjava/testsuite/TestLeak.exe
=== libjava Summary for unix/-m64 ===
# of expected passes 3245
# of unexpected failures 13
# of expected failures 10
# of untested testcases 21
Running target unix
=== libjava Summary for unix ===
# of expected passes 3271
# of expected failures 10
# of untested testcases 8
=== libjava Summary ===
# of expected passes 6516
# of unexpected failures 13
# of expected failures 20
# of untested testcases 29
=== libstdc++ tests ===
Running target unix/-m64
WARNING: program timed out.
FAIL: 22_locale/messages/members/char/1.cc execution test
FAIL: 22_locale/messages/members/char/2.cc execution test
FAIL: 22_locale/messages/members/char/wrapped_env.cc execution test
FAIL: 22_locale/messages/members/char/wrapped_locale.cc execution test
FAIL: 22_locale/messages_byname/named_equivalence.cc execution test
XPASS: 26_numerics/c99_classification_macros_c.cc (test for excess errors)
XPASS: 27_io/fpos/14320-1.cc execution test
=== libstdc++ Summary for unix/-m64 ===
# of expected passes 2732
# of unexpected failures 5
# of unexpected successes 2
# of expected failures 5
Running target unix
WARNING: program timed out.
XPASS: 26_numerics/c99_classification_macros_c.cc (test for excess errors)
=== libstdc++ Summary for unix ===
# of expected passes 2737
# of unexpected successes 1
# of expected failures 6
=== libstdc++ Summary ===
# of expected passes 5469
# of unexpected failures 5
# of unexpected successes 3
# of expected failures 11
Compiler version: 3.4.6 20051215 (prerelease)
Platform: sparc64-unknown-linux-gnu
configure flags: --enable-__cxa_atexit --enable-shared --with-cpu=v7 --enable-languages=c,ada,c++,f77,java,objc,treelang
Counting all warnings,
there are 168 warnings in stage0 of this bootstrap.
Number of warnings per file:
30 libiberty/regex.c
30 libiberty/concat.c
19 libjava/java/lang/mprec.c
8 libjava/java/lang/strtod.c
8 libjava/java/lang/dtoa.c
7 include/xregex2.h
6 libjava/java/lang/natClassLoader.cc
6 libjava/java/lang/e_exp.c
6 libf2c/libI77/rsne.c
4 <command line>
2 libobjc/sendmsg.c
2 libobjc/encoding.c
2 libjava/verify.cc
2 libjava/prims.cc
2 libjava/jni.cc
2 libjava/java/lang/natClass.cc
2 libjava/java/lang/e_rem_pio2.c
2 libjava/java/lang/e_asin.c
2 libjava/gnu/gcj/io/shs.cc
2 libjava/boehm.cc
2 libf2c/libI77/wrtfmt.c
2 libf2c/libI77/open.c
2 libf2c/libI77/inquire.c
2 java/net/natNetworkInterface.cc
2 include/private/../gc_config_macros.h
2 include/java-signal.h
2 include/gc_config_macros.h
2 gcc/coretypes.h
2 ../../../gcc.3.4/boehm-gc/os_dep.c
2 ../../../../gcc.3.4/boehm-gc/os_dep.c
1 ./runtime-info.h
1 ../../../gcc.3.4/boehm-gc/mark_rts.c
1 ../../../../gcc.3.4/boehm-gc/mark_rts.c
1 fastjar/jartool.c
Number of warning types:
30 traditional C rejects ISO C style function definitions
24 signed and unsigned type in conditional expression
12 suggest parentheses around + or - inside shift
8 comparison between signed and unsigned integer expressions
7 ISO C90 does not support \`static' or type qualifiers in parameter array declarators
6 unused parameter 'preg'
6 this is the location of the previous definition
4 'x' might be used uninitialized in this function
4 suggest parentheses around assignment used as truth value
4 \`???' is deprecated (declared at /usr/include/signal.h:184)
4 \`GC_LINUX_THREADS' redefined
4 cast from pointer to integer of different size
3 suggest parentheses around arithmetic in operand of |
2 'z' might be used uninitialized in this function
2 'x0' might be used uninitialized in this function
2 'void __rt_sigreturn_stub()' defined but not used
2 'void byteReverse()' declared \`static' but never defined
2 unused parameter '_p'
2 unused parameter 'fmt'
2 unused parameter 'args_size'
2 't' might be used uninitialized in this function
2 'target_flags' defined but not used
2 'spec_case' might be used uninitialized in this function
2 \`rtx' redefined
2 'mlo' might be used uninitialized in this function
2 'lo' might be used uninitialized in this function
2 'k' might be used uninitialized in this function
2 'ilim' might be used uninitialized in this function
2 'ilim1' might be used uninitialized in this function
2 'hi' might be used uninitialized in this function
2 function returns address of local variable
2 'dn' might be used uninitialized in this function
2 'dn0' might be used uninitialized in this function
2 'delta' might be used uninitialized in this function
2 comparison between signed and unsigned
2 'bs' might be used uninitialized in this function
2 'bd' might be used uninitialized in this function
2 'bb' might be used uninitialized in this function
1 'struct_forward_array' defined but not used
1 string length \`???' is greater than the length \`???' ISO C89 compilers are required to support
Counting all warnings,
there are 44 warnings in stage3 of this bootstrap.
Number of warnings per file:
16 ./auto-host.h
8 gcc/tsystem.h
8 gcc/defaults.h
3 gengtype-lex.c
3 gcc/gcc.c
2 gcc/objc/lang-specs.h
2 gcc/libgcc2.c
1 gcc/java/jvspec.c
1 gcc/ada/lang-specs.h
Number of warning types:
16 this is the location of the previous definition
8 \`HAVE_DECL_GETOPT' redefined
8 \`DEFAULT_USE_CXA_ATEXIT' redefined
7 string length \`???' is greater than the length \`???' ISO C89 compilers are required to support
3 old-style parameter declaration
2 no previous prototype for '__enable_execute_stack'