This is the mail archive of the
gcc-testresults@gcc.gnu.org
mailing list for the GCC project.
Results for 4.2.020051215(experimental) testsuite on hppa-unknown-linux-gnu
- From: dave at external dot hp dot com (John David Anglin)
- To: dave at external dot hp dot com, gcc-testresults at gcc dot gnu dot org
- Date: Fri, 16 Dec 2005 07:46:49 -0800 (PST)
- Subject: Results for 4.2.020051215(experimental) testsuite on hppa-unknown-linux-gnu
LAST_UPDATED: Thu Dec 15 00:21:54 UTC 2005 (revision 108554)
=== acats tests ===
FAIL: c32001e
FAIL: c37215h
FAIL: c38202a
FAIL: c39008c
FAIL: c41306b
FAIL: c41306c
FAIL: c41307d
FAIL: c46051a
FAIL: c52103x
FAIL: c52104x
FAIL: c52104y
FAIL: c64105b
FAIL: c64201b
FAIL: c650001
FAIL: c761007
FAIL: c85005b
FAIL: c85005c
FAIL: c85005d
FAIL: c85005e
FAIL: c85006b
FAIL: c85006c
FAIL: c85006d
FAIL: c85006e
FAIL: c910001
FAIL: c910002
FAIL: c910003
FAIL: c92003a
FAIL: c930001
FAIL: c93001a
FAIL: c93002a
FAIL: c93003a
FAIL: c93004b
FAIL: c93004c
FAIL: c93004d
FAIL: c93004f
FAIL: c93005a
FAIL: c93005b
FAIL: c93005c
FAIL: c93005d
FAIL: c93005e
FAIL: c93005f
FAIL: c93005g
FAIL: c93005h
FAIL: c93007a
FAIL: c93008a
FAIL: c940001
FAIL: c940005
FAIL: c940007
FAIL: c940010
FAIL: c940013
FAIL: c940016
FAIL: c94001a
FAIL: c94001b
FAIL: c94001c
FAIL: c94001g
FAIL: c94002a
FAIL: c94002b
FAIL: c94002e
FAIL: c94002f
FAIL: c94002g
FAIL: c94005b
FAIL: c94007a
FAIL: c94007b
FAIL: c94008b
FAIL: c94008c
FAIL: c94008d
FAIL: c94020a
FAIL: c95009a
FAIL: c95012a
FAIL: c95021a
FAIL: c95022a
FAIL: c95022b
FAIL: c95040c
FAIL: c95040d
FAIL: c95071a
FAIL: c95078a
FAIL: c95085i
FAIL: c95085m
FAIL: c95086b
FAIL: c95087a
FAIL: c95090a
FAIL: c951001
FAIL: c951002
FAIL: c953001
FAIL: c953002
FAIL: c953003
FAIL: c954019
FAIL: c954022
FAIL: c954023
FAIL: c954024
FAIL: c954025
FAIL: c960004
FAIL: c97116a
FAIL: c97201b
FAIL: c97203c
FAIL: c97301b
FAIL: c97303c
FAIL: c97307a
FAIL: c974001
FAIL: c974002
FAIL: c974013
FAIL: c99004a
FAIL: c99005a
FAIL: c9a007a
FAIL: c9a009a
FAIL: c9a009c
FAIL: c9a009f
FAIL: c9a009g
FAIL: c9a009h
FAIL: c9a010a
FAIL: cb5001b
FAIL: cb5002a
FAIL: cc3601c
FAIL: cd10002
=== acats Summary ===
# of expected passes 2205
# of unexpected failures 114
Native configuration is hppa-unknown-linux-gnu
=== g++ tests ===
Running target unix
FAIL: g++.old-deja/g++.mike/warn8.C (test for warnings, line 14)
FAIL: g++.old-deja/g++.mike/warn8.C (test for warnings, line 16)
XPASS: g++.old-deja/g++.other/init5.C execution test
=== g++ Summary ===
# of expected passes 11754
# of unexpected failures 2
# of unexpected successes 1
# of expected failures 65
# of unsupported tests 113
/home/dave/gcc-4.2/objdir/stage3-gcc/testsuite/../g++ version 4.2.0 20051215 (experimental)
=== gcc tests ===
Running target unix
FAIL: gcc.dg/20031012-1.c (test for warnings, line 13)
FAIL: gcc.dg/attr-weakref-1.c execution test
FAIL: gcc.dg/tree-ssa/20031106-6.c scan-tree-dump-times temp_struct 0
XPASS: gcc.dg/tree-ssa/loop-1.c scan-assembler-times foo 5
FAIL: gcc.dg/weak/weak-3.c (test for warnings, line 57)
=== gcc Summary ===
# of expected passes 36892
# of unexpected failures 4
# of unexpected successes 1
# of expected failures 72
# of untested testcases 28
# of unsupported tests 352
/home/dave/gcc-4.2/objdir/gcc/xgcc version 4.2.0 20051215 (experimental)
=== gfortran tests ===
Running target unix
FAIL: gfortran.dg/g77/erfc.f -O0 execution test
FAIL: gfortran.dg/g77/erfc.f -O1 execution test
FAIL: gfortran.dg/g77/erfc.f -O2 execution test
FAIL: gfortran.dg/g77/erfc.f -O3 -fomit-frame-pointer execution test
FAIL: gfortran.dg/g77/erfc.f -O3 -fomit-frame-pointer -funroll-loops execution test
FAIL: gfortran.dg/g77/erfc.f -O3 -fomit-frame-pointer -funroll-all-loops -finline-functions execution test
FAIL: gfortran.dg/g77/erfc.f -O3 -g execution test
FAIL: gfortran.dg/g77/erfc.f -Os execution test
FAIL: gfortran.fortran-torture/execute/math.f90 execution, -O0
FAIL: gfortran.fortran-torture/execute/math.f90 execution, -O1
FAIL: gfortran.fortran-torture/execute/math.f90 execution, -O2
FAIL: gfortran.fortran-torture/execute/math.f90 execution, -O3 -fomit-frame-pointer
FAIL: gfortran.fortran-torture/execute/math.f90 execution, -O3 -fomit-frame-pointer -funroll-loops
FAIL: gfortran.fortran-torture/execute/math.f90 execution, -O3 -fomit-frame-pointer -funroll-all-loops -finline-functions
FAIL: gfortran.fortran-torture/execute/math.f90 execution, -O3 -g
FAIL: gfortran.fortran-torture/execute/math.f90 execution, -Os
FAIL: gfortran.fortran-torture/execute/specifics.f90 execution, -O0
FAIL: gfortran.fortran-torture/execute/specifics.f90 execution, -O1
FAIL: gfortran.fortran-torture/execute/specifics.f90 execution, -O2
FAIL: gfortran.fortran-torture/execute/specifics.f90 execution, -O3 -fomit-frame-pointer
FAIL: gfortran.fortran-torture/execute/specifics.f90 execution, -O3 -fomit-frame-pointer -funroll-loops
FAIL: gfortran.fortran-torture/execute/specifics.f90 execution, -O3 -fomit-frame-pointer -funroll-all-loops -finline-functions
FAIL: gfortran.fortran-torture/execute/specifics.f90 execution, -O3 -g
FAIL: gfortran.fortran-torture/execute/specifics.f90 execution, -Os
=== gfortran Summary ===
# of expected passes 10722
# of unexpected failures 24
# of expected failures 12
# of unsupported tests 66
/home/dave/gcc-4.2/objdir/stage3-gcc/testsuite/../gfortran version 4.2.0 20051215 (experimental)
=== objc tests ===
Running target unix
FAIL: objc.dg-struct-layout-encoding-1/t024_main.m execution test
FAIL: objc.dg-struct-layout-encoding-1/t025_main.m execution test
=== objc Summary ===
# of expected passes 1727
# of unexpected failures 2
# of unsupported tests 22
/home/dave/gcc-4.2/objdir/gcc/xgcc version 4.2.0 20051215 (experimental)
=== libffi tests ===
Running target unix
=== libffi Summary ===
# of expected passes 228
# of unsupported tests 2
=== libjava tests ===
Running target unix
XPASS: Array_3 execution - bytecode->native test
XPASS: Array_3 -O3 execution - bytecode->native test
FAIL: SyncTest execution - source compiled test
FAIL: SyncTest execution - gij test
FAIL: SyncTest execution - bytecode->native test
FAIL: SyncTest -O3 execution - source compiled test
FAIL: SyncTest execution - gij test
WARNING: program timed out.
FAIL: SyncTest -O3 execution - bytecode->native test
=== libjava Summary ===
# of expected passes 3985
# of unexpected failures 6
# of unexpected successes 2
# of expected failures 10
# of untested testcases 14
=== libmudflap tests ===
Running target unix
WARNING: program timed out.
FAIL: libmudflap.cth/pass40-frag.c execution test
FAIL: libmudflap.cth/pass40-frag.c output pattern test
WARNING: program timed out.
FAIL: libmudflap.cth/pass40-frag.c (-static -DSTATIC) execution test
FAIL: libmudflap.cth/pass40-frag.c (-static -DSTATIC) output pattern test
WARNING: program timed out.
FAIL: libmudflap.cth/pass40-frag.c (-O2) execution test
FAIL: libmudflap.cth/pass40-frag.c (-O2) output pattern test
WARNING: program timed out.
FAIL: libmudflap.cth/pass40-frag.c (-O3) execution test
FAIL: libmudflap.cth/pass40-frag.c (-O3) output pattern test
=== libmudflap Summary ===
# of expected passes 1781
# of unexpected failures 8
=== libstdc++ tests ===
Running target unix
FAIL: 22_locale/money_get/get/char/5.cc execution test
FAIL: 22_locale/money_get/get/wchar_t/5.cc execution test
FAIL: 22_locale/num_get/get/char/10.cc execution test
FAIL: 22_locale/num_get/get/char/4.cc execution test
FAIL: 22_locale/num_get/get/wchar_t/10.cc execution test
FAIL: 22_locale/num_get/get/wchar_t/4.cc execution test
XPASS: 26_numerics/cmath/c99_classification_macros_c.cc (test for excess errors)
FAIL: 26_numerics/complex/complex_inserters_extractors.cc execution test
FAIL: 27_io/basic_istream/extractors_arithmetic/char/01.cc execution test
FAIL: 27_io/basic_istream/extractors_arithmetic/wchar_t/01.cc execution test
=== libstdc++ Summary ===
# of expected passes 3393
# of unexpected failures 9
# of unexpected successes 1
# of expected failures 12
# of unsupported tests 315
Compiler version: 4.2.020051215(experimental)
Platform: hppa-unknown-linux-gnu
configure flags: --with-gnu-as --with-gnu-ld --enable-shared --enable-nls --prefix=/home/dave/opt/gnu/gcc/gcc-4.2.0 --with-local-prefix=/home/dave/opt/gnu --enable-threads=posix --enable-__cxa_atexit --host=hppa-linux --enable-clocale=gnu --enable-java-gc=boehm --enable-java-awt=xlib --enable-languages=c,ada,c++,fortran,java,objc