This is the mail archive of the
gcc-testresults@gcc.gnu.org
mailing list for the GCC project.
Results for 4.2.0-dfp-branch 20051214 (merged 20051118) testsuite on powerpc64-unknown-linux-gnu
- From: Janis Johnson <janis187 at us dot ibm dot com>
- To: gcc-testresults at gcc dot gnu dot org
- Date: Wed, 14 Dec 2005 07:28:09 -0800
- Subject: Results for 4.2.0-dfp-branch 20051214 (merged 20051118) testsuite on powerpc64-unknown-linux-gnu
Linux 2.4.21-17.EL ppc64
GNU C Library stable release version 2.3.2
GNU ld version 2.16
GNU assembler 2.16
GNU Make version 3.79.1
DejaGnu:
Expect version is 5.40.0
Tcl version is 8.4
Framework version is 1.4.4
32-bit biarch default32
SVN branch: dfp-branch
This hardware does not support VMX instructions.
LAST_UPDATED: Wed Dec 14 10:13:56 UTC 2005 (revision )
Native configuration is powerpc64-unknown-linux-gnu
=== g++ tests ===
Running target unix/-m32
FAIL: g++.old-deja/g++.mike/warn8.C (test for warnings, line 14)
FAIL: g++.old-deja/g++.mike/warn8.C (test for warnings, line 16)
FAIL: g++.old-deja/g++.other/comdat5.C (test for excess errors)
=== g++ Summary for unix/-m32 ===
# of expected passes 12675
# of unexpected failures 3
# of expected failures 65
# of unsupported tests 89
Running target unix/-m64
FAIL: g++.old-deja/g++.mike/warn8.C (test for warnings, line 14)
FAIL: g++.old-deja/g++.mike/warn8.C (test for warnings, line 16)
=== g++ Summary for unix/-m64 ===
# of expected passes 12638
# of unexpected failures 2
# of expected failures 65
# of unsupported tests 92
=== g++ Summary ===
# of expected passes 25313
# of unexpected failures 5
# of expected failures 130
# of unsupported tests 181
/home/gccbuild/build/nightly/build-gcc-dfp/gcc/testsuite/../g++ version 4.2.0-dfp-branch 20051214 (merged 20051118)
=== gcc tests ===
Running target unix/-m32
FAIL: gcc.dg/dfp/convert-complex.c execution test
FAIL: gcc.dg/dfp/inf-1.c (test for excess errors)
WARNING: gcc.dg/dfp/inf-1.c compilation failed to produce executable
FAIL: gcc.dg/dfp/usual-arith-conv.c execution test
FAIL: gcc.dg/20020103-1.c scan-assembler-not LC[0-9]
FAIL: gcc.dg/20031012-1.c (test for warnings, line 13)
FAIL: gcc.dg/attr-weakref-1.c execution test
FAIL: gcc.dg/tree-ssa/20031106-6.c scan-tree-dump-times temp_struct 0
FAIL: gcc.dg/weak/weak-3.c (test for warnings, line 57)
FAIL: gcc.target/powerpc/pr18096-1.c stack frame too large (test for warnings, line 11)
FAIL: gcc.target/powerpc/pr18096-1.c (test for excess errors)
=== gcc Summary for unix/-m32 ===
# of expected passes 40081
# of unexpected failures 10
# of expected failures 92
# of untested testcases 28
# of unsupported tests 329
Running target unix/-m64
FAIL: gcc.dg/dfp/convert-complex.c execution test
FAIL: gcc.dg/dfp/inf-1.c (test for excess errors)
WARNING: gcc.dg/dfp/inf-1.c compilation failed to produce executable
FAIL: gcc.dg/dfp/usual-arith-conv.c execution test
FAIL: gcc.dg/20031012-1.c (test for warnings, line 13)
FAIL: gcc.dg/attr-weakref-1.c execution test
FAIL: gcc.dg/tree-ssa/20031106-6.c scan-tree-dump-times temp_struct 0
XPASS: gcc.dg/tree-ssa/sra-2.c scan-tree-dump-times link_error 0
FAIL: gcc.dg/weak/weak-3.c (test for warnings, line 57)
=== gcc Summary for unix/-m64 ===
# of expected passes 39928
# of unexpected failures 7
# of unexpected successes 1
# of expected failures 99
# of untested testcases 28
# of unsupported tests 396
=== gcc Summary ===
# of expected passes 80009
# of unexpected failures 17
# of unexpected successes 1
# of expected failures 191
# of untested testcases 56
# of unsupported tests 725
/home/gccbuild/build/nightly/build-gcc-dfp/gcc/xgcc version 4.2.0-dfp-branch 20051214 (merged 20051118)
=== objc tests ===
Running target unix/-m32
FAIL: objc.dg/class-protocol-1.m (test for warnings, line 426)
FAIL: objc.dg/class-protocol-1.m (test for warnings, line 427)
FAIL: objc.dg/class-protocol-1.m (test for excess errors)
FAIL: objc.dg-struct-layout-encoding-1/t024_main.m execution test
FAIL: objc.dg-struct-layout-encoding-1/t025_main.m execution test
=== objc Summary for unix/-m32 ===
# of expected passes 1724
# of unexpected failures 5
# of unsupported tests 22
Running target unix/-m64
FAIL: objc.dg-struct-layout-encoding-1/t024_main.m execution test
FAIL: objc.dg-struct-layout-encoding-1/t025_main.m execution test
=== objc Summary for unix/-m64 ===
# of expected passes 1727
# of unexpected failures 2
# of unsupported tests 22
=== objc Summary ===
# of expected passes 3451
# of unexpected failures 7
# of unsupported tests 44
/home/gccbuild/build/nightly/build-gcc-dfp/gcc/xgcc version 4.2.0-dfp-branch 20051214 (merged 20051118)
=== libmudflap tests ===
Running target unix/-m32
=== libmudflap Summary for unix/-m32 ===
# of expected passes 1789
Running target unix/-m64
FAIL: libmudflap.c/fail27-frag.c output pattern test
FAIL: libmudflap.c/fail27-frag.c (-O2) output pattern test
FAIL: libmudflap.c/fail27-frag.c (-O3) output pattern test
=== libmudflap Summary for unix/-m64 ===
# of expected passes 1786
# of unexpected failures 3
=== libmudflap Summary ===
# of expected passes 3575
# of unexpected failures 3
=== libstdc++ tests ===
Running target unix/-m32
FAIL: abi_check
XPASS: 26_numerics/cmath/c99_classification_macros_c.cc (test for excess errors)
FAIL: 27_io/basic_ostream/inserters_character/char/9555-oc.cc execution test
FAIL: 27_io/basic_ostream/inserters_character/wchar_t/9555-oc.cc execution test
XPASS: ext/array_allocator/2.cc execution test
=== libstdc++ Summary for unix/-m32 ===
# of expected passes 4028
# of unexpected failures 3
# of unexpected successes 2
# of expected failures 12
Running target unix/-m64
FAIL: abi_check
FAIL: 22_locale/messages/members/char/1.cc execution test
FAIL: 22_locale/messages/members/char/2.cc execution test
FAIL: 22_locale/messages/members/char/wrapped_env.cc execution test
FAIL: 22_locale/messages/members/char/wrapped_locale.cc execution test
FAIL: 22_locale/messages_byname/named_equivalence.cc execution test
XPASS: 26_numerics/cmath/c99_classification_macros_c.cc (test for excess errors)
FAIL: 27_io/basic_ostream/inserters_character/char/9555-oc.cc execution test
FAIL: 27_io/basic_ostream/inserters_character/wchar_t/9555-oc.cc execution test
XPASS: 27_io/fpos/14320-1.cc execution test
XPASS: ext/array_allocator/2.cc execution test
=== libstdc++ Summary for unix/-m64 ===
# of expected passes 4020
# of unexpected failures 8
# of unexpected successes 3
# of expected failures 14
=== libstdc++ Summary ===
# of expected passes 8048
# of unexpected failures 11
# of unexpected successes 5
# of expected failures 26
Compiler version: 4.2.0-dfp-branch 20051214 (merged 20051118)
Platform: powerpc64-unknown-linux-gnu
configure flags: --prefix=/opt/gcc-nightly/dfp-20051214 --build=powerpc64-linux --host=powerpc64-linux --target=powerpc64-linux --with-cpu=default32 --with-as=/opt/gcc-nightly/dfp-20051214/bin/as --with-ld=/opt/gcc-nightly/dfp-20051214/bin/ld --enable-threads=posix --enable-shared --enable-__cxa_atexit --enable-checking --with-mpfr=/opt/gcc-nightly/dfp-20051214 --enable-languages=c,c++,objc