This is the mail archive of the
gcc-testresults@gcc.gnu.org
mailing list for the GCC project.
Results for 4.2.0 20051213 (experimental) testsuite on powerpc-apple-darwin8.3.0
- From: regress at apple dot com (regress)
- To: gcc-testresults at gcc dot gnu dot org
- Date: Tue, 13 Dec 2005 01:43:54 -0800 (PST)
- Subject: Results for 4.2.0 20051213 (experimental) testsuite on powerpc-apple-darwin8.3.0
This build run by an automatic regression tester.
See <http://gcc.gnu.org/regtest/HEAD/> for more information.
Date: 2005-12-13T02:03:55Z
Revision: 108451
URL: svn://gcc.gnu.org/svn/gcc/trunk
Status: regress-31
Prev-Endtime: 2005-12-13T02:02:24Z
LAST_UPDATED:
Native configuration is powerpc-apple-darwin8.3.0
=== g++ tests ===
Running target unix
FAIL: tmpdir-g++.dg-struct-layout-1/t028 cp_compat_x_tst.o compile
FAIL: tmpdir-g++.dg-struct-layout-1/t028 cp_compat_y_tst.o compile
UNRESOLVED: tmpdir-g++.dg-struct-layout-1/t028 cp_compat_x_tst.o-cp_compat_y_tst.o link
UNRESOLVED: tmpdir-g++.dg-struct-layout-1/t028 cp_compat_x_tst.o-cp_compat_y_tst.o execute
FAIL: g++.dg/parse/crash31.C (test for excess errors)
FAIL: g++.dg/warn/huge-val1.C (test for excess errors)
FAIL: g++.dg/warn/weak1.C (test for excess errors)
WARNING: g++.dg/warn/weak1.C compilation failed to produce executable
FAIL: g++.dg/pch/empty.C -g (test for excess errors)
FAIL: g++.dg/pch/empty.C -O2 -g (test for excess errors)
FAIL: g++.dg/pch/empty.C -O2 (test for excess errors)
FAIL: g++.dg/pch/externc-1.C -g (test for excess errors)
FAIL: g++.dg/pch/externc-1.C -O2 -g (test for excess errors)
FAIL: g++.dg/pch/externc-1.C -O2 (test for excess errors)
FAIL: g++.dg/pch/local-1.C -g (test for excess errors)
FAIL: g++.dg/pch/local-1.C -O2 -g (test for excess errors)
FAIL: g++.dg/pch/local-1.C -O2 (test for excess errors)
FAIL: g++.dg/pch/pch.C -g (test for excess errors)
FAIL: g++.dg/pch/pch.C -O2 -g (test for excess errors)
FAIL: g++.dg/pch/pch.C -O2 (test for excess errors)
FAIL: g++.dg/pch/static-1.C -g (test for excess errors)
FAIL: g++.dg/pch/static-1.C -O2 -g (test for excess errors)
FAIL: g++.dg/pch/static-1.C -O2 (test for excess errors)
FAIL: g++.dg/pch/system-1.C -g (test for excess errors)
FAIL: g++.dg/pch/system-1.C -O2 -g (test for excess errors)
FAIL: g++.dg/pch/system-1.C -O2 (test for excess errors)
FAIL: g++.dg/pch/system-2.C -g (test for excess errors)
FAIL: g++.dg/pch/system-2.C -O2 -g (test for excess errors)
FAIL: g++.dg/pch/system-2.C -O2 (test for excess errors)
FAIL: g++.dg/pch/uninst.C -g (test for excess errors)
FAIL: g++.dg/pch/uninst.C -O2 -g (test for excess errors)
FAIL: g++.dg/pch/uninst.C -O2 (test for excess errors)
FAIL: g++.dg/pch/wchar-1.C -g (test for excess errors)
FAIL: g++.dg/pch/wchar-1.C -O2 -g (test for excess errors)
FAIL: g++.dg/pch/wchar-1.C -O2 (test for excess errors)
FAIL: g++.dg/special/conpr-3.C execution test
=== g++ Summary ===
# of expected passes 11646
# of unexpected failures 33
# of expected failures 66
# of unresolved testcases 2
# of untested testcases 27
# of unsupported tests 118
/Users/regress/tbox/native/build/gcc/testsuite/../g++ version 4.2.0 20051213 (experimental)
=== gcc tests ===
Running target unix
FAIL: tmpdir-gcc.dg-struct-layout-1/t001 c_compat_x_tst.o-c_compat_y_tst.o execute
FAIL: tmpdir-gcc.dg-struct-layout-1/t024 c_compat_x_tst.o-c_compat_y_tst.o execute
FAIL: tmpdir-gcc.dg-struct-layout-1/t025 c_compat_x_tst.o-c_compat_y_tst.o execute
FAIL: tmpdir-gcc.dg-struct-layout-1/t026 c_compat_x_tst.o-c_compat_y_tst.o execute
FAIL: tmpdir-gcc.dg-struct-layout-1/t027 c_compat_x_tst.o-c_compat_y_tst.o execute
FAIL: tmpdir-gcc.dg-struct-layout-1/t028 c_compat_x_tst.o-c_compat_y_tst.o execute
FAIL: gcc.dg/20030625-1.c (test for excess errors)
FAIL: gcc.dg/20050620-1.c (test for errors, line 14)
FAIL: gcc.dg/20050620-1.c (test for excess errors)
FAIL: gcc.dg/940510-1.c (test for excess errors)
FAIL: gcc.dg/c99-flex-array-1.c empty (test for errors, line 6)
FAIL: gcc.dg/c99-flex-array-1.c not at end (test for errors, line 7)
FAIL: gcc.dg/c99-flex-array-1.c (test for excess errors)
FAIL: gcc.dg/pr14475.c (test for excess errors)
FAIL: gcc.dg/noncompile/incomplete-1.c -O0 (test for excess errors)
FAIL: gcc.dg/noncompile/incomplete-1.c -O1 (test for excess errors)
FAIL: gcc.dg/noncompile/incomplete-1.c -O2 (test for excess errors)
FAIL: gcc.dg/noncompile/incomplete-1.c -O3 -fomit-frame-pointer (test for excess errors)
FAIL: gcc.dg/noncompile/incomplete-1.c -O3 -g (test for excess errors)
FAIL: gcc.dg/noncompile/incomplete-1.c -Os (test for excess errors)
FAIL: gcc.dg/pch/decl-1.c -O0 -g (test for excess errors)
FAIL: gcc.dg/pch/decl-1.c -O0 (test for excess errors)
FAIL: gcc.dg/pch/decl-1.c -O1 (test for excess errors)
FAIL: gcc.dg/pch/decl-1.c -O2 (test for excess errors)
FAIL: gcc.dg/pch/decl-1.c -O3 -fomit-frame-pointer (test for excess errors)
FAIL: gcc.dg/pch/decl-1.c -O3 -g (test for excess errors)
FAIL: gcc.dg/pch/decl-1.c -Os (test for excess errors)
FAIL: gcc.dg/pch/decl-2.c -O0 -g (test for excess errors)
FAIL: gcc.dg/pch/decl-2.c -O0 (test for excess errors)
FAIL: gcc.dg/pch/decl-2.c -O1 (test for excess errors)
FAIL: gcc.dg/pch/decl-2.c -O2 (test for excess errors)
FAIL: gcc.dg/pch/decl-2.c -O3 -fomit-frame-pointer (test for excess errors)
FAIL: gcc.dg/pch/decl-2.c -O3 -g (test for excess errors)
FAIL: gcc.dg/pch/decl-2.c -Os (test for excess errors)
FAIL: gcc.dg/pch/decl-3.c -O0 -g (test for excess errors)
FAIL: gcc.dg/pch/decl-3.c -O0 (test for excess errors)
FAIL: gcc.dg/pch/decl-3.c -O1 (test for excess errors)
FAIL: gcc.dg/pch/decl-3.c -O2 (test for excess errors)
FAIL: gcc.dg/pch/decl-3.c -O3 -fomit-frame-pointer (test for excess errors)
FAIL: gcc.dg/pch/decl-3.c -O3 -g (test for excess errors)
FAIL: gcc.dg/pch/decl-3.c -Os (test for excess errors)
FAIL: gcc.dg/pch/decl-4.c -O0 -g (test for excess errors)
FAIL: gcc.dg/pch/decl-4.c -O0 (test for excess errors)
FAIL: gcc.dg/pch/decl-4.c -O1 (test for excess errors)
FAIL: gcc.dg/pch/decl-4.c -O2 (test for excess errors)
FAIL: gcc.dg/pch/decl-4.c -O3 -fomit-frame-pointer (test for excess errors)
FAIL: gcc.dg/pch/decl-4.c -O3 -g (test for excess errors)
FAIL: gcc.dg/pch/decl-4.c -Os (test for excess errors)
FAIL: gcc.dg/pch/except-1.c -O0 -g (test for excess errors)
FAIL: gcc.dg/pch/except-1.c -O0 (test for excess errors)
FAIL: gcc.dg/pch/global-1.c -O0 -g (test for excess errors)
FAIL: gcc.dg/pch/global-1.c -O0 (test for excess errors)
FAIL: gcc.dg/pch/global-1.c -O1 (test for excess errors)
FAIL: gcc.dg/pch/global-1.c -O2 (test for excess errors)
FAIL: gcc.dg/pch/global-1.c -O3 -fomit-frame-pointer (test for excess errors)
FAIL: gcc.dg/pch/global-1.c -O3 -g (test for excess errors)
FAIL: gcc.dg/pch/global-1.c -Os (test for excess errors)
FAIL: gcc.dg/pch/inline-1.c -O0 -g (test for excess errors)
FAIL: gcc.dg/pch/inline-1.c -O0 (test for excess errors)
FAIL: gcc.dg/pch/inline-3.c -O0 -g (test for excess errors)
FAIL: gcc.dg/pch/inline-3.c -O0 (test for excess errors)
FAIL: gcc.dg/pch/inline-4.c -O0 -g (test for excess errors)
FAIL: gcc.dg/pch/inline-4.c -O0 (test for excess errors)
FAIL: gcc.dg/pch/inline-4.c -O1 (test for excess errors)
FAIL: gcc.dg/pch/inline-4.c -O2 (test for excess errors)
FAIL: gcc.dg/pch/inline-4.c -O3 -fomit-frame-pointer (test for excess errors)
FAIL: gcc.dg/pch/inline-4.c -O3 -g (test for excess errors)
FAIL: gcc.dg/pch/inline-4.c -Os (test for excess errors)
FAIL: gcc.dg/pch/system-1.c -O0 -g (test for excess errors)
FAIL: gcc.dg/pch/system-1.c -O0 (test for excess errors)
FAIL: gcc.dg/pch/system-1.c -O1 (test for excess errors)
FAIL: gcc.dg/pch/system-1.c -O2 (test for excess errors)
FAIL: gcc.dg/pch/system-1.c -O3 -fomit-frame-pointer (test for excess errors)
FAIL: gcc.dg/pch/system-1.c -O3 -g (test for excess errors)
FAIL: gcc.dg/pch/system-1.c -Os (test for excess errors)
FAIL: gcc.dg/pch/valid-4.c -O0 -g (test for excess errors)
FAIL: gcc.dg/pch/valid-4.c -O0 (test for excess errors)
FAIL: gcc.dg/pch/valid-4.c -O1 (test for excess errors)
FAIL: gcc.dg/pch/valid-4.c -O2 (test for excess errors)
FAIL: gcc.dg/pch/valid-4.c -O3 -fomit-frame-pointer (test for excess errors)
FAIL: gcc.dg/pch/valid-4.c -O3 -g (test for excess errors)
FAIL: gcc.dg/pch/valid-4.c -Os (test for excess errors)
FAIL: gcc.dg/tree-ssa/20031106-6.c scan-tree-dump-times temp_struct 0
FAIL: gcc.target/powerpc/pr18096-1.c stack frame too large (test for warnings, line 11)
FAIL: gcc.target/powerpc/pr18096-1.c (test for excess errors)
FAIL: gcc.target/powerpc/stabs-attrib-vect-darwin.c scan-assembler .stabs.*vi:\\\\(0,16\\\\)=@V
=== gcc Summary ===
# of expected passes 38501
# of unexpected failures 86
# of expected failures 91
# of untested testcases 90
# of unsupported tests 399
/Users/regress/tbox/native/build/gcc/xgcc version 4.2.0 20051213 (experimental)
=== objc tests ===
Running target unix
FAIL: objc.dg-struct-layout-encoding-1/t003_main.m execution test
FAIL: objc.dg-struct-layout-encoding-1/t004_main.m execution test
FAIL: objc.dg-struct-layout-encoding-1/t006_main.m execution test
FAIL: objc.dg-struct-layout-encoding-1/t008_main.m execution test
FAIL: objc.dg-struct-layout-encoding-1/t010_main.m execution test
FAIL: objc.dg-struct-layout-encoding-1/t012_main.m execution test
FAIL: objc.dg-struct-layout-encoding-1/t021_main.m execution test
FAIL: objc.dg-struct-layout-encoding-1/t024_main.m execution test
FAIL: objc.dg-struct-layout-encoding-1/t025_main.m execution test
=== objc Summary ===
# of expected passes 2928
# of unexpected failures 9
# of unsupported tests 1
/Users/regress/tbox/native/build/gcc/xgcc version 4.2.0 20051213 (experimental)
=== libffi tests ===
Running target unix
=== libffi Summary ===
# of expected passes 228
# of unsupported tests 2
=== libjava tests ===
Running target unix
XPASS: Array_3 execution - bytecode->native test
XPASS: Array_3 -O3 execution - bytecode->native test
FAIL: Thread_Sleep -O3 output - source compiled test
=== libjava Summary ===
# of expected passes 3996
# of unexpected failures 1
# of unexpected successes 2
# of expected failures 10
# of untested testcases 8
=== libstdc++ tests ===
Running target unix
FAIL: 26_numerics/complex/13450.cc execution test
FAIL: 27_io/basic_ostream/inserters_character/char/9555-oc.cc execution test
FAIL: 27_io/basic_ostream/inserters_character/wchar_t/9555-oc.cc execution test
=== libstdc++ Summary ===
# of expected passes 3382
# of unexpected failures 3
# of expected failures 13
# of unsupported tests 323
Compiler version: 4.2.0 20051213 (experimental)
Platform: powerpc-apple-darwin8.3.0
configure flags: --prefix=/Users/regress/tbox/objs --target=powerpc-apple-darwin8.3.0 --enable-languages=c,c++,java,objc