This is the mail archive of the
gcc-testresults@gcc.gnu.org
mailing list for the GCC project.
Results for 4.2.0 20051212 (experimental) testsuite on x86_64-suse-linux-gnu
- From: aj at suse dot de (Andreas Jaeger)
- To: gcc-testresults at gcc dot gnu dot org
- Date: Tue, 13 Dec 2005 00:00:34 UT
- Subject: Results for 4.2.0 20051212 (experimental) testsuite on x86_64-suse-linux-gnu
Bootstrap and regtesting on x86_64-suse-linux-gnu.
SVN sources: mainline.
LAST_UPDATED: Mon Dec 12 20:44:07 UTC 2005 (revision 108426)
=== acats tests ===
FAIL: c940007
FAIL: cdd2a02
=== acats Summary ===
# of expected passes 2317
# of unexpected failures 2
Native configuration is x86_64-suse-linux-gnu
=== gcc tests ===
Running target unix/-m32
XPASS: gcc.dg/cpp/cmdlne-dI-M.c scan-file (^|\\\\n)cmdlne-dI-M.*:[^\\\\n]*cmdlne-dI-M.c
XPASS: gcc.dg/cpp/cmdlne-dM-M.c scan-file (^|\\\\n)cmdlne-dM-M[^\\\\n]*:[^\\\\n]*cmdlne-dM-M.c
FAIL: gcc.dg/attr-weakref-1.c execution test
WARNING: gcc.dg/torture/fp-int-convert-float128-timode.c -O0 compilation failed to produce executable
WARNING: gcc.dg/torture/fp-int-convert-float128-timode.c -O1 compilation failed to produce executable
WARNING: gcc.dg/torture/fp-int-convert-float128-timode.c -O2 compilation failed to produce executable
WARNING: gcc.dg/torture/fp-int-convert-float128-timode.c -O3 -fomit-frame-pointer compilation failed to produce executable
WARNING: gcc.dg/torture/fp-int-convert-float128-timode.c -O3 -g compilation failed to produce executable
WARNING: gcc.dg/torture/fp-int-convert-float128-timode.c -Os compilation failed to produce executable
WARNING: gcc.dg/torture/fp-int-convert-float128.c -O0 compilation failed to produce executable
WARNING: gcc.dg/torture/fp-int-convert-float128.c -O1 compilation failed to produce executable
WARNING: gcc.dg/torture/fp-int-convert-float128.c -O2 compilation failed to produce executable
WARNING: gcc.dg/torture/fp-int-convert-float128.c -O3 -fomit-frame-pointer compilation failed to produce executable
WARNING: gcc.dg/torture/fp-int-convert-float128.c -O3 -g compilation failed to produce executable
WARNING: gcc.dg/torture/fp-int-convert-float128.c -Os compilation failed to produce executable
FAIL: gcc.target/i386/3dnow-1.c (test for excess errors)
FAIL: gcc.target/i386/3dnow-2.c (test for excess errors)
FAIL: gcc.target/i386/3dnowA-1.c (test for excess errors)
FAIL: gcc.target/i386/3dnowA-2.c (test for excess errors)
FAIL: gcc.target/i386/mmx-1.c (test for excess errors)
FAIL: gcc.target/i386/mmx-2.c (test for excess errors)
FAIL: gcc.target/i386/mmx-4.c (test for excess errors)
WARNING: gcc.target/i386/mmx-4.c compilation failed to produce executable
FAIL: gcc.target/i386/mmx-5.c (test for excess errors)
FAIL: gcc.target/i386/pr13366.c (test for excess errors)
FAIL: gcc.target/i386/sse-1.c (test for excess errors)
ERROR: gcc.target/i386/sse-1.c: error executing dg-final: couldn't open "sse-1.s": no such file or directory
UNRESOLVED: gcc.target/i386/sse-1.c: error executing dg-final: couldn't open "sse-1.s": no such file or directory
FAIL: gcc.target/i386/sse-13.c (test for excess errors)
FAIL: gcc.target/i386/sse-14.c (test for excess errors)
FAIL: gcc.target/i386/sse-2.c (test for excess errors)
FAIL: gcc.target/i386/sse-3.c (test for excess errors)
WARNING: gcc.target/i386/sse-3.c compilation failed to produce executable
FAIL: gcc.target/i386/sse-7.c (test for excess errors)
WARNING: gcc.target/i386/sse-7.c compilation failed to produce executable
FAIL: gcc.target/i386/sse-9.c (test for excess errors)
WARNING: gcc.target/i386/sse-9.c compilation failed to produce executable
=== gcc Summary for unix/-m32 ===
# of expected passes 38003
# of unexpected failures 17
# of unexpected successes 2
# of expected failures 104
# of unresolved testcases 1
# of untested testcases 28
# of unsupported tests 246
Running target unix
FAIL: tmpdir-gcc.dg-struct-layout-1/t026 c_compat_x_tst.o-c_compat_y_tst.o execute
XPASS: gcc.dg/cpp/cmdlne-dI-M.c scan-file (^|\\\\n)cmdlne-dI-M.*:[^\\\\n]*cmdlne-dI-M.c
XPASS: gcc.dg/cpp/cmdlne-dM-M.c scan-file (^|\\\\n)cmdlne-dM-M[^\\\\n]*:[^\\\\n]*cmdlne-dM-M.c
FAIL: gcc.dg/attr-weakref-1.c execution test
WARNING: gcc.dg/torture/fp-int-convert-float128-timode.c -O0 compilation failed to produce executable
WARNING: gcc.dg/torture/fp-int-convert-float128-timode.c -O1 compilation failed to produce executable
WARNING: gcc.dg/torture/fp-int-convert-float128-timode.c -O2 compilation failed to produce executable
WARNING: gcc.dg/torture/fp-int-convert-float128-timode.c -O3 -fomit-frame-pointer compilation failed to produce executable
WARNING: gcc.dg/torture/fp-int-convert-float128-timode.c -O3 -g compilation failed to produce executable
WARNING: gcc.dg/torture/fp-int-convert-float128-timode.c -Os compilation failed to produce executable
WARNING: gcc.dg/torture/fp-int-convert-float128.c -O0 compilation failed to produce executable
WARNING: gcc.dg/torture/fp-int-convert-float128.c -O1 compilation failed to produce executable
WARNING: gcc.dg/torture/fp-int-convert-float128.c -O2 compilation failed to produce executable
WARNING: gcc.dg/torture/fp-int-convert-float128.c -O3 -fomit-frame-pointer compilation failed to produce executable
WARNING: gcc.dg/torture/fp-int-convert-float128.c -O3 -g compilation failed to produce executable
WARNING: gcc.dg/torture/fp-int-convert-float128.c -Os compilation failed to produce executable
=== gcc Summary for unix ===
# of expected passes 37949
# of unexpected failures 2
# of unexpected successes 2
# of expected failures 109
# of untested testcases 28
# of unsupported tests 346
=== gcc Summary ===
# of expected passes 75952
# of unexpected failures 19
# of unexpected successes 4
# of expected failures 213
# of unresolved testcases 1
# of untested testcases 56
# of unsupported tests 592
/builds/gcc/misc/gcc/xgcc version 4.2.0 20051212 (experimental)
=== gfortran tests ===
Running target unix/-m32
=== gfortran Summary for unix/-m32 ===
# of expected passes 10851
# of expected failures 15
# of unsupported tests 24
Running target unix
FAIL: gfortran.dg/secnds.f -O2 execution test
=== gfortran Summary for unix ===
# of expected passes 10863
# of unexpected failures 1
# of expected failures 18
# of unsupported tests 16
=== gfortran Summary ===
# of expected passes 21714
# of unexpected failures 1
# of expected failures 33
# of unsupported tests 40
/builds/gcc/misc/gcc/testsuite/../gfortran version 4.2.0 20051212 (experimental)
=== g++ tests ===
Running target unix/-m32
FAIL: tmpdir-g++.dg-struct-layout-1/t028 cp_compat_x_tst.o compile
FAIL: tmpdir-g++.dg-struct-layout-1/t028 cp_compat_y_tst.o compile
UNRESOLVED: tmpdir-g++.dg-struct-layout-1/t028 cp_compat_x_tst.o-cp_compat_y_tst.o link
UNRESOLVED: tmpdir-g++.dg-struct-layout-1/t028 cp_compat_x_tst.o-cp_compat_y_tst.o execute
FAIL: g++.dg/opt/mmx2.C (test for excess errors)
FAIL: g++.dg/other/mmintrin.C (test for excess errors)
XPASS: g++.old-deja/g++.other/init5.C execution test
=== g++ Summary for unix/-m32 ===
# of expected passes 11850
# of unexpected failures 4
# of unexpected successes 1
# of expected failures 65
# of unresolved testcases 2
# of unsupported tests 64
Running target unix
XPASS: g++.old-deja/g++.other/init5.C execution test
=== g++ Summary for unix ===
# of expected passes 11769
# of unexpected successes 1
# of expected failures 65
# of unsupported tests 94
=== g++ Summary ===
# of expected passes 23619
# of unexpected failures 4
# of unexpected successes 2
# of expected failures 130
# of unresolved testcases 2
# of unsupported tests 158
/builds/gcc/misc/gcc/testsuite/../g++ version 4.2.0 20051212 (experimental)
=== objc tests ===
Running target unix/-m32
FAIL: objc.dg-struct-layout-encoding-1/t001_main.m (test for excess errors)
WARNING: objc.dg-struct-layout-encoding-1/t001_main.m compilation failed to produce executable
FAIL: objc.dg-struct-layout-encoding-1/t002_main.m (test for excess errors)
WARNING: objc.dg-struct-layout-encoding-1/t002_main.m compilation failed to produce executable
FAIL: objc.dg-struct-layout-encoding-1/t003_main.m (test for excess errors)
WARNING: objc.dg-struct-layout-encoding-1/t003_main.m compilation failed to produce executable
FAIL: objc.dg-struct-layout-encoding-1/t004_main.m (test for excess errors)
WARNING: objc.dg-struct-layout-encoding-1/t004_main.m compilation failed to produce executable
FAIL: objc.dg-struct-layout-encoding-1/t005_main.m (test for excess errors)
WARNING: objc.dg-struct-layout-encoding-1/t005_main.m compilation failed to produce executable
FAIL: objc.dg-struct-layout-encoding-1/t006_main.m (test for excess errors)
WARNING: objc.dg-struct-layout-encoding-1/t006_main.m compilation failed to produce executable
FAIL: objc.dg-struct-layout-encoding-1/t007_main.m (test for excess errors)
WARNING: objc.dg-struct-layout-encoding-1/t007_main.m compilation failed to produce executable
FAIL: objc.dg-struct-layout-encoding-1/t008_main.m (test for excess errors)
WARNING: objc.dg-struct-layout-encoding-1/t008_main.m compilation failed to produce executable
FAIL: objc.dg-struct-layout-encoding-1/t009_main.m (test for excess errors)
WARNING: objc.dg-struct-layout-encoding-1/t009_main.m compilation failed to produce executable
FAIL: objc.dg-struct-layout-encoding-1/t010_main.m (test for excess errors)
WARNING: objc.dg-struct-layout-encoding-1/t010_main.m compilation failed to produce executable
FAIL: objc.dg-struct-layout-encoding-1/t011_main.m (test for excess errors)
WARNING: objc.dg-struct-layout-encoding-1/t011_main.m compilation failed to produce executable
FAIL: objc.dg-struct-layout-encoding-1/t012_main.m (test for excess errors)
WARNING: objc.dg-struct-layout-encoding-1/t012_main.m compilation failed to produce executable
FAIL: objc.dg-struct-layout-encoding-1/t013_main.m (test for excess errors)
WARNING: objc.dg-struct-layout-encoding-1/t013_main.m compilation failed to produce executable
FAIL: objc.dg-struct-layout-encoding-1/t014_main.m (test for excess errors)
WARNING: objc.dg-struct-layout-encoding-1/t014_main.m compilation failed to produce executable
FAIL: objc.dg-struct-layout-encoding-1/t015_main.m (test for excess errors)
WARNING: objc.dg-struct-layout-encoding-1/t015_main.m compilation failed to produce executable
FAIL: objc.dg-struct-layout-encoding-1/t016_main.m (test for excess errors)
WARNING: objc.dg-struct-layout-encoding-1/t016_main.m compilation failed to produce executable
FAIL: objc.dg-struct-layout-encoding-1/t017_main.m (test for excess errors)
WARNING: objc.dg-struct-layout-encoding-1/t017_main.m compilation failed to produce executable
FAIL: objc.dg-struct-layout-encoding-1/t018_main.m (test for excess errors)
WARNING: objc.dg-struct-layout-encoding-1/t018_main.m compilation failed to produce executable
FAIL: objc.dg-struct-layout-encoding-1/t019_main.m (test for excess errors)
WARNING: objc.dg-struct-layout-encoding-1/t019_main.m compilation failed to produce executable
FAIL: objc.dg-struct-layout-encoding-1/t020_main.m (test for excess errors)
WARNING: objc.dg-struct-layout-encoding-1/t020_main.m compilation failed to produce executable
FAIL: objc.dg-struct-layout-encoding-1/t021_main.m (test for excess errors)
WARNING: objc.dg-struct-layout-encoding-1/t021_main.m compilation failed to produce executable
FAIL: objc.dg-struct-layout-encoding-1/t022_main.m (test for excess errors)
WARNING: objc.dg-struct-layout-encoding-1/t022_main.m compilation failed to produce executable
FAIL: objc.dg-struct-layout-encoding-1/t023_main.m (test for excess errors)
WARNING: objc.dg-struct-layout-encoding-1/t023_main.m compilation failed to produce executable
FAIL: objc.dg-struct-layout-encoding-1/t024_main.m (test for excess errors)
WARNING: objc.dg-struct-layout-encoding-1/t024_main.m compilation failed to produce executable
FAIL: objc.dg-struct-layout-encoding-1/t025_main.m (test for excess errors)
WARNING: objc.dg-struct-layout-encoding-1/t025_main.m compilation failed to produce executable
=== objc Summary for unix/-m32 ===
# of expected passes 1678
# of unexpected failures 25
# of unsupported tests 22
Running target unix
FAIL: objc.dg-struct-layout-encoding-1/t001_main.m (test for excess errors)
WARNING: objc.dg-struct-layout-encoding-1/t001_main.m compilation failed to produce executable
FAIL: objc.dg-struct-layout-encoding-1/t002_main.m (test for excess errors)
WARNING: objc.dg-struct-layout-encoding-1/t002_main.m compilation failed to produce executable
FAIL: objc.dg-struct-layout-encoding-1/t003_main.m (test for excess errors)
WARNING: objc.dg-struct-layout-encoding-1/t003_main.m compilation failed to produce executable
FAIL: objc.dg-struct-layout-encoding-1/t004_main.m (test for excess errors)
WARNING: objc.dg-struct-layout-encoding-1/t004_main.m compilation failed to produce executable
FAIL: objc.dg-struct-layout-encoding-1/t005_main.m (test for excess errors)
WARNING: objc.dg-struct-layout-encoding-1/t005_main.m compilation failed to produce executable
FAIL: objc.dg-struct-layout-encoding-1/t006_main.m (test for excess errors)
WARNING: objc.dg-struct-layout-encoding-1/t006_main.m compilation failed to produce executable
FAIL: objc.dg-struct-layout-encoding-1/t007_main.m (test for excess errors)
WARNING: objc.dg-struct-layout-encoding-1/t007_main.m compilation failed to produce executable
FAIL: objc.dg-struct-layout-encoding-1/t008_main.m (test for excess errors)
WARNING: objc.dg-struct-layout-encoding-1/t008_main.m compilation failed to produce executable
FAIL: objc.dg-struct-layout-encoding-1/t009_main.m (test for excess errors)
WARNING: objc.dg-struct-layout-encoding-1/t009_main.m compilation failed to produce executable
FAIL: objc.dg-struct-layout-encoding-1/t010_main.m (test for excess errors)
WARNING: objc.dg-struct-layout-encoding-1/t010_main.m compilation failed to produce executable
FAIL: objc.dg-struct-layout-encoding-1/t011_main.m (test for excess errors)
WARNING: objc.dg-struct-layout-encoding-1/t011_main.m compilation failed to produce executable
FAIL: objc.dg-struct-layout-encoding-1/t012_main.m (test for excess errors)
WARNING: objc.dg-struct-layout-encoding-1/t012_main.m compilation failed to produce executable
FAIL: objc.dg-struct-layout-encoding-1/t013_main.m (test for excess errors)
WARNING: objc.dg-struct-layout-encoding-1/t013_main.m compilation failed to produce executable
FAIL: objc.dg-struct-layout-encoding-1/t014_main.m (test for excess errors)
WARNING: objc.dg-struct-layout-encoding-1/t014_main.m compilation failed to produce executable
FAIL: objc.dg-struct-layout-encoding-1/t015_main.m (test for excess errors)
WARNING: objc.dg-struct-layout-encoding-1/t015_main.m compilation failed to produce executable
FAIL: objc.dg-struct-layout-encoding-1/t016_main.m (test for excess errors)
WARNING: objc.dg-struct-layout-encoding-1/t016_main.m compilation failed to produce executable
FAIL: objc.dg-struct-layout-encoding-1/t017_main.m (test for excess errors)
WARNING: objc.dg-struct-layout-encoding-1/t017_main.m compilation failed to produce executable
FAIL: objc.dg-struct-layout-encoding-1/t018_main.m (test for excess errors)
WARNING: objc.dg-struct-layout-encoding-1/t018_main.m compilation failed to produce executable
FAIL: objc.dg-struct-layout-encoding-1/t019_main.m (test for excess errors)
WARNING: objc.dg-struct-layout-encoding-1/t019_main.m compilation failed to produce executable
FAIL: objc.dg-struct-layout-encoding-1/t020_main.m (test for excess errors)
WARNING: objc.dg-struct-layout-encoding-1/t020_main.m compilation failed to produce executable
FAIL: objc.dg-struct-layout-encoding-1/t021_main.m (test for excess errors)
WARNING: objc.dg-struct-layout-encoding-1/t021_main.m compilation failed to produce executable
FAIL: objc.dg-struct-layout-encoding-1/t022_main.m (test for excess errors)
WARNING: objc.dg-struct-layout-encoding-1/t022_main.m compilation failed to produce executable
FAIL: objc.dg-struct-layout-encoding-1/t023_main.m (test for excess errors)
WARNING: objc.dg-struct-layout-encoding-1/t023_main.m compilation failed to produce executable
FAIL: objc.dg-struct-layout-encoding-1/t024_main.m (test for excess errors)
WARNING: objc.dg-struct-layout-encoding-1/t024_main.m compilation failed to produce executable
FAIL: objc.dg-struct-layout-encoding-1/t025_main.m (test for excess errors)
WARNING: objc.dg-struct-layout-encoding-1/t025_main.m compilation failed to produce executable
=== objc Summary for unix ===
# of expected passes 1678
# of unexpected failures 25
# of unsupported tests 22
=== objc Summary ===
# of expected passes 3356
# of unexpected failures 50
# of unsupported tests 44
/builds/gcc/misc/gcc/xgcc version 4.2.0 20051212 (experimental)
=== treelang tests ===
Running target unix/-m32
=== treelang Summary for unix/-m32 ===
# of expected passes 50
Running target unix
=== treelang Summary for unix ===
# of expected passes 50
=== treelang Summary ===
# of expected passes 100
=== libffi tests ===
Running target unix/-m32
=== libffi Summary for unix/-m32 ===
# of expected passes 228
# of unsupported tests 2
Running target unix
=== libffi Summary for unix ===
# of expected passes 228
# of unsupported tests 2
=== libffi Summary ===
# of expected passes 456
# of unsupported tests 4
=== libjava tests ===
Running target unix/-m32
XPASS: Array_3 execution - bytecode->native test
XPASS: Array_3 -O3 execution - bytecode->native test
=== libjava Summary for unix/-m32 ===
# of expected passes 3997
# of unexpected successes 2
# of expected failures 10
# of untested testcases 8
Running target unix
XPASS: Array_3 execution - bytecode->native test
XPASS: Array_3 -O3 execution - bytecode->native test
=== libjava Summary for unix ===
# of expected passes 3997
# of unexpected successes 2
# of expected failures 10
# of untested testcases 8
=== libjava Summary ===
# of expected passes 7994
# of unexpected successes 4
# of expected failures 20
# of untested testcases 16
=== libmudflap tests ===
Running target unix/-m32
FAIL: libmudflap.cth/pass37-frag.c (-static -DSTATIC) execution test
FAIL: libmudflap.cth/pass37-frag.c (-static -DSTATIC) output pattern test
FAIL: libmudflap.cth/pass37-frag.c (-static -DSTATIC) (rerun 1) execution test
FAIL: libmudflap.cth/pass37-frag.c (-static -DSTATIC) (rerun 1) output pattern test
FAIL: libmudflap.cth/pass37-frag.c (-static -DSTATIC) (rerun 2) execution test
FAIL: libmudflap.cth/pass37-frag.c (-static -DSTATIC) (rerun 2) output pattern test
FAIL: libmudflap.cth/pass37-frag.c (-static -DSTATIC) (rerun 3) execution test
FAIL: libmudflap.cth/pass37-frag.c (-static -DSTATIC) (rerun 3) output pattern test
FAIL: libmudflap.cth/pass37-frag.c (-static -DSTATIC) (rerun 4) execution test
FAIL: libmudflap.cth/pass37-frag.c (-static -DSTATIC) (rerun 4) output pattern test
FAIL: libmudflap.cth/pass37-frag.c (-static -DSTATIC) (rerun 5) execution test
FAIL: libmudflap.cth/pass37-frag.c (-static -DSTATIC) (rerun 5) output pattern test
FAIL: libmudflap.cth/pass37-frag.c (-static -DSTATIC) (rerun 6) execution test
FAIL: libmudflap.cth/pass37-frag.c (-static -DSTATIC) (rerun 6) output pattern test
FAIL: libmudflap.cth/pass37-frag.c (-static -DSTATIC) (rerun 7) execution test
FAIL: libmudflap.cth/pass37-frag.c (-static -DSTATIC) (rerun 7) output pattern test
FAIL: libmudflap.cth/pass37-frag.c (-static -DSTATIC) (rerun 8) execution test
FAIL: libmudflap.cth/pass37-frag.c (-static -DSTATIC) (rerun 8) output pattern test
FAIL: libmudflap.cth/pass37-frag.c (-static -DSTATIC) (rerun 9) execution test
FAIL: libmudflap.cth/pass37-frag.c (-static -DSTATIC) (rerun 9) output pattern test
FAIL: libmudflap.cth/pass37-frag.c (-static -DSTATIC) (rerun 10) execution test
FAIL: libmudflap.cth/pass37-frag.c (-static -DSTATIC) (rerun 10) output pattern test
FAIL: libmudflap.cth/pass37-frag.c (-static -DSTATIC) (rerun 11) execution test
FAIL: libmudflap.cth/pass37-frag.c (-static -DSTATIC) (rerun 11) output pattern test
FAIL: libmudflap.cth/pass37-frag.c (-static -DSTATIC) (rerun 12) execution test
FAIL: libmudflap.cth/pass37-frag.c (-static -DSTATIC) (rerun 12) output pattern test
FAIL: libmudflap.cth/pass37-frag.c (-static -DSTATIC) (rerun 13) execution test
FAIL: libmudflap.cth/pass37-frag.c (-static -DSTATIC) (rerun 13) output pattern test
FAIL: libmudflap.cth/pass37-frag.c (-static -DSTATIC) (rerun 14) execution test
FAIL: libmudflap.cth/pass37-frag.c (-static -DSTATIC) (rerun 14) output pattern test
FAIL: libmudflap.cth/pass37-frag.c (-static -DSTATIC) (rerun 15) execution test
FAIL: libmudflap.cth/pass37-frag.c (-static -DSTATIC) (rerun 15) output pattern test
FAIL: libmudflap.cth/pass37-frag.c (-static -DSTATIC) (rerun 16) execution test
FAIL: libmudflap.cth/pass37-frag.c (-static -DSTATIC) (rerun 16) output pattern test
FAIL: libmudflap.cth/pass37-frag.c (-static -DSTATIC) (rerun 17) execution test
FAIL: libmudflap.cth/pass37-frag.c (-static -DSTATIC) (rerun 17) output pattern test
FAIL: libmudflap.cth/pass37-frag.c (-static -DSTATIC) (rerun 18) execution test
FAIL: libmudflap.cth/pass37-frag.c (-static -DSTATIC) (rerun 18) output pattern test
FAIL: libmudflap.cth/pass37-frag.c (-static -DSTATIC) (rerun 19) execution test
FAIL: libmudflap.cth/pass37-frag.c (-static -DSTATIC) (rerun 19) output pattern test
FAIL: libmudflap.cth/pass39-frag.c (-static -DSTATIC) execution test
FAIL: libmudflap.cth/pass39-frag.c (-static -DSTATIC) output pattern test
FAIL: libmudflap.cth/pass39-frag.c (-static -DSTATIC) (rerun 1) execution test
FAIL: libmudflap.cth/pass39-frag.c (-static -DSTATIC) (rerun 1) output pattern test
FAIL: libmudflap.cth/pass39-frag.c (-static -DSTATIC) (rerun 2) execution test
FAIL: libmudflap.cth/pass39-frag.c (-static -DSTATIC) (rerun 2) output pattern test
FAIL: libmudflap.cth/pass39-frag.c (-static -DSTATIC) (rerun 3) execution test
FAIL: libmudflap.cth/pass39-frag.c (-static -DSTATIC) (rerun 3) output pattern test
FAIL: libmudflap.cth/pass39-frag.c (-static -DSTATIC) (rerun 4) execution test
FAIL: libmudflap.cth/pass39-frag.c (-static -DSTATIC) (rerun 4) output pattern test
FAIL: libmudflap.cth/pass39-frag.c (-static -DSTATIC) (rerun 5) execution test
FAIL: libmudflap.cth/pass39-frag.c (-static -DSTATIC) (rerun 5) output pattern test
FAIL: libmudflap.cth/pass39-frag.c (-static -DSTATIC) (rerun 6) execution test
FAIL: libmudflap.cth/pass39-frag.c (-static -DSTATIC) (rerun 6) output pattern test
FAIL: libmudflap.cth/pass39-frag.c (-static -DSTATIC) (rerun 7) execution test
FAIL: libmudflap.cth/pass39-frag.c (-static -DSTATIC) (rerun 7) output pattern test
FAIL: libmudflap.cth/pass39-frag.c (-static -DSTATIC) (rerun 8) execution test
FAIL: libmudflap.cth/pass39-frag.c (-static -DSTATIC) (rerun 8) output pattern test
FAIL: libmudflap.cth/pass39-frag.c (-static -DSTATIC) (rerun 9) execution test
FAIL: libmudflap.cth/pass39-frag.c (-static -DSTATIC) (rerun 9) output pattern test
FAIL: libmudflap.cth/pass39-frag.c (-static -DSTATIC) (rerun 10) execution test
FAIL: libmudflap.cth/pass39-frag.c (-static -DSTATIC) (rerun 10) output pattern test
FAIL: libmudflap.cth/pass39-frag.c (-static -DSTATIC) (rerun 11) execution test
FAIL: libmudflap.cth/pass39-frag.c (-static -DSTATIC) (rerun 11) output pattern test
FAIL: libmudflap.cth/pass39-frag.c (-static -DSTATIC) (rerun 12) execution test
FAIL: libmudflap.cth/pass39-frag.c (-static -DSTATIC) (rerun 12) output pattern test
FAIL: libmudflap.cth/pass39-frag.c (-static -DSTATIC) (rerun 13) execution test
FAIL: libmudflap.cth/pass39-frag.c (-static -DSTATIC) (rerun 13) output pattern test
FAIL: libmudflap.cth/pass39-frag.c (-static -DSTATIC) (rerun 14) execution test
FAIL: libmudflap.cth/pass39-frag.c (-static -DSTATIC) (rerun 14) output pattern test
FAIL: libmudflap.cth/pass39-frag.c (-static -DSTATIC) (rerun 15) execution test
FAIL: libmudflap.cth/pass39-frag.c (-static -DSTATIC) (rerun 15) output pattern test
FAIL: libmudflap.cth/pass39-frag.c (-static -DSTATIC) (rerun 16) execution test
FAIL: libmudflap.cth/pass39-frag.c (-static -DSTATIC) (rerun 16) output pattern test
FAIL: libmudflap.cth/pass39-frag.c (-static -DSTATIC) (rerun 17) execution test
FAIL: libmudflap.cth/pass39-frag.c (-static -DSTATIC) (rerun 17) output pattern test
FAIL: libmudflap.cth/pass39-frag.c (-static -DSTATIC) (rerun 18) execution test
FAIL: libmudflap.cth/pass39-frag.c (-static -DSTATIC) (rerun 18) output pattern test
FAIL: libmudflap.cth/pass39-frag.c (-static -DSTATIC) (rerun 19) execution test
FAIL: libmudflap.cth/pass39-frag.c (-static -DSTATIC) (rerun 19) output pattern test
FAIL: libmudflap.cth/pass40-frag.c (-static -DSTATIC) execution test
FAIL: libmudflap.cth/pass40-frag.c (-static -DSTATIC) output pattern test
=== libmudflap Summary for unix/-m32 ===
# of expected passes 1707
# of unexpected failures 82
Running target unix
=== libmudflap Summary for unix ===
# of expected passes 1789
=== libmudflap Summary ===
# of expected passes 3496
# of unexpected failures 82
=== libstdc++ tests ===
Running target unix/-m32
FAIL: 22_locale/locale/cons/12658_thread-1.cc execution test
FAIL: 22_locale/locale/cons/12658_thread-2.cc execution test
FAIL: 22_locale/messages/members/char/1.cc execution test
FAIL: 22_locale/messages/members/char/2.cc execution test
FAIL: 22_locale/messages/members/char/wrapped_env.cc execution test
FAIL: 22_locale/messages/members/char/wrapped_locale.cc execution test
FAIL: 22_locale/messages_byname/named_equivalence.cc execution test
XPASS: 26_numerics/cmath/c99_classification_macros_c.cc (test for excess errors)
FAIL: ext/mt_allocator/22309_thread.cc execution test
FAIL: thread/pthread3.cc execution test
=== libstdc++ Summary for unix/-m32 ===
# of expected passes 4023
# of unexpected failures 9
# of unexpected successes 1
# of expected failures 12
Running target unix
XPASS: 26_numerics/cmath/c99_classification_macros_c.cc (test for excess errors)
XPASS: 27_io/fpos/14320-1.cc execution test
=== libstdc++ Summary for unix ===
# of expected passes 4032
# of unexpected successes 2
# of expected failures 11
=== libstdc++ Summary ===
# of expected passes 8055
# of unexpected failures 9
# of unexpected successes 3
# of expected failures 23
Compiler version: 4.2.0 20051212 (experimental)
Platform: x86_64-suse-linux-gnu
configure flags: --prefix=/opt/gcc/4.2-devel --enable-checking=misc,tree,gc,rtl,rtlflag,assert --enable-threads=posix --enable-clocale=gnu --enable-__cxa_atexit --enable-shared --with-system-zlib x86_64-suse-linux-gnu --enable-languages=c,ada,c++,fortran,java,objc,treelang
Version of binutils: GNU ld version 2.16.91.0.2 20050720 (SuSE Linux)
Version of glibc (/lib/libc.so.6): 2.3.5 (20050802)
Version of glibc (/lib64/libc.so.6): 2.3.5 (20050802)