This is the mail archive of the
gcc-testresults@gcc.gnu.org
mailing list for the GCC project.
Results for 4.2.0 20051212 (experimental) testsuite on alphaev67-unknown-linux-gnu
- From: Richard Henderson <rth at twiddle dot net>
- To: gcc-testresults at gcc dot gnu dot org
- Date: Mon, 12 Dec 2005 09:01:19 -0800
- Subject: Results for 4.2.0 20051212 (experimental) testsuite on alphaev67-unknown-linux-gnu
LAST_UPDATED: Mon Dec 12 01:00:56 UTC 2005 (revision 108392)
Native configuration is alphaev67-unknown-linux-gnu
=== libffi tests ===
Running target unix
=== libffi Summary ===
# of expected passes 228
# of unsupported tests 2
=== libjava tests ===
Running target unix
XPASS: Array_3 execution - bytecode->native test
XPASS: Array_3 -O3 execution - bytecode->native test
=== libjava Summary ===
# of expected passes 3997
# of unexpected successes 2
# of expected failures 10
# of untested testcases 8
=== libstdc++ tests ===
Running target unix
FAIL: abi_check
FAIL: 27_io/basic_ostream/inserters_character/char/9555-oc.cc execution test
FAIL: 27_io/basic_ostream/inserters_character/wchar_t/9555-oc.cc execution test
XPASS: 27_io/fpos/14320-1.cc execution test
=== libstdc++ Summary ===
# of expected passes 3391
# of unexpected failures 3
# of unexpected successes 1
# of expected failures 12
# of unsupported tests 319
=== g++ tests ===
Running target unix
=== g++ Summary ===
# of expected passes 11747
# of expected failures 66
# of unsupported tests 106
/home/rth/work/gcc/bld-cron/gcc/testsuite/../g++ version 4.2.0 20051212 (experimental)
=== gcc tests ===
Running target unix
WARNING: program timed out.
FAIL: gcc.c-torture/compile/20001226-1.c -O3 -g (test for excess errors)
FAIL: gcc.dg/attr-weakref-1.c execution test
FAIL: gcc.dg/tree-ssa/loop-14.c scan-tree-dump-times \\+ 100 1
XPASS: gcc.dg/vect/vect-reduc-1char.c scan-tree-dump-times vectorized 3 loops 1
XPASS: gcc.dg/vect/vect-reduc-1short.c scan-tree-dump-times vectorized 3 loops 1
XPASS: gcc.dg/vect/vect-reduc-2char.c scan-tree-dump-times vectorized 3 loops 1
XPASS: gcc.dg/vect/vect-reduc-2short.c scan-tree-dump-times vectorized 3 loops 1
=== gcc Summary ===
# of expected passes 37253
# of unexpected failures 3
# of unexpected successes 4
# of expected failures 97
# of untested testcases 28
# of unsupported tests 388
/home/rth/work/gcc/bld-cron/gcc/xgcc version 4.2.0 20051212 (experimental)
=== gfortran tests ===
Running target unix
=== gfortran Summary ===
# of expected passes 10777
# of expected failures 15
# of unsupported tests 55
/home/rth/work/gcc/bld-cron/gcc/testsuite/../gfortran version 4.2.0 20051212 (experimental)
=== objc tests ===
Running target unix
=== objc Summary ===
# of expected passes 1676
# of unsupported tests 23
/home/rth/work/gcc/bld-cron/gcc/xgcc version 4.2.0 20051212 (experimental)
Compiler version: 4.2.0 20051212 (experimental)
Platform: alphaev67-unknown-linux-gnu
configure flags: --disable-libmudflap --enable-clocale=gnu --prefix=/home/rth/work/gcc/run-41 --enable-languages=c,c++,fortran,java,objc