This is the mail archive of the
gcc-testresults@gcc.gnu.org
mailing list for the GCC project.
Results for 4.2.0 20051210 (experimental) testsuite on i686-pc-cygwin
- From: Tim Prince <tprince at myrealbox dot com>
- To: gcc-testresults at gcc dot gnu dot org
- Date: Sun, 11 Dec 2005 05:38:25 -0800
- Subject: Results for 4.2.0 20051210 (experimental) testsuite on i686-pc-cygwin
- Reply-to: tprince at computer dot org
Warnings treated as failures:
pr17597 (alignment reduced to 16)
pic-1 (PIC is default)
Wrong option for target:
20021014-1 (patch was rejected)
Failures presumably due to features not supported:
*float-128* (12 failures counted)
3dnow-* (4 failures counted)
LAST_UPDATED: Obtained from SVN: trunk revision 108355
Native configuration is i686-pc-cygwin
=== gcc tests ===
Running target unix
FAIL: gcc.c-torture/compile/20001226-1.c (test for excess errors)
FAIL: gcc.dg/attr-weakref-1.c execution test
FAIL: gcc.dg/pr17957.c (test for excess errors)
WARNING: gcc.dg/torture/fp-int-convert-float128-timode.c compilation
failed to produce executable
WARNING: gcc.dg/torture/fp-int-convert-float128-timode.c compilation
failed to produce executable
WARNING: gcc.dg/torture/fp-int-convert-float128-timode.c compilation
failed to produce executable
WARNING: gcc.dg/torture/fp-int-convert-float128-timode.c compilation
failed to produce executable
WARNING: gcc.dg/torture/fp-int-convert-float128-timode.c compilation
failed to produce executable
WARNING: gcc.dg/torture/fp-int-convert-float128-timode.c compilation
failed to produce executable
WARNING: gcc.dg/torture/fp-int-convert-float128.c compilation failed to
produceexecutable
WARNING: gcc.dg/torture/fp-int-convert-float128.c compilation failed to
produceexecutable
WARNING: gcc.dg/torture/fp-int-convert-float128.c compilation failed to
produceexecutable
WARNING: gcc.dg/torture/fp-int-convert-float128.c compilation failed to
produceexecutable
WARNING: gcc.dg/torture/fp-int-convert-float128.c compilation failed to
produceexecutable
WARNING: gcc.dg/torture/fp-int-convert-float128.c compilation failed to
produceexecutable
FAIL: gcc.dg/tree-ssa/loop-1.c scan-assembler-times foo 5
FAIL: compiler driver --coverage option(s) (compiler options)
FAIL: gcc.target/i386/3dnow-1.c (test for excess errors)
FAIL: gcc.target/i386/3dnow-2.c (test for excess errors)
FAIL: gcc.target/i386/3dnowA-1.c (test for excess errors)
FAIL: gcc.target/i386/3dnowA-2.c (test for excess errors)
FAIL: gcc.target/i386/mmx-1.c (test for excess errors)
FAIL: gcc.target/i386/mmx-2.c (test for excess errors)
FAIL: gcc.target/i386/mmx-4.c (test for excess errors)
WARNING: gcc.target/i386/mmx-4.c compilation failed to produce executable
FAIL: gcc.target/i386/mmx-5.c (test for excess errors)
FAIL: gcc.target/i386/pic-1.c (test for errors, line 10)
FAIL: gcc.target/i386/pr13366.c (test for excess errors)
FAIL: gcc.target/i386/sse-1.c (test for excess errors)
ERROR: gcc.target/i386/sse-1.c: error executing dg-final: couldn't open
"sse-1.s": no such file or directory
UNRESOLVED: gcc.target/i386/sse-1.c: error executing dg-final: couldn't
open "sse-1.s": no such file or directory
FAIL: gcc.target/i386/sse-13.c (test for excess errors)
FAIL: gcc.target/i386/sse-14.c (test for excess errors)
FAIL: gcc.target/i386/sse-2.c (test for excess errors)
FAIL: gcc.target/i386/sse-3.c (test for excess errors)
WARNING: gcc.target/i386/sse-3.c compilation failed to produce executable
FAIL: gcc.target/i386/sse-7.c (test for excess errors)
WARNING: gcc.target/i386/sse-7.c compilation failed to produce executable
FAIL: gcc.target/i386/sse-9.c (test for excess errors)
WARNING: gcc.target/i386/sse-9.c compilation failed to produce executable
=== gcc Summary ===
# of expected passes 39653
# of unexpected failures 22
# of expected failures 106
# of unresolved testcases 1
# of untested testcases 28
# of unsupported tests 288
/cygdrive/c/gnu/gcc-4.2-20051210/xp/gcc/xgcc version 4.2.0 20051210
(experimental)
=== gfortran tests ===
Running target unix
FAIL: gfortran.dg/edit_real_1.f90 execution test
FAIL: gfortran.dg/edit_real_1.f90 execution test
FAIL: gfortran.dg/edit_real_1.f90 execution test
FAIL: gfortran.dg/edit_real_1.f90 execution test
FAIL: gfortran.dg/edit_real_1.f90 execution test
FAIL: gfortran.dg/edit_real_1.f90 execution test
FAIL: gfortran.dg/edit_real_1.f90 execution test
FAIL: gfortran.dg/edit_real_1.f90 execution test
FAIL: gfortran.dg/output_exponents_1.f90 execution test
FAIL: gfortran.dg/output_exponents_1.f90 execution test
FAIL: gfortran.dg/output_exponents_1.f90 execution test
FAIL: gfortran.dg/output_exponents_1.f90 execution test
FAIL: gfortran.dg/output_exponents_1.f90 execution test
FAIL: gfortran.dg/output_exponents_1.f90 execution test
FAIL: gfortran.dg/output_exponents_1.f90 execution test
FAIL: gfortran.dg/output_exponents_1.f90 execution test
=== gfortran Summary ===
# of expected passes 10725
# of unexpected failures 16
# of expected failures 7
# of unsupported tests 40
/cygdrive/c/gnu/gcc-4.2-20051210/xp/gcc/testsuite/../gfortran version
4.2.0 20051210 (experimental)
=== objc tests ===
Running target unix
FAIL: objc/execute/exceptions/foward-1.m execution, -Os -fgnu-runtime
FAIL: objc/execute/exceptions/foward-1.m execution, -Os -fgnu-runtime
=== objc Summary ===
# of expected passes 1736
# of unexpected failures 2
# of unsupported tests 22
/cygdrive/c/gnu/gcc-4.2-20051210/xp/gcc/xgcc version 4.2.0 20051210
(experimental)
=== treelang tests ===
Running target unix
ERROR: tcl error sourcing
/cygdrive/c/gnu/gcc-4.2-20051210/gcc/testsuite/treelang/output/output.exp.
ERROR: rm: cannot remove \`treelang/output-1': No such file or directory
=== treelang Summary ===
# of expected passes 50
Compiler version: 4.2.0 20051210 (experimental)
Platform: i686-pc-cygwin
configure flags: '--enable-languages=fortran objc treelang c'
--enable-threads=posix --enable-sjlj-exceptions --disable-libmudflap
--disable-shared --enable-maintainer-mode --prefix=/usr/local/gcc42
--enable-languages=c,fortran,objc,treelang
BOOT_CFLAGS=-O2 -march=pentium-m -pipe