This is the mail archive of the
gcc-testresults@gcc.gnu.org
mailing list for the GCC project.
Results for 4.1.0 20051202 (prerelease) testsuite on i686-pc-cygwin
- From: Tim Prince <tprince at myrealbox dot com>
- To: gcc-testresults at gcc dot gnu dot org
- Date: Sat, 03 Dec 2005 18:46:16 -0800
- Subject: Results for 4.1.0 20051202 (prerelease) testsuite on i686-pc-cygwin
- Reply-to: tprince at computer dot org
LAST_UPDATED: Obtained from SVN: branches/gcc-4_1-branch revision 107949
Native configuration is i686-pc-cygwin
=== gcc tests ===
Running target unix
FAIL: gcc.c-torture/compile/20001226-1.c (test for excess errors)
FAIL: gcc.dg/20021014-1.c (test for excess errors)
WARNING: gcc.dg/20021014-1.c compilation failed to produce executable
FAIL: gcc.dg/pr17957.c (test for excess errors)
FAIL: gcc.dg/tree-ssa/loop-1.c scan-assembler-times foo 5
FAIL: gcc.dg/vect/vect-62.c scan-tree-dump-times not vectorized:
redundant loop. no profit to vectorize. 1
FAIL: compiler driver --coverage option(s) (compiler options)
FAIL: gcc.target/i386/pic-1.c (test for errors, line 10)
=== gcc Summary ===
# of expected passes 39452
# of unexpected failures 7
# of expected failures 96
# of untested testcases 28
# of unsupported tests 287
/cygdrive/c/gnu/gcc-4.1-20051202/xp/gcc/xgcc version 4.1.0 20051202
(prerelease)
=== gfortran tests ===
Running target unix
FAIL: gfortran.dg/edit_real_1.f90 execution test
FAIL: gfortran.dg/edit_real_1.f90 execution test
FAIL: gfortran.dg/edit_real_1.f90 execution test
FAIL: gfortran.dg/edit_real_1.f90 execution test
FAIL: gfortran.dg/edit_real_1.f90 execution test
FAIL: gfortran.dg/edit_real_1.f90 execution test
FAIL: gfortran.dg/edit_real_1.f90 execution test
FAIL: gfortran.dg/edit_real_1.f90 execution test
FAIL: gfortran.dg/output_exponents_1.f90 execution test
FAIL: gfortran.dg/output_exponents_1.f90 execution test
FAIL: gfortran.dg/output_exponents_1.f90 execution test
FAIL: gfortran.dg/output_exponents_1.f90 execution test
FAIL: gfortran.dg/output_exponents_1.f90 execution test
FAIL: gfortran.dg/output_exponents_1.f90 execution test
FAIL: gfortran.dg/output_exponents_1.f90 execution test
FAIL: gfortran.dg/output_exponents_1.f90 execution test
=== gfortran Summary ===
# of expected passes 10676
# of unexpected failures 16
# of expected failures 7
# of unsupported tests 40
/cygdrive/c/gnu/gcc-4.1-20051202/xp/gcc/testsuite/../gfortran version
4.1.0 20051202 (prerelease)
=== treelang tests ===
Running target unix
ERROR: tcl error sourcing
/cygdrive/c/gnu/gcc-4.1-20051202/gcc/testsuite/treelang/output/output.exp.
ERROR: rm: cannot remove \`treelang/output-1': No such file or directory
=== treelang Summary ===
# of expected passes 50
Compiler version: 4.1.0 20051202 (prerelease)
Platform: i686-pc-cygwin
configure flags: '--enable-languages=fortran treelang c'
--enable-threads=posix--enable-sjlj-exceptions --disable-libmudflap
--disable-shared --enable-maintainer-mode --prefix=/usr/local/gcc41
--enable-languages=c,fortran,treelang
BOOT_CFLAGS=-O2 -march=pentium-m -pipe