This is the mail archive of the
gcc-testresults@gcc.gnu.org
mailing list for the GCC project.
Results for 4.2.0 20051202 (experimental) testsuite on x86_64-unknown-linux-gnu
- From: Diego Novillo <dnovillo at redhat dot com>
- To: gcc-testresults at gcc dot gnu dot org
- Date: Fri, 2 Dec 2005 02:28:00 -0500
- Subject: Results for 4.2.0 20051202 (experimental) testsuite on x86_64-unknown-linux-gnu
LAST_UPDATED:
Native configuration is x86_64-unknown-linux-gnu
=== g++ tests ===
Running target unix
=== g++ Summary ===
# of expected passes 11604
# of expected failures 66
# of unsupported tests 95
/notnfs/dnovillo/sbox/gcc/bld.torquemada/gcc/testsuite/../g++ version 4.2.0 20051202 (experimental)
=== gcc tests ===
Running target unix
FAIL: tmpdir-gcc.dg-struct-layout-1/t026 c_compat_x_tst.o-c_compat_y_tst.o execute
ERROR: gcc.dg/torture/fp-int-convert-float128-timode.c -O0 : syntax error in target selector "target ia64-*-* && lp64" for " dg-xfail-if 5 "" { ia64-*-* && lp64 } { "*" } { "" } "
UNRESOLVED: gcc.dg/torture/fp-int-convert-float128-timode.c -O0 : syntax error in target selector "target ia64-*-* && lp64" for " dg-xfail-if 5 "" { ia64-*-* && lp64 } { "*" } { "" } "
ERROR: gcc.dg/torture/fp-int-convert-float128-timode.c -O1 : syntax error in target selector "target ia64-*-* && lp64" for " dg-xfail-if 5 "" { ia64-*-* && lp64 } { "*" } { "" } "
UNRESOLVED: gcc.dg/torture/fp-int-convert-float128-timode.c -O1 : syntax error in target selector "target ia64-*-* && lp64" for " dg-xfail-if 5 "" { ia64-*-* && lp64 } { "*" } { "" } "
ERROR: gcc.dg/torture/fp-int-convert-float128-timode.c -O2 : syntax error in target selector "target ia64-*-* && lp64" for " dg-xfail-if 5 "" { ia64-*-* && lp64 } { "*" } { "" } "
UNRESOLVED: gcc.dg/torture/fp-int-convert-float128-timode.c -O2 : syntax error in target selector "target ia64-*-* && lp64" for " dg-xfail-if 5 "" { ia64-*-* && lp64 } { "*" } { "" } "
ERROR: gcc.dg/torture/fp-int-convert-float128-timode.c -O3 -fomit-frame-pointer : syntax error in target selector "target ia64-*-* && lp64" for " dg-xfail-if 5 "" { ia64-*-* && lp64 } { "*" } { "" } "
UNRESOLVED: gcc.dg/torture/fp-int-convert-float128-timode.c -O3 -fomit-frame-pointer : syntax error in target selector "target ia64-*-* && lp64" for " dg-xfail-if 5 "" { ia64-*-* && lp64 } { "*" } { "" } "
ERROR: gcc.dg/torture/fp-int-convert-float128-timode.c -O3 -g : syntax error in target selector "target ia64-*-* && lp64" for " dg-xfail-if 5 "" { ia64-*-* && lp64 } { "*" } { "" } "
UNRESOLVED: gcc.dg/torture/fp-int-convert-float128-timode.c -O3 -g : syntax error in target selector "target ia64-*-* && lp64" for " dg-xfail-if 5 "" { ia64-*-* && lp64 } { "*" } { "" } "
ERROR: gcc.dg/torture/fp-int-convert-float128-timode.c -Os : syntax error in target selector "target ia64-*-* && lp64" for " dg-xfail-if 5 "" { ia64-*-* && lp64 } { "*" } { "" } "
UNRESOLVED: gcc.dg/torture/fp-int-convert-float128-timode.c -Os : syntax error in target selector "target ia64-*-* && lp64" for " dg-xfail-if 5 "" { ia64-*-* && lp64 } { "*" } { "" } "
WARNING: gcc.dg/torture/fp-int-convert-float128.c -O0 compilation failed to produce executable
WARNING: gcc.dg/torture/fp-int-convert-float128.c -O1 compilation failed to produce executable
WARNING: gcc.dg/torture/fp-int-convert-float128.c -O2 compilation failed to produce executable
WARNING: gcc.dg/torture/fp-int-convert-float128.c -O3 -fomit-frame-pointer compilation failed to produce executable
WARNING: gcc.dg/torture/fp-int-convert-float128.c -O3 -g compilation failed to produce executable
WARNING: gcc.dg/torture/fp-int-convert-float128.c -Os compilation failed to produce executable
FAIL: gcc.dg/vect/vect-62.c scan-tree-dump-times not vectorized: redundant loop. no profit to vectorize. 1
=== gcc Summary ===
# of expected passes 37842
# of unexpected failures 2
# of expected failures 107
# of unresolved testcases 6
# of untested testcases 28
# of unsupported tests 352
/notnfs/dnovillo/sbox/gcc/bld.torquemada/gcc/xgcc version 4.2.0 20051202 (experimental)
=== gfortran tests ===
Running target unix
=== gfortran Summary ===
# of expected passes 10763
# of expected failures 18
# of unsupported tests 16
/notnfs/dnovillo/sbox/gcc/bld.torquemada/gcc/testsuite/../gfortran version 4.2.0 20051202 (experimental)
=== objc tests ===
Running target unix
=== objc Summary ===
# of expected passes 1674
# of unsupported tests 22
/notnfs/dnovillo/sbox/gcc/bld.torquemada/gcc/xgcc version 4.2.0 20051202 (experimental)
=== libffi tests ===
Running target unix
=== libffi Summary ===
# of expected passes 228
# of unsupported tests 2
=== libjava tests ===
Running target unix
XPASS: Array_3 execution - bytecode->native test
XPASS: Array_3 -O3 execution - bytecode->native test
FAIL: LargeFile execution - source compiled test
FAIL: LargeFile execution - gij test
FAIL: LargeFile execution - bytecode->native test
FAIL: LargeFile -O3 execution - source compiled test
FAIL: LargeFile execution - gij test
FAIL: LargeFile -O3 execution - bytecode->native test
=== libjava Summary ===
# of expected passes 3979
# of unexpected failures 6
# of unexpected successes 2
# of expected failures 10
# of untested testcases 14
=== libmudflap tests ===
Running target unix
=== libmudflap Summary ===
# of expected passes 1789
=== libstdc++ tests ===
Running target unix
XPASS: 26_numerics/cmath/c99_classification_macros_c.cc (test for excess errors)
XPASS: 27_io/fpos/14320-1.cc execution test
=== libstdc++ Summary ===
# of expected passes 4018
# of unexpected successes 2
# of expected failures 11
# of unsupported tests 4
Compiler version: 4.2.0 20051202 (experimental)
Platform: x86_64-unknown-linux-gnu
configure flags: --prefix=/home/cygnus/dnovillo/perf/sbox/gcc/local.x86_64/inst.torquemada --srcdir=/home/cygnus/dnovillo/perf/sbox/gcc/local.x86_64/src --enable-mpfr --disable-multilib --enable-languages=c,c++,fortran,java,objc