This is the mail archive of the
gcc-testresults@gcc.gnu.org
mailing list for the GCC project.
Results for 4.1.0 20051129 (prerelease) testsuite on x86_64-suse-linux-gnu
- From: eric at linux dot site (Eric Botcazou)
- To: gcc-testresults at gcc dot gnu dot org
- Date: Wed, 30 Nov 2005 00:56:00 +0100
- Subject: Results for 4.1.0 20051129 (prerelease) testsuite on x86_64-suse-linux-gnu
LAST_UPDATED: Tue Nov 29 05:01:22 UTC 2005 (revision 107650)
=== acats tests ===
FAIL: cdd2a02
=== acats Summary ===
# of expected passes 2318
# of unexpected failures 1
Native configuration is x86_64-suse-linux-gnu
=== gcc tests ===
Running target unix
FAIL: tmpdir-gcc.dg-struct-layout-1/t026 c_compat_x_tst.o-c_compat_y_tst.o execute
FAIL: gcc.dg/vect/vect-62.c scan-tree-dump-times not vectorized: redundant loop. no profit to vectorize. 1
=== gcc Summary ===
# of expected passes 37691
# of unexpected failures 2
# of expected failures 96
# of untested testcases 28
# of unsupported tests 352
/home/eric/build/gcc-4_1-branch/native/gcc/xgcc version 4.1.0 20051129 (prerelease)
=== gfortran tests ===
Running target unix
=== gfortran Summary ===
# of expected passes 10736
# of expected failures 18
# of unsupported tests 16
/home/eric/build/gcc-4_1-branch/native/gcc/testsuite/../gfortran version 4.1.0 20051129 (prerelease)
=== g++ tests ===
Running target unix
XPASS: g++.dg/tree-ssa/pr14814.C scan-tree-dump-times &this 0
XPASS: g++.old-deja/g++.other/init5.C execution test
=== g++ Summary ===
# of expected passes 11577
# of unexpected successes 2
# of expected failures 65
# of unsupported tests 95
/home/eric/build/gcc-4_1-branch/native/gcc/testsuite/../g++ version 4.1.0 20051129 (prerelease)
=== obj-c++ tests ===
Running target unix
FAIL: obj-c++.dg/bitfield-1.mm (test for excess errors)
FAIL: obj-c++.dg/bitfield-4.mm (test for excess errors)
FAIL: obj-c++.dg/cxx-ivars-2.mm execution test
FAIL: obj-c++.dg/encode-3.mm execution test
FAIL: obj-c++.dg/encode-8.mm execution test
FAIL: obj-c++.dg/isa-field-1.mm (test for excess errors)
FAIL: obj-c++.dg/layout-1.mm (test for excess errors)
FAIL: obj-c++.dg/lookup-2.mm (test for excess errors)
WARNING: obj-c++.dg/lookup-2.mm compilation failed to produce executable
FAIL: obj-c++.dg/try-catch-2.mm (test for excess errors)
WARNING: obj-c++.dg/try-catch-2.mm compilation failed to produce executable
FAIL: obj-c++.dg/try-catch-9.mm (test for excess errors)
WARNING: obj-c++.dg/try-catch-9.mm compilation failed to produce executable
=== obj-c++ Summary ===
# of expected passes 419
# of unexpected failures 10
# of unsupported tests 13
/home/eric/build/gcc-4_1-branch/native/gcc/testsuite/../g++ version 4.1.0 20051129 (prerelease)
=== objc tests ===
Running target unix
=== objc Summary ===
# of expected passes 1672
# of unsupported tests 22
/home/eric/build/gcc-4_1-branch/native/gcc/xgcc version 4.1.0 20051129 (prerelease)
=== libffi tests ===
Running target unix
=== libffi Summary ===
# of expected passes 228
# of unsupported tests 2
=== libjava tests ===
Running target unix
=== libjava Summary ===
# of expected passes 3986
# of expected failures 10
# of untested testcases 8
=== libmudflap tests ===
Running target unix
=== libmudflap Summary ===
# of expected passes 1789
=== libstdc++ tests ===
Running target unix
XPASS: 26_numerics/cmath/c99_classification_macros_c.cc (test for excess errors)
XPASS: 27_io/fpos/14320-1.cc execution test
=== libstdc++ Summary ===
# of expected passes 4024
# of unexpected successes 2
# of expected failures 11
Compiler version: 4.1.0 20051129 (prerelease)
Platform: x86_64-suse-linux-gnu
configure flags: x86_64-suse-linux --prefix=/home/eric/install/gcc-4_1-branch --enable-__cxa_atexit --enable-languages=c,ada,c++,fortran,java,objc,obj-c++
BOOT_CFLAGS=-g -O2