This is the mail archive of the
gcc-testresults@gcc.gnu.org
mailing list for the GCC project.
Results for 4.2.0 20051128 (experimental) testsuite on x86_64-unknown-linux-gnu
- From: Toon Moene <toon at moene dot indiv dot nluug dot nl>
- To: gcc-testresults at gcc dot gnu dot org
- Date: Tue, 29 Nov 2005 07:50:30 +0100
- Subject: Results for 4.2.0 20051128 (experimental) testsuite on x86_64-unknown-linux-gnu
LAST_UPDATED: Mon Nov 28 21:45:08 UTC 2005 (revision 107623)
=== acats tests ===
FAIL: c52103x
FAIL: c52104x
FAIL: c52104y
FAIL: cdd2a02
=== acats Summary ===
# of expected passes 2315
# of unexpected failures 4
Native configuration is x86_64-unknown-linux-gnu
=== gcc tests ===
Running target unix
FAIL: tmpdir-gcc.dg-struct-layout-1/t026 c_compat_x_tst.o-c_compat_y_tst.o execute
WARNING: gcc.dg/torture/fp-int-convert-float128-timode.c -O0 compilation failed to produce executable
WARNING: gcc.dg/torture/fp-int-convert-float128-timode.c -O1 compilation failed to produce executable
WARNING: gcc.dg/torture/fp-int-convert-float128-timode.c -O2 compilation failed to produce executable
WARNING: gcc.dg/torture/fp-int-convert-float128-timode.c -O3 -fomit-frame-pointer compilation failed to produce executable
WARNING: gcc.dg/torture/fp-int-convert-float128-timode.c -O3 -g compilation failed to produce executable
WARNING: gcc.dg/torture/fp-int-convert-float128-timode.c -Os compilation failed to produce executable
WARNING: gcc.dg/torture/fp-int-convert-float128.c -O0 compilation failed to produce executable
WARNING: gcc.dg/torture/fp-int-convert-float128.c -O1 compilation failed to produce executable
WARNING: gcc.dg/torture/fp-int-convert-float128.c -O2 compilation failed to produce executable
WARNING: gcc.dg/torture/fp-int-convert-float128.c -O3 -fomit-frame-pointer compilation failed to produce executable
WARNING: gcc.dg/torture/fp-int-convert-float128.c -O3 -g compilation failed to produce executable
WARNING: gcc.dg/torture/fp-int-convert-float128.c -Os compilation failed to produce executable
FAIL: gcc.dg/vect/vect-62.c scan-tree-dump-times not vectorized: redundant loop. no profit to vectorize. 1
=== gcc Summary ===
# of expected passes 37830
# of unexpected failures 2
# of expected failures 113
# of untested testcases 28
# of unsupported tests 352
/home/toon/compilers/obj-t/gcc/xgcc version 4.2.0 20051128 (experimental)
=== gfortran tests ===
Running target unix
=== gfortran Summary ===
# of expected passes 10742
# of expected failures 18
# of unsupported tests 16
/home/toon/compilers/obj-t/gcc/testsuite/../gfortran version 4.2.0 20051128 (experimental)
=== g++ tests ===
Running target unix
XPASS: g++.dg/tree-ssa/pr14814.C scan-tree-dump-times &this 0
=== g++ Summary ===
# of expected passes 11601
# of unexpected successes 1
# of expected failures 66
# of unsupported tests 95
/home/toon/compilers/obj-t/gcc/testsuite/../g++ version 4.2.0 20051128 (experimental)
=== objc tests ===
Running target unix
=== objc Summary ===
# of expected passes 1674
# of unsupported tests 22
/home/toon/compilers/obj-t/gcc/xgcc version 4.2.0 20051128 (experimental)
=== libffi tests ===
Running target unix
=== libffi Summary ===
# of expected passes 228
# of unsupported tests 2
=== libjava tests ===
Running target unix
=== libjava Summary ===
# of expected passes 3986
# of expected failures 10
# of untested testcases 8
=== libmudflap tests ===
Running target unix
=== libmudflap Summary ===
# of expected passes 1789
=== libstdc++ tests ===
Running target unix
FAIL: abi_check
XPASS: 26_numerics/cmath/c99_classification_macros_c.cc (test for excess errors)
XPASS: 27_io/fpos/14320-1.cc execution test
=== libstdc++ Summary ===
# of expected passes 3387
# of unexpected failures 1
# of unexpected successes 2
# of expected failures 11
# of unsupported tests 319
Compiler version: 4.2.0 20051128 (experimental)
Platform: x86_64-unknown-linux-gnu
configure flags: --disable-nls --disable-multilib --prefix=/usr/snp --enable-languages=c,ada,c++,fortran,java,objc