This is the mail archive of the
gcc-testresults@gcc.gnu.org
mailing list for the GCC project.
Results for 4.2.0-dfp-branch 20051121 (merged 20051118) testsuite on powerpc64-unknown-linux-gnu
- From: Janis Johnson <janis187 at us dot ibm dot com>
- To: gcc-testresults at gcc dot gnu dot org
- Date: Mon, 21 Nov 2005 05:03:01 -0800
- Subject: Results for 4.2.0-dfp-branch 20051121 (merged 20051118) testsuite on powerpc64-unknown-linux-gnu
Linux 2.4.21-17.EL ppc64
GNU C Library stable release version 2.3.2
GNU ld version 2.16
GNU assembler 2.16
GNU Make version 3.79.1
DejaGnu:
Expect version is 5.40.0
Tcl version is 8.4
Framework version is 1.4.4
32-bit biarch default32
CVS branch: dfp-branch
This hardware does not support VMX instructions.
LAST_UPDATED: Mon Nov 21 07:51:49 UTC 2005 (revision )
Native configuration is powerpc64-unknown-linux-gnu
=== g++ tests ===
Running target unix/-m32
=== g++ Summary for unix/-m32 ===
# of expected passes 11686
# of expected failures 66
# of unsupported tests 89
Running target unix/-m64
=== g++ Summary for unix/-m64 ===
# of expected passes 11648
# of expected failures 66
# of unsupported tests 92
=== g++ Summary ===
# of expected passes 23334
# of expected failures 132
# of unsupported tests 181
/home/gccbuild/build/nightly/build-gcc-dfp/gcc/testsuite/../g++ version 4.2.0-dfp-branch 20051121 (merged 20051118)
=== gcc tests ===
Running target unix/-m32
FAIL: gcc.dg/dfp/inf-1.c (test for excess errors)
WARNING: gcc.dg/dfp/inf-1.c compilation failed to produce executable
FAIL: gcc.dg/nonnull-3.c null pointer check (test for warnings, line 80)
FAIL: gcc.dg/nonnull-3.c (test for excess errors)
FAIL: gcc.dg/vect/vect-62.c scan-tree-dump-times not vectorized: redundant loop. no profit to vectorize. 1
FAIL: gcc.dg/vmx/gcc-bug-b.c -O1 (test for excess errors)
FAIL: gcc.dg/vmx/gcc-bug-b.c -O2 (test for excess errors)
FAIL: gcc.dg/vmx/gcc-bug-b.c -O3 -fomit-frame-pointer (test for excess errors)
FAIL: gcc.dg/vmx/gcc-bug-b.c -O3 -g (test for excess errors)
FAIL: gcc.dg/vmx/gcc-bug-b.c -Os (test for excess errors)
FAIL: gcc.dg/vmx/ira2.c -O1 (test for excess errors)
FAIL: gcc.dg/vmx/ira2.c -O2 (test for excess errors)
FAIL: gcc.dg/vmx/ira2.c -O3 -fomit-frame-pointer (test for excess errors)
FAIL: gcc.dg/vmx/ira2.c -O3 -g (test for excess errors)
FAIL: gcc.dg/vmx/ira2.c -Os (test for excess errors)
FAIL: gcc.dg/vmx/ops.c -O1 (test for excess errors)
FAIL: gcc.dg/vmx/ops.c -O2 (test for excess errors)
FAIL: gcc.dg/vmx/ops.c -O3 -fomit-frame-pointer (test for excess errors)
FAIL: gcc.dg/vmx/ops.c -O3 -g (test for excess errors)
FAIL: gcc.dg/vmx/ops.c -Os (test for excess errors)
FAIL: gcc.target/powerpc/altivec-consts.c (test for excess errors)
WARNING: gcc.target/powerpc/altivec-consts.c compilation failed to produce executable
=== gcc Summary for unix/-m32 ===
# of expected passes 39606
# of unexpected failures 20
# of expected failures 95
# of untested testcases 28
# of unsupported tests 325
Running target unix/-m64
FAIL: gcc.c-torture/execute/20051113-1.c compilation, -O0
UNRESOLVED: gcc.c-torture/execute/20051113-1.c execution, -O0
FAIL: gcc.c-torture/execute/20051113-1.c compilation, -O1
UNRESOLVED: gcc.c-torture/execute/20051113-1.c execution, -O1
FAIL: gcc.c-torture/execute/20051113-1.c compilation, -O2
UNRESOLVED: gcc.c-torture/execute/20051113-1.c execution, -O2
FAIL: gcc.c-torture/execute/20051113-1.c compilation, -O3 -fomit-frame-pointer
UNRESOLVED: gcc.c-torture/execute/20051113-1.c execution, -O3 -fomit-frame-pointer
FAIL: gcc.c-torture/execute/20051113-1.c compilation, -O3 -fomit-frame-pointer -funroll-loops
UNRESOLVED: gcc.c-torture/execute/20051113-1.c execution, -O3 -fomit-frame-pointer -funroll-loops
FAIL: gcc.c-torture/execute/20051113-1.c compilation, -O3 -fomit-frame-pointer -funroll-all-loops -finline-functions
UNRESOLVED: gcc.c-torture/execute/20051113-1.c execution, -O3 -fomit-frame-pointer -funroll-all-loops -finline-functions
FAIL: gcc.c-torture/execute/20051113-1.c compilation, -O3 -g
UNRESOLVED: gcc.c-torture/execute/20051113-1.c execution, -O3 -g
FAIL: gcc.c-torture/execute/20051113-1.c compilation, -Os
UNRESOLVED: gcc.c-torture/execute/20051113-1.c execution, -Os
FAIL: gcc.dg/dfp/inf-1.c (test for excess errors)
WARNING: gcc.dg/dfp/inf-1.c compilation failed to produce executable
XPASS: gcc.dg/tree-ssa/sra-2.c scan-tree-dump-times link_error 0
FAIL: gcc.dg/vect/vect-62.c scan-tree-dump-times not vectorized: redundant loop. no profit to vectorize. 1
FAIL: gcc.dg/vmx/gcc-bug-b.c -O1 (test for excess errors)
FAIL: gcc.dg/vmx/gcc-bug-b.c -O2 (test for excess errors)
FAIL: gcc.dg/vmx/gcc-bug-b.c -O3 -fomit-frame-pointer (test for excess errors)
FAIL: gcc.dg/vmx/gcc-bug-b.c -O3 -g (test for excess errors)
FAIL: gcc.dg/vmx/gcc-bug-b.c -Os (test for excess errors)
FAIL: gcc.dg/vmx/ira2.c -O1 (test for excess errors)
FAIL: gcc.dg/vmx/ira2.c -O2 (test for excess errors)
FAIL: gcc.dg/vmx/ira2.c -O3 -fomit-frame-pointer (test for excess errors)
FAIL: gcc.dg/vmx/ira2.c -O3 -g (test for excess errors)
FAIL: gcc.dg/vmx/ira2.c -Os (test for excess errors)
FAIL: gcc.dg/vmx/ops.c -O1 (test for excess errors)
FAIL: gcc.dg/vmx/ops.c -O2 (test for excess errors)
FAIL: gcc.dg/vmx/ops.c -O3 -fomit-frame-pointer (test for excess errors)
FAIL: gcc.dg/vmx/ops.c -O3 -g (test for excess errors)
FAIL: gcc.dg/vmx/ops.c -Os (test for excess errors)
FAIL: gcc.target/powerpc/altivec-consts.c (test for excess errors)
WARNING: gcc.target/powerpc/altivec-consts.c compilation failed to produce executable
=== gcc Summary for unix/-m64 ===
# of expected passes 39600
# of unexpected failures 26
# of unexpected successes 1
# of expected failures 96
# of unresolved testcases 8
# of untested testcases 28
# of unsupported tests 323
=== gcc Summary ===
# of expected passes 79206
# of unexpected failures 46
# of unexpected successes 1
# of expected failures 191
# of unresolved testcases 8
# of untested testcases 56
# of unsupported tests 648
/home/gccbuild/build/nightly/build-gcc-dfp/gcc/xgcc version 4.2.0-dfp-branch 20051121 (merged 20051118)
=== gfortran tests ===
Running target unix/-m32
=== gfortran Summary for unix/-m32 ===
# of expected passes 10556
# of expected failures 15
# of unsupported tests 58
Running target unix/-m64
XPASS: gfortran.dg/csqrt_2.f -O1 execution test
XPASS: gfortran.dg/csqrt_2.f -O2 execution test
XPASS: gfortran.dg/csqrt_2.f -O3 -fomit-frame-pointer execution test
XPASS: gfortran.dg/csqrt_2.f -O3 -g execution test
XPASS: gfortran.dg/csqrt_2.f -Os execution test
FAIL: gfortran.dg/f2c_2.f90 -O0 execution test
FAIL: gfortran.dg/f2c_2.f90 -O1 execution test
FAIL: gfortran.dg/f2c_2.f90 -O2 execution test
FAIL: gfortran.dg/f2c_2.f90 -O3 -fomit-frame-pointer execution test
FAIL: gfortran.dg/f2c_2.f90 -O3 -fomit-frame-pointer -funroll-loops execution test
FAIL: gfortran.dg/f2c_2.f90 -O3 -fomit-frame-pointer -funroll-all-loops -finline-functions execution test
FAIL: gfortran.dg/f2c_2.f90 -O3 -g execution test
FAIL: gfortran.dg/f2c_2.f90 -Os execution test
FAIL: gfortran.dg/g77/cabs.f -O0 execution test
FAIL: gfortran.dg/g77/cabs.f -O1 execution test
FAIL: gfortran.dg/g77/cabs.f -O2 execution test
FAIL: gfortran.dg/g77/cabs.f -O3 -fomit-frame-pointer execution test
FAIL: gfortran.dg/g77/cabs.f -O3 -fomit-frame-pointer -funroll-loops execution test
FAIL: gfortran.dg/g77/cabs.f -O3 -fomit-frame-pointer -funroll-all-loops -finline-functions execution test
FAIL: gfortran.dg/g77/cabs.f -O3 -g execution test
FAIL: gfortran.dg/g77/cabs.f -Os execution test
FAIL: gfortran.fortran-torture/execute/intrinsic_abs.f90 execution, -O0
FAIL: gfortran.fortran-torture/execute/intrinsic_abs.f90 execution, -O1
FAIL: gfortran.fortran-torture/execute/intrinsic_abs.f90 execution, -O2
FAIL: gfortran.fortran-torture/execute/intrinsic_abs.f90 execution, -O3 -fomit-frame-pointer
FAIL: gfortran.fortran-torture/execute/intrinsic_abs.f90 execution, -O3 -fomit-frame-pointer -funroll-loops
FAIL: gfortran.fortran-torture/execute/intrinsic_abs.f90 execution, -O3 -fomit-frame-pointer -funroll-all-loops -finline-functions
FAIL: gfortran.fortran-torture/execute/intrinsic_abs.f90 execution, -O3 -g
FAIL: gfortran.fortran-torture/execute/intrinsic_abs.f90 execution, -Os
FAIL: gfortran.fortran-torture/execute/power.f90 execution, -O0
FAIL: gfortran.fortran-torture/execute/power.f90 execution, -O1
FAIL: gfortran.fortran-torture/execute/power.f90 execution, -O2
FAIL: gfortran.fortran-torture/execute/power.f90 execution, -O3 -fomit-frame-pointer
FAIL: gfortran.fortran-torture/execute/power.f90 execution, -O3 -fomit-frame-pointer -funroll-loops
FAIL: gfortran.fortran-torture/execute/power.f90 execution, -O3 -fomit-frame-pointer -funroll-all-loops -finline-functions
FAIL: gfortran.fortran-torture/execute/power.f90 execution, -O3 -g
FAIL: gfortran.fortran-torture/execute/power.f90 execution, -Os
=== gfortran Summary for unix/-m64 ===
# of expected passes 10553
# of unexpected failures 32
# of unexpected successes 5
# of expected failures 13
# of unsupported tests 42
=== gfortran Summary ===
# of expected passes 21109
# of unexpected failures 32
# of unexpected successes 5
# of expected failures 28
# of unsupported tests 100
/home/gccbuild/build/nightly/build-gcc-dfp/gcc/testsuite/../gfortran version 4.2.0-dfp-branch 20051121 (merged 20051118)
=== objc tests ===
Running target unix/-m32
=== objc Summary for unix/-m32 ===
# of expected passes 1672
# of unsupported tests 22
Running target unix/-m64
=== objc Summary for unix/-m64 ===
# of expected passes 1672
# of unsupported tests 22
=== objc Summary ===
# of expected passes 3344
# of unsupported tests 44
/home/gccbuild/build/nightly/build-gcc-dfp/gcc/xgcc version 4.2.0-dfp-branch 20051121 (merged 20051118)
=== libffi tests ===
Running target unix/-m32
=== libffi Summary for unix/-m32 ===
# of expected passes 228
# of unsupported tests 2
Running target unix/-m64
=== libffi Summary for unix/-m64 ===
# of expected passes 228
# of unsupported tests 2
=== libffi Summary ===
# of expected passes 456
# of unsupported tests 4
=== libjava tests ===
Running target unix/-m32
=== libjava Summary for unix/-m32 ===
# of expected passes 3986
# of expected failures 10
# of untested testcases 8
Running target unix/-m64
FAIL: Array_3 -O3 execution - bytecode->native test
FAIL: ExtraClassLoader execution - gij test
FAIL: ExtraClassLoader execution - gij test
=== libjava Summary for unix/-m64 ===
# of expected passes 3980
# of unexpected failures 3
# of expected failures 10
# of untested testcases 11
=== libjava Summary ===
# of expected passes 7966
# of unexpected failures 3
# of expected failures 20
# of untested testcases 19
=== libmudflap tests ===
Running target unix/-m32
=== libmudflap Summary for unix/-m32 ===
# of expected passes 1789
Running target unix/-m64
FAIL: libmudflap.c/fail27-frag.c output pattern test
FAIL: libmudflap.c/fail27-frag.c (-O2) output pattern test
FAIL: libmudflap.c/fail27-frag.c (-O3) output pattern test
=== libmudflap Summary for unix/-m64 ===
# of expected passes 1786
# of unexpected failures 3
=== libmudflap Summary ===
# of expected passes 3575
# of unexpected failures 3
=== libstdc++ tests ===
Running target unix/-m32
FAIL: abi_check
XPASS: 26_numerics/cmath/c99_classification_macros_c.cc (test for excess errors)
XPASS: ext/array_allocator/2.cc execution test
=== libstdc++ Summary for unix/-m32 ===
# of expected passes 4022
# of unexpected failures 1
# of unexpected successes 2
# of expected failures 12
Running target unix/-m64
FAIL: abi_check
FAIL: 22_locale/messages/members/char/1.cc execution test
FAIL: 22_locale/messages/members/char/2.cc execution test
FAIL: 22_locale/messages/members/char/wrapped_env.cc execution test
FAIL: 22_locale/messages/members/char/wrapped_locale.cc execution test
FAIL: 22_locale/messages_byname/named_equivalence.cc execution test
XPASS: 26_numerics/cmath/c99_classification_macros_c.cc (test for excess errors)
XPASS: 27_io/fpos/14320-1.cc execution test
XPASS: ext/array_allocator/2.cc execution test
=== libstdc++ Summary for unix/-m64 ===
# of expected passes 4014
# of unexpected failures 6
# of unexpected successes 3
# of expected failures 14
=== libstdc++ Summary ===
# of expected passes 8036
# of unexpected failures 7
# of unexpected successes 5
# of expected failures 26
Compiler version: 4.2.0-dfp-branch 20051121 (merged 20051118)
Platform: powerpc64-unknown-linux-gnu
configure flags: --prefix=/opt/gcc-nightly/dfp-20051121 --build=powerpc64-linux --host=powerpc64-linux --target=powerpc64-linux --with-cpu=default32 --with-as=/opt/gcc-nightly/dfp-20051121/bin/as --with-ld=/opt/gcc-nightly/dfp-20051121/bin/ld --enable-threads=posix --enable-shared --enable-__cxa_atexit --enable-checking --with-mpfr=/opt/gcc-nightly/dfp-20051121 --enable-languages=c,c++,fortran,java,objc