This is the mail archive of the
gcc-testresults@gcc.gnu.org
mailing list for the GCC project.
Results for 4.1.0 20051118 (experimental) testsuite on i686-pc-linux-gnu
- From: Chris Douty <Chris_Douty at ampex dot com>
- To: gcc-testresults at gcc dot gnu dot org
- Date: Fri, 18 Nov 2005 17:09:16 -0800
- Subject: Results for 4.1.0 20051118 (experimental) testsuite on i686-pc-linux-gnu
Something just broke a bunch of Ada tests...
LAST_UPDATED: Fri Nov 18 18:09:51 UTC 2005 (revision 107187)
=== acats tests ===
FAIL: a26007a
FAIL: ad8011a
FAIL: c23003a
FAIL: c23003b
FAIL: c23003g
FAIL: c23003i
FAIL: c32001e
FAIL: c35502d
FAIL: c35502f
FAIL: c35503d
FAIL: c35503f
FAIL: c45231d
FAIL: c4a007a
FAIL: c52103x
FAIL: c52104x
FAIL: c52104y
FAIL: c64105b
FAIL: c87b62d
FAIL: c95086b
FAIL: c96005b
FAIL: ca11c01
FAIL: cc1225a
FAIL: cd10001
FAIL: cd1009k
FAIL: cd1009t
FAIL: cd1009u
FAIL: cd1c03e
FAIL: cd1c06a
FAIL: cd2a83c
FAIL: cd2a91c
FAIL: cd2c11a
FAIL: cd2c11d
FAIL: cd30001
FAIL: cd4041a
FAIL: cd5003a
FAIL: cd5003b
FAIL: cd5003c
FAIL: cd5003d
FAIL: cd5003e
FAIL: cd5003f
FAIL: cd5003g
FAIL: cd5003h
FAIL: cd5003i
FAIL: cd5011a
FAIL: cd5011c
FAIL: cd5011e
FAIL: cd5011g
FAIL: cd5011i
FAIL: cd5011k
FAIL: cd5011m
FAIL: cd5011q
FAIL: cd5011s
FAIL: cd5012a
FAIL: cd5012b
FAIL: cd5012e
FAIL: cd5012f
FAIL: cd5012i
FAIL: cd5012m
FAIL: cd5013a
FAIL: cd5013c
FAIL: cd5013e
FAIL: cd5013g
FAIL: cd5013i
FAIL: cd5013k
FAIL: cd5013m
FAIL: cd5013o
FAIL: cd5014a
FAIL: cd5014c
FAIL: cd5014e
FAIL: cd5014g
FAIL: cd5014i
FAIL: cd5014k
FAIL: cd5014m
FAIL: cd5014o
FAIL: cd5014t
FAIL: cd5014v
FAIL: cd5014x
FAIL: cd5014y
FAIL: cd5014z
FAIL: cd7101g
FAIL: cdd2a02
FAIL: ce2102c
FAIL: ce2102h
FAIL: ce2103a
FAIL: ce2103b
FAIL: ce2203a
FAIL: ce2403a
FAIL: ce3002b
FAIL: ce3002c
FAIL: ce3102b
FAIL: ce3107a
FAIL: ce3304a
=== acats Summary ===
# of expected passes 2227
# of unexpected failures 92
Native configuration is i686-pc-linux-gnu
=== gcc tests ===
Running target unix
WARNING: program timed out.
FAIL: gcc.c-torture/compile/20001226-1.c -O0 (test for excess errors)
FAIL: gcc.dg/vect/vect-62.c scan-tree-dump-times not vectorized:
redundant loop. no profit to vectorize. 1
=== gcc Summary ===
# of expected passes 37824
# of unexpected failures 2
# of expected failures 97
# of untested testcases 28
# of unsupported tests 251
/localhome/cdouty/src/gcc-stuff/i686-pc-linux-gnu-head/gcc/xgcc
version 4.1.0 20051118 (experimental)
=== gfortran tests ===
Running target unix
=== gfortran Summary ===
# of expected passes 10627
# of expected failures 15
# of unsupported tests 16
/localhome/cdouty/src/gcc-stuff/i686-pc-linux-gnu-head/gcc/
testsuite/../gfortran version 4.1.0 20051118 (experimental)
=== g++ tests ===
Running target unix
XPASS: g++.old-deja/g++.other/init5.C execution test
=== g++ Summary ===
# of expected passes 11663
# of unexpected successes 1
# of expected failures 66
# of unsupported tests 64
/localhome/cdouty/src/gcc-stuff/i686-pc-linux-gnu-head/gcc/
testsuite/../g++ version 4.1.0 20051118 (experimental)
=== obj-c++ tests ===
Running target unix
FAIL: obj-c++.dg/comp-types-10.mm (test for excess errors)
FAIL: obj-c++.dg/cxx-ivars-2.mm execution test
FAIL: obj-c++.dg/encode-8.mm execution test
FAIL: obj-c++.dg/isa-field-1.mm (test for excess errors)
FAIL: obj-c++.dg/lookup-2.mm (test for excess errors)
WARNING: obj-c++.dg/lookup-2.mm compilation failed to produce executable
FAIL: obj-c++.dg/try-catch-2.mm (test for excess errors)
WARNING: obj-c++.dg/try-catch-2.mm compilation failed to produce
executable
FAIL: obj-c++.dg/try-catch-9.mm (test for excess errors)
WARNING: obj-c++.dg/try-catch-9.mm compilation failed to produce
executable
=== obj-c++ Summary ===
# of expected passes 422
# of unexpected failures 7
# of unsupported tests 13
/localhome/cdouty/src/gcc-stuff/i686-pc-linux-gnu-head/gcc/
testsuite/../g++ version 4.1.0 20051118 (experimental)
=== objc tests ===
Running target unix
=== objc Summary ===
# of expected passes 1672
# of unsupported tests 22
/localhome/cdouty/src/gcc-stuff/i686-pc-linux-gnu-head/gcc/xgcc
version 4.1.0 20051118 (experimental)
=== libffi tests ===
Running target unix
=== libffi Summary ===
# of expected passes 228
# of unsupported tests 2
=== libjava tests ===
Running target unix
=== libjava Summary ===
# of expected passes 3986
# of expected failures 10
# of untested testcases 8
=== libmudflap tests ===
Running target unix
FAIL: libmudflap.cth/pass37-frag.c (-static -DSTATIC) execution test
FAIL: libmudflap.cth/pass37-frag.c (-static -DSTATIC) output pattern
test
FAIL: libmudflap.cth/pass37-frag.c (-static -DSTATIC) (rerun 1)
execution test
FAIL: libmudflap.cth/pass37-frag.c (-static -DSTATIC) (rerun 1)
output pattern test
FAIL: libmudflap.cth/pass37-frag.c (-static -DSTATIC) (rerun 2)
execution test
FAIL: libmudflap.cth/pass37-frag.c (-static -DSTATIC) (rerun 2)
output pattern test
FAIL: libmudflap.cth/pass37-frag.c (-static -DSTATIC) (rerun 3)
execution test
FAIL: libmudflap.cth/pass37-frag.c (-static -DSTATIC) (rerun 3)
output pattern test
FAIL: libmudflap.cth/pass37-frag.c (-static -DSTATIC) (rerun 4)
execution test
FAIL: libmudflap.cth/pass37-frag.c (-static -DSTATIC) (rerun 4)
output pattern test
FAIL: libmudflap.cth/pass37-frag.c (-static -DSTATIC) (rerun 5)
execution test
FAIL: libmudflap.cth/pass37-frag.c (-static -DSTATIC) (rerun 5)
output pattern test
FAIL: libmudflap.cth/pass37-frag.c (-static -DSTATIC) (rerun 6)
execution test
FAIL: libmudflap.cth/pass37-frag.c (-static -DSTATIC) (rerun 6)
output pattern test
FAIL: libmudflap.cth/pass37-frag.c (-static -DSTATIC) (rerun 7)
execution test
FAIL: libmudflap.cth/pass37-frag.c (-static -DSTATIC) (rerun 7)
output pattern test
FAIL: libmudflap.cth/pass37-frag.c (-static -DSTATIC) (rerun 8)
execution test
FAIL: libmudflap.cth/pass37-frag.c (-static -DSTATIC) (rerun 8)
output pattern test
FAIL: libmudflap.cth/pass37-frag.c (-static -DSTATIC) (rerun 9)
execution test
FAIL: libmudflap.cth/pass37-frag.c (-static -DSTATIC) (rerun 9)
output pattern test
FAIL: libmudflap.cth/pass37-frag.c (-static -DSTATIC) (rerun 10)
execution test
FAIL: libmudflap.cth/pass37-frag.c (-static -DSTATIC) (rerun 10)
output pattern test
FAIL: libmudflap.cth/pass37-frag.c (-static -DSTATIC) (rerun 11)
execution test
FAIL: libmudflap.cth/pass37-frag.c (-static -DSTATIC) (rerun 11)
output pattern test
FAIL: libmudflap.cth/pass37-frag.c (-static -DSTATIC) (rerun 12)
execution test
FAIL: libmudflap.cth/pass37-frag.c (-static -DSTATIC) (rerun 12)
output pattern test
FAIL: libmudflap.cth/pass37-frag.c (-static -DSTATIC) (rerun 13)
execution test
FAIL: libmudflap.cth/pass37-frag.c (-static -DSTATIC) (rerun 13)
output pattern test
FAIL: libmudflap.cth/pass37-frag.c (-static -DSTATIC) (rerun 14)
execution test
FAIL: libmudflap.cth/pass37-frag.c (-static -DSTATIC) (rerun 14)
output pattern test
FAIL: libmudflap.cth/pass37-frag.c (-static -DSTATIC) (rerun 15)
execution test
FAIL: libmudflap.cth/pass37-frag.c (-static -DSTATIC) (rerun 15)
output pattern test
FAIL: libmudflap.cth/pass37-frag.c (-static -DSTATIC) (rerun 16)
execution test
FAIL: libmudflap.cth/pass37-frag.c (-static -DSTATIC) (rerun 16)
output pattern test
FAIL: libmudflap.cth/pass37-frag.c (-static -DSTATIC) (rerun 17)
execution test
FAIL: libmudflap.cth/pass37-frag.c (-static -DSTATIC) (rerun 17)
output pattern test
FAIL: libmudflap.cth/pass37-frag.c (-static -DSTATIC) (rerun 18)
execution test
FAIL: libmudflap.cth/pass37-frag.c (-static -DSTATIC) (rerun 18)
output pattern test
FAIL: libmudflap.cth/pass37-frag.c (-static -DSTATIC) (rerun 19)
execution test
FAIL: libmudflap.cth/pass37-frag.c (-static -DSTATIC) (rerun 19)
output pattern test
FAIL: libmudflap.cth/pass39-frag.c (-static -DSTATIC) execution test
FAIL: libmudflap.cth/pass39-frag.c (-static -DSTATIC) output pattern
test
FAIL: libmudflap.cth/pass39-frag.c (-static -DSTATIC) (rerun 1)
execution test
FAIL: libmudflap.cth/pass39-frag.c (-static -DSTATIC) (rerun 1)
output pattern test
FAIL: libmudflap.cth/pass39-frag.c (-static -DSTATIC) (rerun 2)
execution test
FAIL: libmudflap.cth/pass39-frag.c (-static -DSTATIC) (rerun 2)
output pattern test
FAIL: libmudflap.cth/pass39-frag.c (-static -DSTATIC) (rerun 3)
execution test
FAIL: libmudflap.cth/pass39-frag.c (-static -DSTATIC) (rerun 3)
output pattern test
FAIL: libmudflap.cth/pass39-frag.c (-static -DSTATIC) (rerun 4)
execution test
FAIL: libmudflap.cth/pass39-frag.c (-static -DSTATIC) (rerun 4)
output pattern test
FAIL: libmudflap.cth/pass39-frag.c (-static -DSTATIC) (rerun 5)
execution test
FAIL: libmudflap.cth/pass39-frag.c (-static -DSTATIC) (rerun 5)
output pattern test
FAIL: libmudflap.cth/pass39-frag.c (-static -DSTATIC) (rerun 6)
execution test
FAIL: libmudflap.cth/pass39-frag.c (-static -DSTATIC) (rerun 6)
output pattern test
FAIL: libmudflap.cth/pass39-frag.c (-static -DSTATIC) (rerun 7)
execution test
FAIL: libmudflap.cth/pass39-frag.c (-static -DSTATIC) (rerun 7)
output pattern test
FAIL: libmudflap.cth/pass39-frag.c (-static -DSTATIC) (rerun 8)
execution test
FAIL: libmudflap.cth/pass39-frag.c (-static -DSTATIC) (rerun 8)
output pattern test
FAIL: libmudflap.cth/pass39-frag.c (-static -DSTATIC) (rerun 9)
execution test
FAIL: libmudflap.cth/pass39-frag.c (-static -DSTATIC) (rerun 9)
output pattern test
FAIL: libmudflap.cth/pass39-frag.c (-static -DSTATIC) (rerun 10)
execution test
FAIL: libmudflap.cth/pass39-frag.c (-static -DSTATIC) (rerun 10)
output pattern test
FAIL: libmudflap.cth/pass39-frag.c (-static -DSTATIC) (rerun 11)
execution test
FAIL: libmudflap.cth/pass39-frag.c (-static -DSTATIC) (rerun 11)
output pattern test
FAIL: libmudflap.cth/pass39-frag.c (-static -DSTATIC) (rerun 12)
execution test
FAIL: libmudflap.cth/pass39-frag.c (-static -DSTATIC) (rerun 12)
output pattern test
FAIL: libmudflap.cth/pass39-frag.c (-static -DSTATIC) (rerun 13)
execution test
FAIL: libmudflap.cth/pass39-frag.c (-static -DSTATIC) (rerun 13)
output pattern test
FAIL: libmudflap.cth/pass39-frag.c (-static -DSTATIC) (rerun 14)
execution test
FAIL: libmudflap.cth/pass39-frag.c (-static -DSTATIC) (rerun 14)
output pattern test
FAIL: libmudflap.cth/pass39-frag.c (-static -DSTATIC) (rerun 15)
execution test
FAIL: libmudflap.cth/pass39-frag.c (-static -DSTATIC) (rerun 15)
output pattern test
FAIL: libmudflap.cth/pass39-frag.c (-static -DSTATIC) (rerun 16)
execution test
FAIL: libmudflap.cth/pass39-frag.c (-static -DSTATIC) (rerun 16)
output pattern test
FAIL: libmudflap.cth/pass39-frag.c (-static -DSTATIC) (rerun 17)
execution test
FAIL: libmudflap.cth/pass39-frag.c (-static -DSTATIC) (rerun 17)
output pattern test
FAIL: libmudflap.cth/pass39-frag.c (-static -DSTATIC) (rerun 18)
execution test
FAIL: libmudflap.cth/pass39-frag.c (-static -DSTATIC) (rerun 18)
output pattern test
FAIL: libmudflap.cth/pass39-frag.c (-static -DSTATIC) (rerun 19)
execution test
FAIL: libmudflap.cth/pass39-frag.c (-static -DSTATIC) (rerun 19)
output pattern test
FAIL: libmudflap.cth/pass40-frag.c (-static -DSTATIC) execution test
FAIL: libmudflap.cth/pass40-frag.c (-static -DSTATIC) output pattern
test
=== libmudflap Summary ===
# of expected passes 1707
# of unexpected failures 82
=== libstdc++ tests ===
Running target unix
XPASS: 26_numerics/cmath/c99_classification_macros_c.cc (test for
excess errors)
=== libstdc++ Summary ===
# of expected passes 4024
# of unexpected successes 1
# of expected failures 12
Compiler version: 4.1.0 20051118 (experimental)
Platform: i686-pc-linux-gnu
configure flags: --prefix=/opt/gcc410 --enable-shared --enable-
threads=posix --enable-__cxa_atexit --enable-languages=c,ada,c+
+,fortran,java,objc,obj-c++
--
Christopher Douty <Chris_Douty@ampexdata.com> +1-650-367-3129
Senior Engineer, Software & Systems - AMPEX Data Systems Corp.