This is the mail archive of the
gcc-testresults@gcc.gnu.org
mailing list for the GCC project.
Results for 4.1.0-gomp-20050608-branch 20051113 (experimental) (merged 20051113) testsuite on x86_64-unknown-linux-gnu
- From: Diego Novillo <dnovillo at redhat dot com>
- To: gcc-testresults at gcc dot gnu dot org
- Date: Fri, 18 Nov 2005 02:53:54 -0500
- Subject: Results for 4.1.0-gomp-20050608-branch 20051113 (experimental) (merged 20051113) testsuite on x86_64-unknown-linux-gnu
LAST_UPDATED:
Native configuration is x86_64-unknown-linux-gnu
=== g++ tests ===
Running target unix
FAIL: g++.dg/gomp/atomic-1.C (test for excess errors)
FAIL: g++.dg/gomp/atomic-2.C (test for excess errors)
FAIL: g++.dg/gomp/atomic-3.C (test for excess errors)
FAIL: g++.dg/gomp/atomic-4.C (test for excess errors)
FAIL: g++.dg/gomp/atomic-6.C (test for excess errors)
FAIL: g++.dg/gomp/atomic-7.C (test for excess errors)
FAIL: g++.dg/gomp/atomic-8.C (test for excess errors)
FAIL: g++.dg/gomp/atomic-9.C (test for excess errors)
FAIL: g++.dg/gomp/barrier-1.C (test for excess errors)
FAIL: g++.dg/gomp/block-0.C (test for excess errors)
FAIL: g++.dg/gomp/block-11.C (test for excess errors)
FAIL: g++.dg/gomp/critical-1.C (test for excess errors)
FAIL: g++.dg/gomp/flush-1.C (test for excess errors)
FAIL: g++.dg/gomp/for-10.C (test for excess errors)
FAIL: g++.dg/gomp/for-12.C (test for excess errors)
FAIL: g++.dg/gomp/for-13.C (test for excess errors)
FAIL: g++.dg/gomp/for-14.C (test for excess errors)
FAIL: g++.dg/gomp/for-15.C (test for excess errors)
FAIL: g++.dg/gomp/for-17.C (test for excess errors)
FAIL: g++.dg/gomp/for-18.C (test for excess errors)
FAIL: g++.dg/gomp/for-4.C (test for excess errors)
FAIL: g++.dg/gomp/for-5.C (test for excess errors)
FAIL: g++.dg/gomp/for-6.C (test for excess errors)
FAIL: g++.dg/gomp/for-7.C (test for excess errors)
FAIL: g++.dg/gomp/for-8.C (test for excess errors)
FAIL: g++.dg/gomp/for-9.C (test for excess errors)
FAIL: g++.dg/gomp/macro-1.C (test for excess errors)
FAIL: g++.dg/gomp/macro-2.C (test for excess errors)
FAIL: g++.dg/gomp/master-1.C (test for excess errors)
FAIL: g++.dg/gomp/master-3.C (test for excess errors)
FAIL: g++.dg/gomp/method-1.C (test for excess errors)
FAIL: g++.dg/gomp/ordered-1.C (test for excess errors)
FAIL: g++.dg/gomp/parallel-1.C (test for excess errors)
FAIL: g++.dg/gomp/parallel-3.C (test for excess errors)
FAIL: g++.dg/gomp/sections-1.C (test for excess errors)
FAIL: g++.dg/gomp/tpl-atomic-1.C (test for excess errors)
FAIL: g++.dg/gomp/tpl-barrier-1.C (test for excess errors)
FAIL: g++.dg/gomp/tpl-for-1.C (test for excess errors)
FAIL: g++.dg/gomp/tpl-for-2.C (test for excess errors)
FAIL: g++.dg/gomp/tpl-for-3.C (test for excess errors)
FAIL: g++.dg/gomp/tpl-master-1.C (test for excess errors)
FAIL: g++.dg/gomp/tpl-parallel-1.C (test for excess errors)
=== g++ Summary ===
# of expected passes 11800
# of unexpected failures 42
# of expected failures 68
# of unsupported tests 94
/notnfs/dnovillo/sbox/gomp/bld.torquemada/gcc/testsuite/../g++ version 4.1.0-gomp-20050608-branch 20051113 (experimental) (merged 20051113)
=== gcc tests ===
Running target unix
FAIL: tmpdir-gcc.dg-struct-layout-1/t026 c_compat_x_tst.o-c_compat_y_tst.o execute
FAIL: gcc.dg/gomp/appendix-a/a.1.1.c (test for excess errors)
FAIL: gcc.dg/gomp/appendix-a/a.10.1.c (test for excess errors)
FAIL: gcc.dg/gomp/appendix-a/a.12.1.c (test for excess errors)
FAIL: gcc.dg/gomp/appendix-a/a.13.1.c (test for excess errors)
FAIL: gcc.dg/gomp/appendix-a/a.14.1.c (test for excess errors)
FAIL: gcc.dg/gomp/appendix-a/a.17.1.c (test for excess errors)
FAIL: gcc.dg/gomp/appendix-a/a.17.2.c (test for excess errors)
FAIL: gcc.dg/gomp/appendix-a/a.20.2.c (test for excess errors)
FAIL: gcc.dg/gomp/appendix-a/a.21.2.c (test for excess errors)
FAIL: gcc.dg/gomp/appendix-a/a.21.3.c (test for excess errors)
FAIL: gcc.dg/gomp/appendix-a/a.22.1.c (test for excess errors)
FAIL: gcc.dg/gomp/appendix-a/a.22.2.c (test for excess errors)
FAIL: gcc.dg/gomp/appendix-a/a.26.2.c (test for excess errors)
FAIL: gcc.dg/gomp/appendix-a/a.27.1.c (test for excess errors)
FAIL: gcc.dg/gomp/appendix-a/a.30.1.c (test for excess errors)
FAIL: gcc.dg/gomp/appendix-a/a.31.1.c (test for excess errors)
FAIL: gcc.dg/gomp/appendix-a/a.31.2.c (test for excess errors)
FAIL: gcc.dg/gomp/appendix-a/a.32.1.c (test for excess errors)
FAIL: gcc.dg/gomp/appendix-a/a.33.1.c (test for excess errors)
FAIL: gcc.dg/gomp/appendix-a/a.33.2.c (test for excess errors)
FAIL: gcc.dg/gomp/appendix-a/a.34.1.c (test for excess errors)
FAIL: gcc.dg/gomp/appendix-a/a.34.2.c (test for excess errors)
FAIL: gcc.dg/gomp/appendix-a/a.35.1.c (test for excess errors)
FAIL: gcc.dg/gomp/appendix-a/a.35.2.c (test for excess errors)
FAIL: gcc.dg/gomp/appendix-a/a.35.3.c (test for excess errors)
FAIL: gcc.dg/gomp/appendix-a/a.35.4.c (test for excess errors)
FAIL: gcc.dg/gomp/appendix-a/a.35.5.c (test for excess errors)
FAIL: gcc.dg/gomp/appendix-a/a.35.6.c (test for excess errors)
FAIL: gcc.dg/gomp/appendix-a/a.37.1.c (test for excess errors)
FAIL: gcc.dg/gomp/appendix-a/a.37.2.c (test for excess errors)
FAIL: gcc.dg/gomp/appendix-a/a.8.1.c (test for excess errors)
FAIL: gcc.dg/gomp/appendix-a/a.9.1.c (test for excess errors)
FAIL: gcc.dg/gomp/atomic-1.c (test for excess errors)
FAIL: gcc.dg/gomp/atomic-2.c (test for excess errors)
FAIL: gcc.dg/gomp/atomic-3.c (test for excess errors)
FAIL: gcc.dg/gomp/atomic-4.c (test for excess errors)
FAIL: gcc.dg/gomp/atomic-6.c (test for excess errors)
FAIL: gcc.dg/gomp/atomic-7.c (test for excess errors)
FAIL: gcc.dg/gomp/atomic-8.c (test for excess errors)
FAIL: gcc.dg/gomp/atomic-9.c (test for excess errors)
FAIL: gcc.dg/gomp/barrier-1.c (test for excess errors)
FAIL: gcc.dg/gomp/block-11.c (test for excess errors)
FAIL: gcc.dg/gomp/critical-1.c (test for excess errors)
FAIL: gcc.dg/gomp/critical-3.c (test for excess errors)
FAIL: gcc.dg/gomp/empty.c (test for excess errors)
FAIL: gcc.dg/gomp/flush-1.c (test for excess errors)
FAIL: gcc.dg/gomp/for-10.c (test for excess errors)
FAIL: gcc.dg/gomp/for-12.c (test for excess errors)
FAIL: gcc.dg/gomp/for-13.c (test for excess errors)
FAIL: gcc.dg/gomp/for-14.c (test for excess errors)
FAIL: gcc.dg/gomp/for-15.c (test for excess errors)
FAIL: gcc.dg/gomp/for-16.c (test for excess errors)
FAIL: gcc.dg/gomp/for-17.c (test for excess errors)
FAIL: gcc.dg/gomp/for-18.c (test for excess errors)
FAIL: gcc.dg/gomp/for-19.c (test for excess errors)
FAIL: gcc.dg/gomp/for-4.c (test for excess errors)
FAIL: gcc.dg/gomp/for-5.c (test for excess errors)
FAIL: gcc.dg/gomp/for-6.c (test for excess errors)
FAIL: gcc.dg/gomp/for-7.c (test for excess errors)
FAIL: gcc.dg/gomp/for-8.c (test for excess errors)
FAIL: gcc.dg/gomp/for-9.c (test for excess errors)
FAIL: gcc.dg/gomp/macro-1.c (test for excess errors)
FAIL: gcc.dg/gomp/macro-2.c (test for excess errors)
FAIL: gcc.dg/gomp/master-1.c (test for excess errors)
FAIL: gcc.dg/gomp/master-3.c (test for excess errors)
FAIL: gcc.dg/gomp/num-threads-1.c (test for excess errors)
FAIL: gcc.dg/gomp/ordered-1.c (test for excess errors)
FAIL: gcc.dg/gomp/parallel-1.c (test for excess errors)
FAIL: gcc.dg/gomp/parallel-3.c (test for excess errors)
FAIL: gcc.dg/gomp/sections-1.c (test for excess errors)
FAIL: gcc.dg/gomp/sharing-2.c (test for excess errors)
FAIL: gcc.dg/gomp/sharing-3.c (test for excess errors)
FAIL: gcc.dg/gomp/uninit-1.c (test for excess errors)
FAIL: gcc.dg/gomp/vla-2.c (test for excess errors)
FAIL: gcc.dg/gomp/vla-3.c (test for excess errors)
FAIL: gcc.dg/gomp/vla-4.c (test for excess errors)
FAIL: gcc.dg/gomp/vla-5.c (test for excess errors)
FAIL: gcc.dg/ipa/ipa-1.c (test for excess errors)
FAIL: gcc.dg/ipa/ipa-2.c (test for excess errors)
FAIL: gcc.dg/ipa/ipa-3.c (test for excess errors)
FAIL: gcc.dg/ipa/ipa-4.c (test for excess errors)
FAIL: gcc.dg/ipa/ipa-5.c (test for excess errors)
=== gcc Summary ===
# of expected passes 37847
# of unexpected failures 83
# of expected failures 95
# of untested testcases 28
# of unsupported tests 369
/notnfs/dnovillo/sbox/gomp/bld.torquemada/gcc/xgcc version 4.1.0-gomp-20050608-branch 20051113 (experimental) (merged 20051113)
=== gfortran tests ===
Running target unix
FAIL: gfortran.dg/gomp/appendix-a/a.1.1.f90 -O (test for excess errors)
FAIL: gfortran.dg/gomp/appendix-a/a.11.1.f90 -O (test for excess errors)
FAIL: gfortran.dg/gomp/appendix-a/a.11.2.f90 -O (test for excess errors)
FAIL: gfortran.dg/gomp/appendix-a/a.11.3.f90 -O (test for excess errors)
FAIL: gfortran.dg/gomp/appendix-a/a.11.4.f90 -O (test for excess errors)
FAIL: gfortran.dg/gomp/appendix-a/a.11.5.f90 -O (test for excess errors)
FAIL: gfortran.dg/gomp/appendix-a/a.11.6.f90 -O (test for excess errors)
FAIL: gfortran.dg/gomp/appendix-a/a.11.7.f90 -O (test for excess errors)
FAIL: gfortran.dg/gomp/appendix-a/a.12.1.f90 -O (test for excess errors)
FAIL: gfortran.dg/gomp/appendix-a/a.13.1.f90 -O (test for excess errors)
FAIL: gfortran.dg/gomp/appendix-a/a.14.1.f90 -O (test for excess errors)
FAIL: gfortran.dg/gomp/appendix-a/a.17.1.f90 -O (test for excess errors)
FAIL: gfortran.dg/gomp/appendix-a/a.17.2.f90 -O (test for excess errors)
FAIL: gfortran.dg/gomp/appendix-a/a.17.3.f90 -O (test for excess errors)
FAIL: gfortran.dg/gomp/appendix-a/a.21.2.f90 -O (test for excess errors)
FAIL: gfortran.dg/gomp/appendix-a/a.21.3.f90 -O (test for excess errors)
FAIL: gfortran.dg/gomp/appendix-a/a.22.1.f90 -O (test for excess errors)
FAIL: gfortran.dg/gomp/appendix-a/a.22.6.f90 -O (test for excess errors)
FAIL: gfortran.dg/gomp/appendix-a/a.23.1.f90 -O (test for excess errors)
FAIL: gfortran.dg/gomp/appendix-a/a.23.2.f90 -O (test for excess errors)
FAIL: gfortran.dg/gomp/appendix-a/a.23.3.f90 -O (test for excess errors)
FAIL: gfortran.dg/gomp/appendix-a/a.25.1.f90 -O (test for excess errors)
FAIL: gfortran.dg/gomp/appendix-a/a.26.2.f90 -O (test for excess errors)
FAIL: gfortran.dg/gomp/appendix-a/a.27.1.f90 -O (test for excess errors)
FAIL: gfortran.dg/gomp/appendix-a/a.30.1.f90 -O (test for excess errors)
FAIL: gfortran.dg/gomp/appendix-a/a.31.1.f90 -O (test for excess errors)
FAIL: gfortran.dg/gomp/appendix-a/a.31.2.f90 -O (test for excess errors)
FAIL: gfortran.dg/gomp/appendix-a/a.32.1.f90 -O (test for excess errors)
FAIL: gfortran.dg/gomp/appendix-a/a.33.1.f90 -O (test for excess errors)
FAIL: gfortran.dg/gomp/appendix-a/a.33.2.f90 -O (test for excess errors)
FAIL: gfortran.dg/gomp/appendix-a/a.34.1.f90 -O (test for excess errors)
FAIL: gfortran.dg/gomp/appendix-a/a.34.2.f90 -O (test for excess errors)
FAIL: gfortran.dg/gomp/appendix-a/a.35.1.f90 -O (test for excess errors)
FAIL: gfortran.dg/gomp/appendix-a/a.35.2.f90 -O (test for excess errors)
FAIL: gfortran.dg/gomp/appendix-a/a.35.3.f90 -O (test for excess errors)
FAIL: gfortran.dg/gomp/appendix-a/a.35.4.f90 -O (test for excess errors)
FAIL: gfortran.dg/gomp/appendix-a/a.35.5.f90 -O (test for excess errors)
FAIL: gfortran.dg/gomp/appendix-a/a.35.6.f90 -O (test for excess errors)
FAIL: gfortran.dg/gomp/appendix-a/a.36.1.f90 -O (test for excess errors)
FAIL: gfortran.dg/gomp/appendix-a/a.37.1.f90 -O (test for excess errors)
FAIL: gfortran.dg/gomp/appendix-a/a.37.2.f90 -O (test for excess errors)
FAIL: gfortran.dg/gomp/appendix-a/a.6.1.f90 -O (test for excess errors)
FAIL: gfortran.dg/gomp/appendix-a/a.7.1.f90 -O (test for excess errors)
FAIL: gfortran.dg/gomp/appendix-a/a.7.2.f90 -O (test for excess errors)
FAIL: gfortran.dg/gomp/appendix-a/a.8.1.f90 -O (test for excess errors)
FAIL: gfortran.dg/gomp/appendix-a/a.9.1.f90 -O (test for excess errors)
FAIL: gfortran.dg/gomp/crayptr4.f90 -O (test for excess errors)
FAIL: gfortran.dg/gomp/do-1.f90 -O (test for excess errors)
FAIL: gfortran.dg/gomp/fixed-1.f -O (test for excess errors)
FAIL: gfortran.dg/gomp/free-1.f90 -O (test for excess errors)
=== gfortran Summary ===
# of expected passes 10741
# of unexpected failures 50
# of expected failures 18
# of unsupported tests 16
/notnfs/dnovillo/sbox/gomp/bld.torquemada/gcc/testsuite/../gfortran version 4.1.0-gomp-20050608-branch 20051113 (experimental) (merged 20051113)
=== libgomp tests ===
Running target unix
FAIL: libgomp.c/atomic-2.c (test for excess errors)
WARNING: libgomp.c/atomic-2.c compilation failed to produce executable
=== libgomp Summary ===
# of expected passes 1270
# of unexpected failures 1
=== libmudflap tests ===
Running target unix
=== libmudflap Summary ===
# of expected passes 1789
=== libstdc++ tests ===
Running target unix
XPASS: 26_numerics/cmath/c99_classification_macros_c.cc (test for excess errors)
XPASS: 27_io/fpos/14320-1.cc execution test
=== libstdc++ Summary ===
# of expected passes 4016
# of unexpected successes 2
# of expected failures 11
# of unsupported tests 4
Compiler version: 4.1.0-gomp-20050608-branch 20051113 (experimental) (merged 20051113)
Platform: x86_64-unknown-linux-gnu
configure flags: --prefix=/home/cygnus/dnovillo/perf/sbox/gomp/local.x86_64/inst.torquemada --srcdir=/home/cygnus/dnovillo/perf/sbox/gomp/local.x86_64/src --enable-mpfr --disable-multilib --enable-languages=c,c++,fortran