This is the mail archive of the
gcc-testresults@gcc.gnu.org
mailing list for the GCC project.
Results for 4.1.0 20051116 (experimental) testsuite on i686-pc-linux-gnu
- From: hjl at gnu-5 dot sc dot intel dot com (H.J. Lu)
- To: gcc-testresults at gcc dot gnu dot org
- Date: Wed, 16 Nov 2005 14:54:08 -0800 (PST)
- Subject: Results for 4.1.0 20051116 (experimental) testsuite on i686-pc-linux-gnu
LAST_UPDATED: Wed Nov 16 01:34:07 UTC 2005 (revision 107059)
Native configuration is i686-pc-linux-gnu
=== gcc tests ===
Running target unix
=== gcc Summary ===
# of expected passes 37812
# of expected failures 96
# of untested testcases 28
# of unsupported tests 252
/export/build/gnu/gcc/build-i686-linux/gcc/xgcc version 4.1.0 20051116 (experimental)
=== gfortran tests ===
Running target unix
FAIL: gfortran.dg/secnds.f execution test
=== gfortran Summary ===
# of expected passes 10578
# of unexpected failures 1
# of expected failures 15
# of unsupported tests 16
/export/build/gnu/gcc/build-i686-linux/gcc/testsuite/../gfortran version 4.1.0 20051116 (experimental)
=== g++ tests ===
Running target unix
FAIL: g++.dg/other/i386-1.C execution test
=== g++ Summary ===
# of expected passes 11660
# of unexpected failures 1
# of expected failures 67
# of unsupported tests 63
/export/build/gnu/gcc/build-i686-linux/gcc/testsuite/../g++ version 4.1.0 20051116 (experimental)
=== objc tests ===
Running target unix/-m32
=== objc Summary for unix/-m32 ===
# of expected passes 1672
# of unsupported tests 22
Running target unix
=== libffi tests ===
Running target unix
=== libffi Summary ===
# of expected passes 228
# of unsupported tests 2
=== libjava tests ===
Running target unix
=== libjava Summary ===
# of expected passes 3986
# of expected failures 10
# of untested testcases 8
=== libmudflap tests ===
Running target unix
=== libmudflap Summary ===
# of expected passes 1789
=== libstdc++ tests ===
Running target unix/-m32
XPASS: 26_numerics/cmath/c99_classification_macros_c.cc (test for excess errors)
=== libstdc++ Summary for unix/-m32 ===
# of expected passes 1616
# of unexpected successes 1
# of expected failures 6
# of unsupported tests 4
Running target unix
XPASS: 26_numerics/cmath/c99_classification_macros_c.cc (test for excess errors)
Compiler version: 4.1.0 20051116 (experimental)
Platform: i686-pc-linux-gnu
configure flags: --enable-clocale=gnu --with-system-zlib --with-demangler-in-ld --enable-shared --enable-threads=posix --enable-haifa --disable-checking --prefix=/usr/gcc-4.1 --with-local-prefix=/usr/local --enable-languages=c,c++,fortran,java,objc