This is the mail archive of the
gcc-testresults@gcc.gnu.org
mailing list for the GCC project.
Results for 4.0.3 20051114 (prerelease) testsuite on sparc64-sun-solaris2.9
- From: eric at linux dot site (Eric Botcazou)
- To: gcc-testresults at gcc dot gnu dot org
- Date: Tue, 15 Nov 2005 08:56:15 +0100
- Subject: Results for 4.0.3 20051114 (prerelease) testsuite on sparc64-sun-solaris2.9
LAST_UPDATED: Mon Nov 14 05:33:23 UTC 2005 (revision )
Native configuration is sparc64-sun-solaris2.9
=== g++ tests ===
Running target unix
=== g++ Summary ===
# of expected passes 11137
# of expected failures 69
# of unsupported tests 123
/opt/build/eric/gcc-4_0-branch/gcc/testsuite/../g++ version 4.0.3 20051114 (prerelease)
=== gcc tests ===
Running target unix
FAIL: largefile.c -O0 -g (test for excess errors)
FAIL: largefile.c -O0 (test for excess errors)
FAIL: largefile.c -O1 (test for excess errors)
FAIL: largefile.c -O2 (test for excess errors)
FAIL: largefile.c -O3 -fomit-frame-pointer (test for excess errors)
FAIL: largefile.c -O3 -g (test for excess errors)
FAIL: largefile.c -Os (test for excess errors)
=== gcc Summary ===
# of expected passes 34746
# of unexpected failures 7
# of expected failures 94
# of untested testcases 35
# of unsupported tests 558
/opt/build/eric/gcc-4_0-branch/gcc/xgcc version 4.0.3 20051114 (prerelease)
=== gfortran tests ===
Running target unix
=== gfortran Summary ===
# of expected passes 8636
# of expected failures 1
# of unsupported tests 25
/opt/build/eric/gcc-4_0-branch/gcc/testsuite/../gfortran version 4.0.3 20051114 (prerelease)
=== objc tests ===
Running target unix
=== objc Summary ===
# of expected passes 1536
# of unsupported tests 10
/opt/build/eric/gcc-4_0-branch/gcc/xgcc version 4.0.3 20051114 (prerelease)
=== libffi tests ===
Running target unix
=== libffi Summary ===
# of expected passes 219
# of unsupported tests 2
=== libjava tests ===
Running target unix
FAIL: Array_3 execution - gij test
FAIL: Array_3 execution - gij test
FAIL: FileHandleGcTest execution - source compiled test
FAIL: FileHandleGcTest execution - gij test
FAIL: FileHandleGcTest execution - bytecode->native test
FAIL: FileHandleGcTest -O3 execution - source compiled test
FAIL: FileHandleGcTest execution - gij test
FAIL: FileHandleGcTest -O3 execution - bytecode->native test
FAIL: Throw_2 execution - gij test
FAIL: Throw_2 execution - gij test
=== libjava Summary ===
# of expected passes 3854
# of unexpected failures 10
# of expected failures 10
# of untested testcases 18
=== libstdc++ tests ===
Running target unix
FAIL: ext/array_allocator/2.cc execution test
=== libstdc++ Summary ===
# of expected passes 3703
# of unexpected failures 1
# of expected failures 14
Compiler version: 4.0.3 20051114 (prerelease)
Platform: sparc64-sun-solaris2.9
configure flags: sparc64-sun-solaris2.9 --prefix=/opt/build/eric/local/gcc-4_0-branch --with-gmp=/opt/build/eric/local --with-mpfr=/opt/build/eric/local --with-local-prefix=/opt/build/eric/local --disable-multilib --enable-languages=c,c++,f95,java,objc
BOOT_CFLAGS=-g -O2