This is the mail archive of the
gcc-testresults@gcc.gnu.org
mailing list for the GCC project.
Results for 4.1.0 20051114 (experimental) testsuite on sh64-unknown-linux-gnu
- From: Kaz Kojima <kkojima at rr dot iij4u dot or dot jp>
- To: gcc-testresults at gcc dot gnu dot org
- Date: Mon, 14 Nov 2005 22:59:58 +0900 (JST)
- Subject: Results for 4.1.0 20051114 (experimental) testsuite on sh64-unknown-linux-gnu
Remote host: 2.4.23-pre3 sh64
GNU C Library version 2.2.5
LAST_UPDATED: Mon Nov 14 00:25:03 UTC 2005 (revision 106876)
Target is sh64-unknown-linux-gnu
Host is i686-pc-linux-gnu
=== g++ tests ===
Running target unix
WARNING: Assuming target board is the local machine (which is probably wrong).
FAIL: g++.dg/abi/bitfield5.C (test for warnings, line 11)
FAIL: g++.dg/eh/registers1.C execution test
XPASS: g++.old-deja/g++.jason/thunk3.C execution test
FAIL: g++.old-deja/g++.law/profile1.C (test for excess errors)
=== g++ Summary ===
# of expected passes 11508
# of unexpected failures 3
# of unexpected successes 1
# of expected failures 67
# of unsupported tests 112
/ext3/suzaku/home/kkojima/xsh-gcc-orig/gcc/testsuite/../g++ version 4.1.0 20051114 (experimental)
Host is i686-pc-linux-gnu
=== gcc tests ===
Running target unix
WARNING: Assuming target board is the local machine (which is probably wrong).
WARNING: program timed out.
FAIL: gcc.c-torture/compile/20001226-1.c (test for excess errors)
FAIL: gcc.c-torture/execute/ieee/mul-subnormal-single-1.c execution, -O0
FAIL: gcc.c-torture/execute/ieee/mul-subnormal-single-1.c execution, -O1
FAIL: gcc.c-torture/execute/ieee/mul-subnormal-single-1.c execution, -O2
FAIL: gcc.c-torture/execute/ieee/mul-subnormal-single-1.c execution, -O3 -fomit-frame-pointer
FAIL: gcc.c-torture/execute/ieee/mul-subnormal-single-1.c execution, -O3 -fomit-frame-pointer -funroll-loops
FAIL: gcc.c-torture/execute/ieee/mul-subnormal-single-1.c execution, -O3 -fomit-frame-pointer -funroll-all-loops -finline-functions
FAIL: gcc.c-torture/execute/ieee/mul-subnormal-single-1.c execution, -O3 -g
FAIL: gcc.c-torture/execute/ieee/mul-subnormal-single-1.c execution, -Os
FAIL: gcc.dg/20021014-1.c (test for excess errors)
FAIL: gcc.dg/attr-weakref-1.c (test for excess errors)
WARNING: gcc.dg/attr-weakref-1.c compilation failed to produce executable
FAIL: gcc.dg/nest.c (test for excess errors)
FAIL: gcc.dg/nested-func-4.c (test for excess errors)
FAIL: gcc.dg/pr17055-1.c (test for excess errors)
XPASS: gcc.dg/tree-ssa/20040204-1.c scan-tree-dump-times link_error 0
FAIL: gcc.dg/tree-ssa/gen-vect-11c.c scan-tree-dump-times vectorized 0 loops 1
FAIL: gcc.dg/tree-ssa/loop-1.c scan-assembler-times jsr|blink tr?,r18 5
XPASS: gcc.dg/tree-ssa/sra-2.c scan-tree-dump-times link_error 0
=== gcc Summary ===
# of expected passes 36561
# of unexpected failures 16
# of unexpected successes 2
# of expected failures 73
# of untested testcases 28
# of unsupported tests 319
/ext3/suzaku/home/kkojima/xsh-gcc-orig/gcc/xgcc version 4.1.0 20051114 (experimental)
Host is sh64-unknown-linux-gnu
=== libmudflap tests ===
Running target unix
WARNING: Assuming target board is the local machine (which is probably wrong).
FAIL: libmudflap.c/pass47-frag.c execution test
FAIL: libmudflap.c/pass47-frag.c execution test
FAIL: libmudflap.c/pass47-frag.c (-static) execution test
FAIL: libmudflap.c/pass47-frag.c (-static) execution test
FAIL: libmudflap.c/pass47-frag.c (-O2) execution test
FAIL: libmudflap.c/pass47-frag.c (-O2) execution test
FAIL: libmudflap.c/pass47-frag.c (-O3) execution test
FAIL: libmudflap.c/pass47-frag.c (-O3) execution test
FAIL: libmudflap.c++/pass55-frag.cxx execution test
FAIL: libmudflap.c++/pass55-frag.cxx (-O2) execution test
FAIL: libmudflap.c++/pass55-frag.cxx (-O3) execution test
=== libmudflap Summary ===
# of expected passes 1778
# of unexpected failures 11
Host is sh64-unknown-linux-gnu
=== libstdc++ tests ===
Running target unix
WARNING: Assuming target board is the local machine (which is probably wrong).
XPASS: 26_numerics/cmath/c99_classification_macros_c.cc (test for excess errors)
FAIL: 26_numerics/complex/13450.cc execution test
FAIL: 27_io/fpos/14775.cc execution test
=== libstdc++ Summary ===
# of expected passes 3381
# of unexpected failures 2
# of unexpected successes 1
# of expected failures 12
# of unsupported tests 320
Compiler version: 4.1.0 20051114 (experimental)
Platform: sh64-unknown-linux-gnu
configure flags: --host=i686-pc-linux-gnu --target=sh64-unknown-linux-gnu --enable-shared --enable-threads --with-ld=/usr/local/bin/sh64-unknown-linux-gnu-ld --disable-checking --with-sysroot=/ext3/suzaku/ --disable-multilib --enable-languages=c,c++