This is the mail archive of the gcc-testresults@gcc.gnu.org mailing list for the GCC project.
Index Nav: | [Date Index] [Subject Index] [Author Index] [Thread Index] | |
---|---|---|
Message Nav: | [Date Prev] [Date Next] | [Thread Prev] [Thread Next] |
Other format: | [Raw text] |
LAST_UPDATED: Fri Nov 4 19:11:56 UTC 2005 (revision 106494) Native configuration is ia64-unknown-linux-gnu === gcc tests === Running target unix FAIL: gcc.dg/builtin-apply4.c execution test FAIL: gcc.dg/tls/pr24428.c execution test XPASS: gcc.dg/tree-ssa/loop-1.c scan-assembler-times foo 5 XPASS: gcc.dg/vect/pr16105.c scan-tree-dump-times vectorized 1 loops 1 XPASS: gcc.dg/vect/pr20122.c scan-tree-dump-times vectorized 1 loops 2 FAIL: gcc.dg/vect/pr24300.c (test for excess errors) XPASS: gcc.dg/vect/vect-105.c scan-tree-dump-times vectorized 1 loops 1 XPASS: gcc.dg/vect/vect-30.c scan-tree-dump-times vectorized 1 loops 2 XPASS: gcc.dg/vect/vect-42.c scan-tree-dump-times vectorized 1 loops 1 XPASS: gcc.dg/vect/vect-43.c scan-tree-dump-times vectorized 1 loops 1 XPASS: gcc.dg/vect/vect-74.c scan-tree-dump-times vectorized 1 loops 1 XPASS: gcc.dg/vect/vect-75.c scan-tree-dump-times vectorized 1 loops 1 XPASS: gcc.dg/vect/vect-76.c scan-tree-dump-times vectorized 3 loops 1 FAIL: gcc.dg/vect/vect-76.c scan-tree-dump-times vectorized 1 loops 1 XPASS: gcc.dg/vect/vect-8.c scan-tree-dump-times vectorized 1 loops 1 === gcc Summary === # of expected passes 36554 # of unexpected failures 4 # of unexpected successes 11 # of expected failures 127 # of untested testcases 28 # of unsupported tests 315 /export/build/gnu/gcc/build-ia64-linux/gcc/xgcc version 4.1.0 20051104 (experimental) === gfortran tests === Running target unix FAIL: gfortran.dg/vect/vect-4.f90 -O scan-tree-dump-times Alignment of access forced using peeling 1 FAIL: gfortran.dg/vect/vect-4.f90 -O scan-tree-dump-times Vectorizing an unaligned access 1 FAIL: gfortran.dg/vect/vect-5.f90 -O scan-tree-dump-times Alignment of access forced using versioning. 3 === gfortran Summary === # of expected passes 10304 # of unexpected failures 3 # of expected failures 20 # of unsupported tests 18 /export/build/gnu/gcc/build-ia64-linux/gcc/testsuite/../gfortran version 4.1.0 20051104 (experimental) === g++ tests === Running target unix === g++ Summary === # of expected passes 11055 # of expected failures 67 # of unsupported tests 100 /export/build/gnu/gcc/build-ia64-linux/gcc/testsuite/../g++ version 4.1.0 20051104 (experimental) === objc tests === Running target unix === objc Summary === # of expected passes 1670 # of unsupported tests 23 /export/build/gnu/gcc/build-ia64-linux/gcc/xgcc version 4.1.0 20051104 (experimental) === libffi tests === Running target unix === libffi Summary === # of expected passes 228 # of unsupported tests 2 === libjava tests === Running target unix FAIL: ExtraClassLoader execution - gij test FAIL: ExtraClassLoader execution - gij test === libjava Summary === # of expected passes 3982 # of unexpected failures 2 # of expected failures 10 # of untested testcases 10 === libmudflap tests === Running target unix === libmudflap Summary === # of expected passes 1789 === libstdc++ tests === Running target unix FAIL: 22_locale/locale/cons/12658_thread-1.cc execution test FAIL: 22_locale/locale/cons/12658_thread-2.cc execution test XPASS: 26_numerics/cmath/c99_classification_macros_c.cc (test for excess errors) XPASS: 27_io/fpos/14320-1.cc execution test FAIL: thread/pthread4.cc execution test === libstdc++ Summary === # of expected passes 3982 # of unexpected failures 3 # of unexpected successes 2 # of expected failures 14 # of unsupported tests 4 Compiler version: 4.1.0 20051104 (experimental) Platform: ia64-unknown-linux-gnu configure flags: --enable-clocale=gnu --with-system-zlib --with-demangler-in-ld --enable-threads=posix --enable-haifa --disable-checking --prefix=/usr/gcc-4.1 --with-local-prefix=/usr/local --enable-languages=c,c++,fortran,java,objc
Index Nav: | [Date Index] [Subject Index] [Author Index] [Thread Index] | |
---|---|---|
Message Nav: | [Date Prev] [Date Next] | [Thread Prev] [Thread Next] |