This is the mail archive of the
gcc-testresults@gcc.gnu.org
mailing list for the GCC project.
Results for 4.1.0 20051023 (experimental) testsuite on arm-unknown-linux-gnu
- From: Matthias Klose <doko at debian dot org>
- To: gcc-testresults at gcc dot gnu dot org
- Cc: debian-gcc at lists dot debian dot org
- Date: Fri, 28 Oct 2005 18:08:28 -0600
- Subject: Results for 4.1.0 20051023 (experimental) testsuite on arm-unknown-linux-gnu
- Reply-to: Matthias Klose <doko at debian dot org>
LAST_UPDATED: So Okt 23 09:48:15 UTC 2005
Native configuration is arm-unknown-linux-gnu
=== libffi tests ===
Running target unix
FAIL: libffi.call/closure_fn0.c (test for excess errors)
WARNING: libffi.call/closure_fn0.c compilation failed to produce executable
FAIL: libffi.call/closure_fn1.c (test for excess errors)
WARNING: libffi.call/closure_fn1.c compilation failed to produce executable
FAIL: libffi.call/closure_fn2.c (test for excess errors)
WARNING: libffi.call/closure_fn2.c compilation failed to produce executable
FAIL: libffi.call/closure_fn3.c (test for excess errors)
WARNING: libffi.call/closure_fn3.c compilation failed to produce executable
FAIL: libffi.call/closure_fn4.c (test for excess errors)
WARNING: libffi.call/closure_fn4.c compilation failed to produce executable
FAIL: libffi.call/closure_fn5.c (test for excess errors)
WARNING: libffi.call/closure_fn5.c compilation failed to produce executable
FAIL: libffi.call/cls_12byte.c (test for excess errors)
WARNING: libffi.call/cls_12byte.c compilation failed to produce executable
FAIL: libffi.call/cls_16byte.c (test for excess errors)
WARNING: libffi.call/cls_16byte.c compilation failed to produce executable
FAIL: libffi.call/cls_18byte.c (test for excess errors)
WARNING: libffi.call/cls_18byte.c compilation failed to produce executable
FAIL: libffi.call/cls_19byte.c (test for excess errors)
WARNING: libffi.call/cls_19byte.c compilation failed to produce executable
FAIL: libffi.call/cls_1_1byte.c (test for excess errors)
WARNING: libffi.call/cls_1_1byte.c compilation failed to produce executable
FAIL: libffi.call/cls_20byte.c (test for excess errors)
WARNING: libffi.call/cls_20byte.c compilation failed to produce executable
FAIL: libffi.call/cls_20byte1.c (test for excess errors)
WARNING: libffi.call/cls_20byte1.c compilation failed to produce executable
FAIL: libffi.call/cls_24byte.c (test for excess errors)
WARNING: libffi.call/cls_24byte.c compilation failed to produce executable
FAIL: libffi.call/cls_2byte.c (test for excess errors)
WARNING: libffi.call/cls_2byte.c compilation failed to produce executable
FAIL: libffi.call/cls_3_1byte.c (test for excess errors)
WARNING: libffi.call/cls_3_1byte.c compilation failed to produce executable
FAIL: libffi.call/cls_3byte1.c (test for excess errors)
WARNING: libffi.call/cls_3byte1.c compilation failed to produce executable
FAIL: libffi.call/cls_3byte2.c (test for excess errors)
WARNING: libffi.call/cls_3byte2.c compilation failed to produce executable
FAIL: libffi.call/cls_4_1byte.c (test for excess errors)
WARNING: libffi.call/cls_4_1byte.c compilation failed to produce executable
FAIL: libffi.call/cls_4byte.c (test for excess errors)
WARNING: libffi.call/cls_4byte.c compilation failed to produce executable
FAIL: libffi.call/cls_5_1_byte.c (test for excess errors)
WARNING: libffi.call/cls_5_1_byte.c compilation failed to produce executable
FAIL: libffi.call/cls_5byte.c (test for excess errors)
WARNING: libffi.call/cls_5byte.c compilation failed to produce executable
FAIL: libffi.call/cls_64byte.c (test for excess errors)
WARNING: libffi.call/cls_64byte.c compilation failed to produce executable
FAIL: libffi.call/cls_6_1_byte.c (test for excess errors)
WARNING: libffi.call/cls_6_1_byte.c compilation failed to produce executable
FAIL: libffi.call/cls_6byte.c (test for excess errors)
WARNING: libffi.call/cls_6byte.c compilation failed to produce executable
FAIL: libffi.call/cls_7_1_byte.c (test for excess errors)
WARNING: libffi.call/cls_7_1_byte.c compilation failed to produce executable
FAIL: libffi.call/cls_7byte.c (test for excess errors)
WARNING: libffi.call/cls_7byte.c compilation failed to produce executable
FAIL: libffi.call/cls_8byte.c (test for excess errors)
WARNING: libffi.call/cls_8byte.c compilation failed to produce executable
FAIL: libffi.call/cls_9byte1.c (test for excess errors)
WARNING: libffi.call/cls_9byte1.c compilation failed to produce executable
FAIL: libffi.call/cls_9byte2.c (test for excess errors)
WARNING: libffi.call/cls_9byte2.c compilation failed to produce executable
FAIL: libffi.call/cls_align_double.c (test for excess errors)
WARNING: libffi.call/cls_align_double.c compilation failed to produce executable
FAIL: libffi.call/cls_align_float.c (test for excess errors)
WARNING: libffi.call/cls_align_float.c compilation failed to produce executable
FAIL: libffi.call/cls_align_longdouble.c (test for excess errors)
WARNING: libffi.call/cls_align_longdouble.c compilation failed to produce executable
FAIL: libffi.call/cls_align_pointer.c (test for excess errors)
WARNING: libffi.call/cls_align_pointer.c compilation failed to produce executable
FAIL: libffi.call/cls_align_sint16.c (test for excess errors)
WARNING: libffi.call/cls_align_sint16.c compilation failed to produce executable
FAIL: libffi.call/cls_align_sint32.c (test for excess errors)
WARNING: libffi.call/cls_align_sint32.c compilation failed to produce executable
FAIL: libffi.call/cls_align_sint64.c (test for excess errors)
WARNING: libffi.call/cls_align_sint64.c compilation failed to produce executable
FAIL: libffi.call/cls_align_uint16.c (test for excess errors)
WARNING: libffi.call/cls_align_uint16.c compilation failed to produce executable
FAIL: libffi.call/cls_align_uint32.c (test for excess errors)
WARNING: libffi.call/cls_align_uint32.c compilation failed to produce executable
FAIL: libffi.call/cls_align_uint64.c (test for excess errors)
WARNING: libffi.call/cls_align_uint64.c compilation failed to produce executable
FAIL: libffi.call/cls_double.c (test for excess errors)
WARNING: libffi.call/cls_double.c compilation failed to produce executable
FAIL: libffi.call/cls_float.c (test for excess errors)
WARNING: libffi.call/cls_float.c compilation failed to produce executable
FAIL: libffi.call/cls_multi_schar.c (test for excess errors)
WARNING: libffi.call/cls_multi_schar.c compilation failed to produce executable
FAIL: libffi.call/cls_multi_sshort.c (test for excess errors)
WARNING: libffi.call/cls_multi_sshort.c compilation failed to produce executable
FAIL: libffi.call/cls_multi_sshortchar.c (test for excess errors)
WARNING: libffi.call/cls_multi_sshortchar.c compilation failed to produce executable
FAIL: libffi.call/cls_multi_uchar.c (test for excess errors)
WARNING: libffi.call/cls_multi_uchar.c compilation failed to produce executable
FAIL: libffi.call/cls_multi_ushort.c (test for excess errors)
WARNING: libffi.call/cls_multi_ushort.c compilation failed to produce executable
FAIL: libffi.call/cls_multi_ushortchar.c (test for excess errors)
WARNING: libffi.call/cls_multi_ushortchar.c compilation failed to produce executable
FAIL: libffi.call/cls_schar.c (test for excess errors)
WARNING: libffi.call/cls_schar.c compilation failed to produce executable
FAIL: libffi.call/cls_sint.c (test for excess errors)
WARNING: libffi.call/cls_sint.c compilation failed to produce executable
FAIL: libffi.call/cls_sshort.c (test for excess errors)
WARNING: libffi.call/cls_sshort.c compilation failed to produce executable
FAIL: libffi.call/cls_uchar.c (test for excess errors)
WARNING: libffi.call/cls_uchar.c compilation failed to produce executable
FAIL: libffi.call/cls_uint.c (test for excess errors)
WARNING: libffi.call/cls_uint.c compilation failed to produce executable
FAIL: libffi.call/cls_ulonglong.c (test for excess errors)
WARNING: libffi.call/cls_ulonglong.c compilation failed to produce executable
FAIL: libffi.call/cls_ushort.c (test for excess errors)
WARNING: libffi.call/cls_ushort.c compilation failed to produce executable
FAIL: libffi.call/nested_struct.c (test for excess errors)
WARNING: libffi.call/nested_struct.c compilation failed to produce executable
FAIL: libffi.call/nested_struct1.c (test for excess errors)
WARNING: libffi.call/nested_struct1.c compilation failed to produce executable
FAIL: libffi.call/nested_struct2.c (test for excess errors)
WARNING: libffi.call/nested_struct2.c compilation failed to produce executable
FAIL: libffi.call/nested_struct3.c (test for excess errors)
WARNING: libffi.call/nested_struct3.c compilation failed to produce executable
FAIL: libffi.call/problem1.c (test for excess errors)
WARNING: libffi.call/problem1.c compilation failed to produce executable
FAIL: libffi.call/struct3.c execution test
FAIL: libffi.special/unwindtest.cc -shared-libgcc -lstdc++ (test for excess errors)
WARNING: libffi.special/unwindtest.cc -shared-libgcc -lstdc++ compilation failed to produce executable
=== libffi Summary ===
# of expected passes 44
# of unexpected failures 62
# of unsupported tests 2
=== libjava tests ===
Running target unix
FAIL: natPR9577.cc compilation
FAIL: natlongfield.cc compilation
FAIL: natshortfield.cc compilation
FAIL: PR4766 compilation from source
FAIL: PR4766 -O3 compilation from source
FAIL: PR15133 run
FAIL: PR18116 run
FAIL: bytebuffer run
FAIL: calls run
FAIL: cxxtest run
FAIL: directbuffer run
FAIL: field run
FAIL: final_method run
FAIL: findclass run
FAIL: iface run
FAIL: invoke run
FAIL: jniutf run
FAIL: martin run
FAIL: noclass run
FAIL: overload run
FAIL: pr11951 run
FAIL: pr23739 run
FAIL: register run
FAIL: simple_int run
FAIL: throwit run
FAIL: virtual run
FAIL: PR16923 run
FAIL: Class_1 execution - source compiled test
FAIL: Class_1 execution - bytecode->native test
FAIL: Class_1 -O3 execution - source compiled test
FAIL: Class_1 -O3 execution - bytecode->native test
FAIL: ExtraClassLoader execution - source compiled test
FAIL: ExtraClassLoader execution - bytecode->native test
FAIL: ExtraClassLoader -O3 execution - source compiled test
FAIL: ExtraClassLoader -O3 execution - bytecode->native test
FAIL: InvokeInterface execution - bytecode->native test
FAIL: InvokeInterface -O3 execution - bytecode->native test
FAIL: PR12350 execution - bytecode->native test
FAIL: PR12350 -O3 execution - bytecode->native test
FAIL: PR12416 execution - bytecode->native test
FAIL: PR12416 -O3 execution - bytecode->native test
FAIL: PR260 execution - bytecode->native test
FAIL: PR260 -O3 execution - bytecode->native test
FAIL: Serialization output - source compiled test
FAIL: Serialization output - bytecode->native test
FAIL: Serialization -O3 output - source compiled test
FAIL: Serialization -O3 output - bytecode->native test
FAIL: SyncTest execution - bytecode->native test
FAIL: SyncTest -O3 execution - bytecode->native test
FAIL: TestProxy execution - source compiled test
FAIL: TestProxy execution - bytecode->native test
FAIL: TestProxy -O3 execution - source compiled test
FAIL: TestProxy -O3 execution - bytecode->native test
FAIL: invokethrow execution - bytecode->native test
FAIL: invokethrow -O3 execution - bytecode->native test
FAIL: pr179 execution - bytecode->native test
FAIL: pr179 -O3 execution - bytecode->native test
FAIL: pr21785 execution - source compiled test
FAIL: pr21785 execution - bytecode->native test
FAIL: pr21785 -O3 execution - source compiled test
FAIL: pr21785 -O3 execution - bytecode->native test
FAIL: pr8415 execution - bytecode->native test
FAIL: pr8415 -O3 execution - bytecode->native test
FAIL: stringconst2 output - source compiled test
FAIL: stringconst2 output - bytecode->native test
FAIL: stringconst2 -O3 output - source compiled test
FAIL: stringconst2 -O3 output - bytecode->native test
FAIL: /build/buildd/gcc-snapshot-20051023/build/arm-linux-gnu/libjava/testsuite/TestEarlyGC.exe output - /build/buildd/gcc-snapshot-20051023/build/arm-linux-gnu/libjava/testsuite/TestEarlyGC.exe
FAIL: /build/buildd/gcc-snapshot-20051023/build/arm-linux-gnu/libjava/testsuite/TestLeak.exe execution - /build/buildd/gcc-snapshot-20051023/build/arm-linux-gnu/libjava/testsuite/TestLeak.exe
FAIL: /build/buildd/gcc-snapshot-20051023/build/arm-linux-gnu/libjava/testsuite/TestMultiple.exe output - /build/buildd/gcc-snapshot-20051023/build/arm-linux-gnu/libjava/testsuite/TestMultiple.exe
FAIL: /build/buildd/gcc-snapshot-20051023/build/arm-linux-gnu/libjava/testsuite/TestParent.exe output - /build/buildd/gcc-snapshot-20051023/build/arm-linux-gnu/libjava/testsuite/TestParent.exe
FAIL: pr21115 run
=== libjava Summary ===
# of expected passes 3127
# of unexpected failures 72
# of expected failures 10
# of untested testcases 66
=== libmudflap tests ===
Running target unix
WARNING: program timed out.
FAIL: libmudflap.cth/pass40-frag.c execution test
FAIL: libmudflap.cth/pass40-frag.c output pattern test
WARNING: program timed out.
FAIL: libmudflap.cth/pass40-frag.c (-O2) execution test
FAIL: libmudflap.cth/pass40-frag.c (-O2) output pattern test
WARNING: program timed out.
FAIL: libmudflap.cth/pass40-frag.c (-O3) execution test
FAIL: libmudflap.cth/pass40-frag.c (-O3) output pattern test
=== libmudflap Summary ===
# of expected passes 1783
# of unexpected failures 6
=== libstdc++ tests ===
Running target unix
FAIL: 25_algorithms/copy/4.cc (test for excess errors)
WARNING: 25_algorithms/copy/4.cc compilation failed to produce executable
XPASS: 26_numerics/cmath/c99_classification_macros_c.cc (test for excess errors)
FAIL: tr1/4_metaprogramming/other_transformations/aligned_storage/aligned_storage.cc execution test
FAIL: tr1/4_metaprogramming/type_properties/is_empty/is_empty.cc execution test
FAIL: tr1/4_metaprogramming/type_properties/is_polymorphic/is_polymorphic.cc execution test
=== libstdc++ Summary ===
# of expected passes 3354
# of unexpected failures 4
# of unexpected successes 1
# of expected failures 15
# of unsupported tests 315
=== g++ tests ===
Running target unix
WARNING: program timed out.
FAIL: g++.dg/eh/cleanup1.C (test for excess errors)
XPASS: g++.dg/other/packed1.C execution test
XPASS: g++.old-deja/g++.other/init5.C execution test
=== g++ Summary ===
# of expected passes 11432
# of unexpected failures 1
# of unexpected successes 2
# of expected failures 66
# of unsupported tests 103
/build/buildd/gcc-snapshot-20051023/build/gcc/testsuite/../g++ version 4.1.0 20051023 (experimental)
=== gcc tests ===
Running target unix
WARNING: program timed out.
FAIL: gcc.c-torture/compile/20001226-1.c -O1 (test for excess errors)
WARNING: program timed out.
FAIL: gcc.c-torture/compile/20001226-1.c -O2 (test for excess errors)
WARNING: program timed out.
FAIL: gcc.c-torture/compile/20001226-1.c -O3 -fomit-frame-pointer (test for excess errors)
WARNING: program timed out.
FAIL: gcc.c-torture/compile/20001226-1.c -O3 -g (test for excess errors)
WARNING: program timed out.
FAIL: gcc.c-torture/compile/20001226-1.c -Os (test for excess errors)
FAIL: gcc.c-torture/compile/930210-1.c -O1 (test for excess errors)
FAIL: gcc.c-torture/compile/930210-1.c -O2 (test for excess errors)
FAIL: gcc.c-torture/compile/930210-1.c -O3 -fomit-frame-pointer (test for excess errors)
FAIL: gcc.c-torture/compile/930210-1.c -O3 -g (test for excess errors)
FAIL: gcc.c-torture/compile/930210-1.c -Os (test for excess errors)
FAIL: gcc.c-torture/execute/20050121-1.c compilation, -O0
UNRESOLVED: gcc.c-torture/execute/20050121-1.c execution, -O0
FAIL: gcc.c-torture/execute/ieee/compare-fp-1.c execution, -O1
FAIL: gcc.c-torture/execute/ieee/compare-fp-1.c execution, -O2
FAIL: gcc.c-torture/execute/ieee/compare-fp-1.c execution, -O3 -fomit-frame-pointer
FAIL: gcc.c-torture/execute/ieee/compare-fp-1.c execution, -O3 -g
FAIL: gcc.c-torture/execute/ieee/compare-fp-1.c execution, -Os
FAIL: gcc.c-torture/execute/ieee/compare-fp-4.c execution, -O1
FAIL: gcc.c-torture/execute/ieee/compare-fp-4.c execution, -O2
FAIL: gcc.c-torture/execute/ieee/compare-fp-4.c execution, -O3 -fomit-frame-pointer
FAIL: gcc.c-torture/execute/ieee/compare-fp-4.c execution, -O3 -g
FAIL: gcc.c-torture/execute/ieee/compare-fp-4.c execution, -Os
FAIL: gcc.c-torture/execute/ieee/fp-cmp-1.c execution, -O0
FAIL: gcc.c-torture/execute/ieee/fp-cmp-1.c execution, -O1
FAIL: gcc.c-torture/execute/ieee/fp-cmp-1.c execution, -O2
FAIL: gcc.c-torture/execute/ieee/fp-cmp-1.c execution, -O3 -fomit-frame-pointer
FAIL: gcc.c-torture/execute/ieee/fp-cmp-1.c execution, -O3 -fomit-frame-pointer -funroll-loops
FAIL: gcc.c-torture/execute/ieee/fp-cmp-1.c execution, -O3 -fomit-frame-pointer -funroll-all-loops -finline-functions
FAIL: gcc.c-torture/execute/ieee/fp-cmp-1.c execution, -O3 -g
FAIL: gcc.c-torture/execute/ieee/fp-cmp-1.c execution, -Os
FAIL: gcc.c-torture/execute/ieee/fp-cmp-2.c execution, -O0
FAIL: gcc.c-torture/execute/ieee/fp-cmp-2.c execution, -O1
FAIL: gcc.c-torture/execute/ieee/fp-cmp-2.c execution, -O2
FAIL: gcc.c-torture/execute/ieee/fp-cmp-2.c execution, -O3 -fomit-frame-pointer
FAIL: gcc.c-torture/execute/ieee/fp-cmp-2.c execution, -O3 -fomit-frame-pointer -funroll-loops
FAIL: gcc.c-torture/execute/ieee/fp-cmp-2.c execution, -O3 -fomit-frame-pointer -funroll-all-loops -finline-functions
FAIL: gcc.c-torture/execute/ieee/fp-cmp-2.c execution, -O3 -g
FAIL: gcc.c-torture/execute/ieee/fp-cmp-2.c execution, -Os
FAIL: gcc.c-torture/execute/ieee/fp-cmp-3.c execution, -O0
FAIL: gcc.c-torture/execute/ieee/fp-cmp-3.c execution, -O1
FAIL: gcc.c-torture/execute/ieee/fp-cmp-3.c execution, -O2
FAIL: gcc.c-torture/execute/ieee/fp-cmp-3.c execution, -O3 -fomit-frame-pointer
FAIL: gcc.c-torture/execute/ieee/fp-cmp-3.c execution, -O3 -fomit-frame-pointer -funroll-loops
FAIL: gcc.c-torture/execute/ieee/fp-cmp-3.c execution, -O3 -fomit-frame-pointer -funroll-all-loops -finline-functions
FAIL: gcc.c-torture/execute/ieee/fp-cmp-3.c execution, -O3 -g
FAIL: gcc.c-torture/execute/ieee/fp-cmp-3.c execution, -Os
FAIL: gcc.c-torture/execute/ieee/fp-cmp-4.c execution, -O0
FAIL: gcc.c-torture/execute/ieee/fp-cmp-4.c execution, -O1
FAIL: gcc.c-torture/execute/ieee/fp-cmp-4.c execution, -O2
FAIL: gcc.c-torture/execute/ieee/fp-cmp-4.c execution, -O3 -fomit-frame-pointer
FAIL: gcc.c-torture/execute/ieee/fp-cmp-4.c execution, -O3 -fomit-frame-pointer -funroll-loops
FAIL: gcc.c-torture/execute/ieee/fp-cmp-4.c execution, -O3 -fomit-frame-pointer -funroll-all-loops -finline-functions
FAIL: gcc.c-torture/execute/ieee/fp-cmp-4.c execution, -O3 -g
FAIL: gcc.c-torture/execute/ieee/fp-cmp-4.c execution, -Os
FAIL: gcc.c-torture/execute/ieee/fp-cmp-4f.c execution, -O0
FAIL: gcc.c-torture/execute/ieee/fp-cmp-4f.c execution, -O1
FAIL: gcc.c-torture/execute/ieee/fp-cmp-4f.c execution, -O2
FAIL: gcc.c-torture/execute/ieee/fp-cmp-4f.c execution, -O3 -fomit-frame-pointer
FAIL: gcc.c-torture/execute/ieee/fp-cmp-4f.c execution, -O3 -g
FAIL: gcc.c-torture/execute/ieee/fp-cmp-4f.c execution, -Os
FAIL: gcc.c-torture/execute/ieee/fp-cmp-4l.c execution, -O0
FAIL: gcc.c-torture/execute/ieee/fp-cmp-4l.c execution, -O1
FAIL: gcc.c-torture/execute/ieee/fp-cmp-4l.c execution, -O2
FAIL: gcc.c-torture/execute/ieee/fp-cmp-4l.c execution, -O3 -fomit-frame-pointer
FAIL: gcc.c-torture/execute/ieee/fp-cmp-4l.c execution, -O3 -g
FAIL: gcc.c-torture/execute/ieee/fp-cmp-4l.c execution, -Os
FAIL: gcc.c-torture/execute/ieee/fp-cmp-5.c execution, -O0
FAIL: gcc.c-torture/execute/ieee/fp-cmp-5.c execution, -O1
FAIL: gcc.c-torture/execute/ieee/fp-cmp-5.c execution, -O2
FAIL: gcc.c-torture/execute/ieee/fp-cmp-5.c execution, -O3 -fomit-frame-pointer
FAIL: gcc.c-torture/execute/ieee/fp-cmp-5.c execution, -O3 -fomit-frame-pointer -funroll-loops
FAIL: gcc.c-torture/execute/ieee/fp-cmp-5.c execution, -O3 -fomit-frame-pointer -funroll-all-loops -finline-functions
FAIL: gcc.c-torture/execute/ieee/fp-cmp-5.c execution, -O3 -g
FAIL: gcc.c-torture/execute/ieee/fp-cmp-5.c execution, -Os
FAIL: gcc.c-torture/execute/ieee/fp-cmp-6.c execution, -O0
FAIL: gcc.c-torture/execute/ieee/fp-cmp-8.c execution, -O0
FAIL: gcc.c-torture/execute/ieee/fp-cmp-8.c execution, -O1
FAIL: gcc.c-torture/execute/ieee/fp-cmp-8.c execution, -O2
FAIL: gcc.c-torture/execute/ieee/fp-cmp-8.c execution, -O3 -fomit-frame-pointer
FAIL: gcc.c-torture/execute/ieee/fp-cmp-8.c execution, -O3 -fomit-frame-pointer -funroll-loops
FAIL: gcc.c-torture/execute/ieee/fp-cmp-8.c execution, -O3 -fomit-frame-pointer -funroll-all-loops -finline-functions
FAIL: gcc.c-torture/execute/ieee/fp-cmp-8.c execution, -O3 -g
FAIL: gcc.c-torture/execute/ieee/fp-cmp-8.c execution, -Os
FAIL: gcc.c-torture/execute/ieee/fp-cmp-8f.c execution, -O0
FAIL: gcc.c-torture/execute/ieee/fp-cmp-8f.c execution, -O1
FAIL: gcc.c-torture/execute/ieee/fp-cmp-8f.c execution, -O2
FAIL: gcc.c-torture/execute/ieee/fp-cmp-8f.c execution, -O3 -fomit-frame-pointer
FAIL: gcc.c-torture/execute/ieee/fp-cmp-8f.c execution, -O3 -g
FAIL: gcc.c-torture/execute/ieee/fp-cmp-8f.c execution, -Os
FAIL: gcc.c-torture/execute/ieee/fp-cmp-8l.c execution, -O0
FAIL: gcc.c-torture/execute/ieee/fp-cmp-8l.c execution, -O1
FAIL: gcc.c-torture/execute/ieee/fp-cmp-8l.c execution, -O2
FAIL: gcc.c-torture/execute/ieee/fp-cmp-8l.c execution, -O3 -fomit-frame-pointer
FAIL: gcc.c-torture/execute/ieee/fp-cmp-8l.c execution, -O3 -g
FAIL: gcc.c-torture/execute/ieee/fp-cmp-8l.c execution, -Os
FAIL: gcc.dg/compat/scalar-return-4 c_compat_y_tst.o compile
UNRESOLVED: gcc.dg/compat/scalar-return-4 c_compat_x_tst.o-c_compat_y_tst.o link
UNRESOLVED: gcc.dg/compat/scalar-return-4 c_compat_x_tst.o-c_compat_y_tst.o execute
FAIL: tmpdir-gcc.dg-struct-layout-1/t001 c_compat_x_tst.o compile
FAIL: tmpdir-gcc.dg-struct-layout-1/t001 c_compat_y_tst.o compile
UNRESOLVED: tmpdir-gcc.dg-struct-layout-1/t001 c_compat_x_tst.o-c_compat_y_tst.o link
UNRESOLVED: tmpdir-gcc.dg-struct-layout-1/t001 c_compat_x_tst.o-c_compat_y_tst.o execute
FAIL: tmpdir-gcc.dg-struct-layout-1/t002 c_compat_x_tst.o compile
FAIL: tmpdir-gcc.dg-struct-layout-1/t002 c_compat_y_tst.o compile
UNRESOLVED: tmpdir-gcc.dg-struct-layout-1/t002 c_compat_x_tst.o-c_compat_y_tst.o link
UNRESOLVED: tmpdir-gcc.dg-struct-layout-1/t002 c_compat_x_tst.o-c_compat_y_tst.o execute
FAIL: tmpdir-gcc.dg-struct-layout-1/t003 c_compat_x_tst.o compile
FAIL: tmpdir-gcc.dg-struct-layout-1/t003 c_compat_y_tst.o compile
UNRESOLVED: tmpdir-gcc.dg-struct-layout-1/t003 c_compat_x_tst.o-c_compat_y_tst.o link
UNRESOLVED: tmpdir-gcc.dg-struct-layout-1/t003 c_compat_x_tst.o-c_compat_y_tst.o execute
FAIL: tmpdir-gcc.dg-struct-layout-1/t004 c_compat_x_tst.o compile
FAIL: tmpdir-gcc.dg-struct-layout-1/t004 c_compat_y_tst.o compile
UNRESOLVED: tmpdir-gcc.dg-struct-layout-1/t004 c_compat_x_tst.o-c_compat_y_tst.o link
UNRESOLVED: tmpdir-gcc.dg-struct-layout-1/t004 c_compat_x_tst.o-c_compat_y_tst.o execute
FAIL: tmpdir-gcc.dg-struct-layout-1/t005 c_compat_x_tst.o compile
FAIL: tmpdir-gcc.dg-struct-layout-1/t005 c_compat_y_tst.o compile
UNRESOLVED: tmpdir-gcc.dg-struct-layout-1/t005 c_compat_x_tst.o-c_compat_y_tst.o link
UNRESOLVED: tmpdir-gcc.dg-struct-layout-1/t005 c_compat_x_tst.o-c_compat_y_tst.o execute
FAIL: tmpdir-gcc.dg-struct-layout-1/t006 c_compat_x_tst.o compile
FAIL: tmpdir-gcc.dg-struct-layout-1/t006 c_compat_y_tst.o compile
UNRESOLVED: tmpdir-gcc.dg-struct-layout-1/t006 c_compat_x_tst.o-c_compat_y_tst.o link
UNRESOLVED: tmpdir-gcc.dg-struct-layout-1/t006 c_compat_x_tst.o-c_compat_y_tst.o execute
FAIL: tmpdir-gcc.dg-struct-layout-1/t008 c_compat_x_tst.o compile
FAIL: tmpdir-gcc.dg-struct-layout-1/t008 c_compat_y_tst.o compile
UNRESOLVED: tmpdir-gcc.dg-struct-layout-1/t008 c_compat_x_tst.o-c_compat_y_tst.o link
UNRESOLVED: tmpdir-gcc.dg-struct-layout-1/t008 c_compat_x_tst.o-c_compat_y_tst.o execute
FAIL: tmpdir-gcc.dg-struct-layout-1/t009 c_compat_x_tst.o compile
FAIL: tmpdir-gcc.dg-struct-layout-1/t009 c_compat_y_tst.o compile
UNRESOLVED: tmpdir-gcc.dg-struct-layout-1/t009 c_compat_x_tst.o-c_compat_y_tst.o link
UNRESOLVED: tmpdir-gcc.dg-struct-layout-1/t009 c_compat_x_tst.o-c_compat_y_tst.o execute
FAIL: tmpdir-gcc.dg-struct-layout-1/t010 c_compat_x_tst.o compile
FAIL: tmpdir-gcc.dg-struct-layout-1/t010 c_compat_y_tst.o compile
UNRESOLVED: tmpdir-gcc.dg-struct-layout-1/t010 c_compat_x_tst.o-c_compat_y_tst.o link
UNRESOLVED: tmpdir-gcc.dg-struct-layout-1/t010 c_compat_x_tst.o-c_compat_y_tst.o execute
FAIL: tmpdir-gcc.dg-struct-layout-1/t011 c_compat_x_tst.o compile
FAIL: tmpdir-gcc.dg-struct-layout-1/t011 c_compat_y_tst.o compile
UNRESOLVED: tmpdir-gcc.dg-struct-layout-1/t011 c_compat_x_tst.o-c_compat_y_tst.o link
UNRESOLVED: tmpdir-gcc.dg-struct-layout-1/t011 c_compat_x_tst.o-c_compat_y_tst.o execute
FAIL: tmpdir-gcc.dg-struct-layout-1/t012 c_compat_x_tst.o compile
FAIL: tmpdir-gcc.dg-struct-layout-1/t012 c_compat_y_tst.o compile
UNRESOLVED: tmpdir-gcc.dg-struct-layout-1/t012 c_compat_x_tst.o-c_compat_y_tst.o link
UNRESOLVED: tmpdir-gcc.dg-struct-layout-1/t012 c_compat_x_tst.o-c_compat_y_tst.o execute
FAIL: tmpdir-gcc.dg-struct-layout-1/t013 c_compat_x_tst.o compile
FAIL: tmpdir-gcc.dg-struct-layout-1/t013 c_compat_y_tst.o compile
UNRESOLVED: tmpdir-gcc.dg-struct-layout-1/t013 c_compat_x_tst.o-c_compat_y_tst.o link
UNRESOLVED: tmpdir-gcc.dg-struct-layout-1/t013 c_compat_x_tst.o-c_compat_y_tst.o execute
FAIL: tmpdir-gcc.dg-struct-layout-1/t014 c_compat_x_tst.o compile
FAIL: tmpdir-gcc.dg-struct-layout-1/t014 c_compat_y_tst.o compile
UNRESOLVED: tmpdir-gcc.dg-struct-layout-1/t014 c_compat_x_tst.o-c_compat_y_tst.o link
UNRESOLVED: tmpdir-gcc.dg-struct-layout-1/t014 c_compat_x_tst.o-c_compat_y_tst.o execute
FAIL: tmpdir-gcc.dg-struct-layout-1/t015 c_compat_x_tst.o compile
FAIL: tmpdir-gcc.dg-struct-layout-1/t015 c_compat_y_tst.o compile
UNRESOLVED: tmpdir-gcc.dg-struct-layout-1/t015 c_compat_x_tst.o-c_compat_y_tst.o link
UNRESOLVED: tmpdir-gcc.dg-struct-layout-1/t015 c_compat_x_tst.o-c_compat_y_tst.o execute
FAIL: tmpdir-gcc.dg-struct-layout-1/t016 c_compat_x_tst.o compile
FAIL: tmpdir-gcc.dg-struct-layout-1/t016 c_compat_y_tst.o compile
UNRESOLVED: tmpdir-gcc.dg-struct-layout-1/t016 c_compat_x_tst.o-c_compat_y_tst.o link
UNRESOLVED: tmpdir-gcc.dg-struct-layout-1/t016 c_compat_x_tst.o-c_compat_y_tst.o execute
FAIL: tmpdir-gcc.dg-struct-layout-1/t017 c_compat_x_tst.o compile
FAIL: tmpdir-gcc.dg-struct-layout-1/t017 c_compat_y_tst.o compile
UNRESOLVED: tmpdir-gcc.dg-struct-layout-1/t017 c_compat_x_tst.o-c_compat_y_tst.o link
UNRESOLVED: tmpdir-gcc.dg-struct-layout-1/t017 c_compat_x_tst.o-c_compat_y_tst.o execute
FAIL: tmpdir-gcc.dg-struct-layout-1/t018 c_compat_x_tst.o compile
FAIL: tmpdir-gcc.dg-struct-layout-1/t018 c_compat_y_tst.o compile
UNRESOLVED: tmpdir-gcc.dg-struct-layout-1/t018 c_compat_x_tst.o-c_compat_y_tst.o link
UNRESOLVED: tmpdir-gcc.dg-struct-layout-1/t018 c_compat_x_tst.o-c_compat_y_tst.o execute
FAIL: tmpdir-gcc.dg-struct-layout-1/t019 c_compat_x_tst.o compile
FAIL: tmpdir-gcc.dg-struct-layout-1/t019 c_compat_y_tst.o compile
UNRESOLVED: tmpdir-gcc.dg-struct-layout-1/t019 c_compat_x_tst.o-c_compat_y_tst.o link
UNRESOLVED: tmpdir-gcc.dg-struct-layout-1/t019 c_compat_x_tst.o-c_compat_y_tst.o execute
FAIL: tmpdir-gcc.dg-struct-layout-1/t020 c_compat_x_tst.o compile
FAIL: tmpdir-gcc.dg-struct-layout-1/t020 c_compat_y_tst.o compile
UNRESOLVED: tmpdir-gcc.dg-struct-layout-1/t020 c_compat_x_tst.o-c_compat_y_tst.o link
UNRESOLVED: tmpdir-gcc.dg-struct-layout-1/t020 c_compat_x_tst.o-c_compat_y_tst.o execute
FAIL: tmpdir-gcc.dg-struct-layout-1/t021 c_compat_x_tst.o compile
FAIL: tmpdir-gcc.dg-struct-layout-1/t021 c_compat_y_tst.o compile
UNRESOLVED: tmpdir-gcc.dg-struct-layout-1/t021 c_compat_x_tst.o-c_compat_y_tst.o link
UNRESOLVED: tmpdir-gcc.dg-struct-layout-1/t021 c_compat_x_tst.o-c_compat_y_tst.o execute
FAIL: tmpdir-gcc.dg-struct-layout-1/t022 c_compat_x_tst.o compile
FAIL: tmpdir-gcc.dg-struct-layout-1/t022 c_compat_y_tst.o compile
UNRESOLVED: tmpdir-gcc.dg-struct-layout-1/t022 c_compat_x_tst.o-c_compat_y_tst.o link
UNRESOLVED: tmpdir-gcc.dg-struct-layout-1/t022 c_compat_x_tst.o-c_compat_y_tst.o execute
FAIL: tmpdir-gcc.dg-struct-layout-1/t023 c_compat_x_tst.o compile
FAIL: tmpdir-gcc.dg-struct-layout-1/t023 c_compat_y_tst.o compile
UNRESOLVED: tmpdir-gcc.dg-struct-layout-1/t023 c_compat_x_tst.o-c_compat_y_tst.o link
UNRESOLVED: tmpdir-gcc.dg-struct-layout-1/t023 c_compat_x_tst.o-c_compat_y_tst.o execute
FAIL: tmpdir-gcc.dg-struct-layout-1/t024 c_compat_x_tst.o compile
FAIL: tmpdir-gcc.dg-struct-layout-1/t024 c_compat_y_tst.o compile
UNRESOLVED: tmpdir-gcc.dg-struct-layout-1/t024 c_compat_x_tst.o-c_compat_y_tst.o link
UNRESOLVED: tmpdir-gcc.dg-struct-layout-1/t024 c_compat_x_tst.o-c_compat_y_tst.o execute
FAIL: tmpdir-gcc.dg-struct-layout-1/t025 c_compat_x_tst.o compile
FAIL: tmpdir-gcc.dg-struct-layout-1/t025 c_compat_y_tst.o compile
UNRESOLVED: tmpdir-gcc.dg-struct-layout-1/t025 c_compat_x_tst.o-c_compat_y_tst.o link
UNRESOLVED: tmpdir-gcc.dg-struct-layout-1/t025 c_compat_x_tst.o-c_compat_y_tst.o execute
FAIL: tmpdir-gcc.dg-struct-layout-1/t026 c_compat_x_tst.o compile
FAIL: tmpdir-gcc.dg-struct-layout-1/t026 c_compat_y_tst.o compile
UNRESOLVED: tmpdir-gcc.dg-struct-layout-1/t026 c_compat_x_tst.o-c_compat_y_tst.o link
UNRESOLVED: tmpdir-gcc.dg-struct-layout-1/t026 c_compat_x_tst.o-c_compat_y_tst.o execute
FAIL: tmpdir-gcc.dg-struct-layout-1/t027 c_compat_x_tst.o compile
FAIL: tmpdir-gcc.dg-struct-layout-1/t027 c_compat_y_tst.o compile
UNRESOLVED: tmpdir-gcc.dg-struct-layout-1/t027 c_compat_x_tst.o-c_compat_y_tst.o link
UNRESOLVED: tmpdir-gcc.dg-struct-layout-1/t027 c_compat_x_tst.o-c_compat_y_tst.o execute
FAIL: tmpdir-gcc.dg-struct-layout-1/t028 c_compat_x_tst.o compile
FAIL: tmpdir-gcc.dg-struct-layout-1/t028 c_compat_y_tst.o compile
UNRESOLVED: tmpdir-gcc.dg-struct-layout-1/t028 c_compat_x_tst.o-c_compat_y_tst.o link
UNRESOLVED: tmpdir-gcc.dg-struct-layout-1/t028 c_compat_x_tst.o-c_compat_y_tst.o execute
WARNING: program timed out.
FAIL: gcc.dg/c99-intconst-1.c (test for excess errors)
FAIL: gcc.dg/ipa/ipa-5.c scan-ipa-dump-times versioned function 2
FAIL: gcc.dg/ipa/ipa-5.c scan-ipa-dump-times propagating const 2
FAIL: largefile.c -O0 -g (test for excess errors)
FAIL: largefile.c -O0 (test for excess errors)
FAIL: largefile.c -O1 (test for excess errors)
FAIL: largefile.c -O2 (test for excess errors)
FAIL: largefile.c -O3 -fomit-frame-pointer (test for excess errors)
FAIL: largefile.c -O3 -g (test for excess errors)
FAIL: largefile.c -Os (test for excess errors)
=== gcc Summary ===
# of expected passes 36248
# of unexpected failures 159
# of expected failures 74
# of unresolved testcases 57
# of untested testcases 35
# of unsupported tests 531
/build/buildd/gcc-snapshot-20051023/build/gcc/xgcc version 4.1.0 20051023 (experimental)
=== gfortran tests ===
Running target unix
FAIL: gfortran.dg/common_5.f -O (test for warnings, line 6)
FAIL: gfortran.fortran-torture/execute/intrinsic_rrspacing.f90 execution, -O0
FAIL: gfortran.fortran-torture/execute/intrinsic_rrspacing.f90 execution, -O1
FAIL: gfortran.fortran-torture/execute/intrinsic_rrspacing.f90 execution, -O2
FAIL: gfortran.fortran-torture/execute/intrinsic_rrspacing.f90 execution, -O3 -fomit-frame-pointer
FAIL: gfortran.fortran-torture/execute/intrinsic_rrspacing.f90 execution, -O3 -fomit-frame-pointer -funroll-loops
FAIL: gfortran.fortran-torture/execute/intrinsic_rrspacing.f90 execution, -O3 -fomit-frame-pointer -funroll-all-loops -finline-functions
FAIL: gfortran.fortran-torture/execute/intrinsic_rrspacing.f90 execution, -O3 -g
FAIL: gfortran.fortran-torture/execute/intrinsic_rrspacing.f90 execution, -Os
FAIL: gfortran.fortran-torture/execute/intrinsic_set_exponent.f90 execution, -O0
FAIL: gfortran.fortran-torture/execute/intrinsic_set_exponent.f90 execution, -O1
FAIL: gfortran.fortran-torture/execute/intrinsic_set_exponent.f90 execution, -O2
FAIL: gfortran.fortran-torture/execute/intrinsic_set_exponent.f90 execution, -O3 -fomit-frame-pointer
FAIL: gfortran.fortran-torture/execute/intrinsic_set_exponent.f90 execution, -O3 -fomit-frame-pointer -funroll-loops
FAIL: gfortran.fortran-torture/execute/intrinsic_set_exponent.f90 execution, -O3 -fomit-frame-pointer -funroll-all-loops -finline-functions
FAIL: gfortran.fortran-torture/execute/intrinsic_set_exponent.f90 execution, -O3 -g
FAIL: gfortran.fortran-torture/execute/intrinsic_set_exponent.f90 execution, -Os
FAIL: gfortran.fortran-torture/execute/intrinsic_spacing.f90 execution, -O0
FAIL: gfortran.fortran-torture/execute/intrinsic_spacing.f90 execution, -O1
FAIL: gfortran.fortran-torture/execute/intrinsic_spacing.f90 execution, -O2
FAIL: gfortran.fortran-torture/execute/intrinsic_spacing.f90 execution, -O3 -fomit-frame-pointer
FAIL: gfortran.fortran-torture/execute/intrinsic_spacing.f90 execution, -O3 -fomit-frame-pointer -funroll-loops
FAIL: gfortran.fortran-torture/execute/intrinsic_spacing.f90 execution, -O3 -fomit-frame-pointer -funroll-all-loops -finline-functions
FAIL: gfortran.fortran-torture/execute/intrinsic_spacing.f90 execution, -O3 -g
FAIL: gfortran.fortran-torture/execute/intrinsic_spacing.f90 execution, -Os
=== gfortran Summary ===
# of expected passes 9649
# of unexpected failures 25
# of expected failures 9
# of unsupported tests 50
/build/buildd/gcc-snapshot-20051023/build/gcc/testsuite/../gfortran version 4.1.0 20051023 (experimental)
=== obj-c++ tests ===
Running target unix
FAIL: obj-c++.dg/comp-types-10.mm (test for excess errors)
FAIL: obj-c++.dg/cxx-ivars-2.mm execution test
FAIL: obj-c++.dg/encode-8.mm execution test
FAIL: obj-c++.dg/isa-field-1.mm (test for excess errors)
FAIL: obj-c++.dg/lookup-2.mm (test for excess errors)
WARNING: obj-c++.dg/lookup-2.mm compilation failed to produce executable
FAIL: obj-c++.dg/try-catch-2.mm (test for excess errors)
WARNING: obj-c++.dg/try-catch-2.mm compilation failed to produce executable
FAIL: obj-c++.dg/try-catch-9.mm (test for excess errors)
WARNING: obj-c++.dg/try-catch-9.mm compilation failed to produce executable
=== obj-c++ Summary ===
# of expected passes 422
# of unexpected failures 7
# of unsupported tests 13
/build/buildd/gcc-snapshot-20051023/build/gcc/testsuite/../g++ version 4.1.0 20051023 (experimental)
=== objc tests ===
Running target unix
=== objc Summary ===
# of expected passes 1672
# of unsupported tests 22
/build/buildd/gcc-snapshot-20051023/build/gcc/xgcc version 4.1.0 20051023 (experimental)
=== treelang tests ===
Running target unix
=== treelang Summary ===
# of expected passes 50
Compiler version: 4.1.0 20051023 (experimental)
Platform: arm-unknown-linux-gnu
configure flags: -v --prefix=/usr/lib/gcc-snapshot --enable-shared --with-system-zlib --disable-nls --enable-__cxa_atexit --enable-libstdcxx-allocator=mt --enable-clocale=gnu --enable-libstdcxx-debug --enable-java-gc=boehm --enable-java-awt=gtk --enable-gtk-cairo --with-java-home=/usr/lib/gcc-snapshot/jre --enable-mpfr --disable-werror arm-linux-gnu --enable-languages=c,c++,fortran,java,objc,obj-c++,treelang
BOOT_CFLAGS=-O2
Build Dependencies:
Desired=Unknown/Install/Remove/Purge/Hold
| Status=Not/Installed/Config-files/Unpacked/Failed-config/Half-installed
|/ Err?=(none)/Hold/Reinst-required/X=both-problems (Status,Err: uppercase=bad)
||/ Name Version Description
+++-==============-==============-==============================================
ii binutils 2.16.1-3 The GNU assembler, linker and binary utilities
Patches that Debian applied in this version:
Counting all warnings,
there are 30 warnings in stage3 of this bootstrap.
Number of warnings per file:
11 treelang/lex.c
11 gengtype-lex.c
3 gcc/gcc.c
2 gcc/objc/lang-specs.h
2 gcc/config/arm/iwmmxt.md
1 gcc/java/jvspec.c
Number of warning types:
22 no previous prototype for `???'
6 string length `???' is greater than the length `???' ISO C89 compilers are required to support
2 source missing a mode?