This is the mail archive of the
gcc-testresults@gcc.gnu.org
mailing list for the GCC project.
Results for 4.1.0 20051018 (experimental) testsuite on alphaev67-unknown-linux-gnu
- From: Richard Henderson <rth at twiddle dot net>
- To: gcc-testresults at gcc dot gnu dot org
- Date: Wed, 19 Oct 2005 07:59:41 -0700
- Subject: Results for 4.1.0 20051018 (experimental) testsuite on alphaev67-unknown-linux-gnu
LAST_UPDATED: Wed Oct 19 00:01:49 UTC 2005
Native configuration is alphaev67-unknown-linux-gnu
=== libffi tests ===
Running target unix
=== libffi Summary ===
# of expected passes 228
# of unsupported tests 2
=== libjava tests ===
Running target unix
=== libjava Summary ===
# of expected passes 3986
# of expected failures 10
# of untested testcases 8
=== libstdc++ tests ===
Running target unix
XPASS: 27_io/fpos/14320-1.cc execution test
=== libstdc++ Summary ===
# of expected passes 3352
# of unexpected successes 1
# of expected failures 15
# of unsupported tests 319
=== g++ tests ===
Running target unix
=== g++ Summary ===
# of expected passes 11414
# of expected failures 67
# of unsupported tests 104
/home/rth/work/gcc/bld-cron/gcc/testsuite/../g++ version 4.1.0 20051018 (experimental)
=== gcc tests ===
Running target unix
WARNING: program timed out.
FAIL: gcc.c-torture/compile/20001226-1.c -O3 -g (test for excess errors)
=== gcc Summary ===
# of expected passes 36819
# of unexpected failures 1
# of expected failures 92
# of untested testcases 28
# of unsupported tests 589
/home/rth/work/gcc/bld-cron/gcc/xgcc version 4.1.0 20051018 (experimental)
=== gfortran tests ===
Running target unix
=== gfortran Summary ===
# of expected passes 9633
# of expected failures 12
# of unsupported tests 39
/home/rth/work/gcc/bld-cron/gcc/testsuite/../gfortran version 4.1.0 20051018 (experimental)
=== objc tests ===
Running target unix
=== objc Summary ===
# of expected passes 1670
# of unsupported tests 23
/home/rth/work/gcc/bld-cron/gcc/xgcc version 4.1.0 20051018 (experimental)
Compiler version: 4.1.0 20051018 (experimental)
Platform: alphaev67-unknown-linux-gnu
configure flags: --disable-libmudflap --enable-clocale=gnu --prefix=/home/rth/work/gcc/run-41 --enable-languages=c,c++,fortran,java,objc