This is the mail archive of the
gcc-testresults@gcc.gnu.org
mailing list for the GCC project.
Results for 4.1.0 20051011 (experimental) testsuite on cris-axis-elf
- From: Hans-Peter Nilsson <hans-peter dot nilsson at axis dot com>
- To: gcc-testresults at gcc dot gnu dot org
- Date: Wed, 12 Oct 2005 23:27:51 +0200
- Subject: Results for 4.1.0 20051011 (experimental) testsuite on cris-axis-elf
(gcc.dg/torture/pr23424-1.c is alocally added test.)
LAST_UPDATED: Tue Oct 11 22:12:26 UTC 2005
Target is cris-axis-elf
Host is i686-pc-linux-gnu
=== binutils tests ===
Running target cris-sim
=== binutils Summary ===
# of expected passes 33
Host is cris-axis-elf
=== libffi tests ===
Running target cris-sim
=== libffi Summary ===
# of expected passes 228
# of unsupported tests 2
Host is cris-axis-elf
=== libstdc++ tests ===
Running target cris-sim
FAIL: 23_containers/set/explicit_instantiation/1.cc (test for excess errors)
FAIL: 23_containers/set/explicit_instantiation/2.cc (test for excess errors)
WARNING: program timed out.
FAIL: 23_containers/set/modifiers/16728.cc execution test
FAIL: 27_io/basic_filebuf/close/char/1.cc execution test
FAIL: 27_io/basic_filebuf/close/char/2.cc execution test
FAIL: 27_io/basic_filebuf/close/char/4.cc execution test
FAIL: 27_io/basic_filebuf/in_avail/char/1.cc execution test
FAIL: 27_io/basic_filebuf/is_open/char/1.cc execution test
FAIL: 27_io/basic_filebuf/open/char/1.cc execution test
FAIL: 27_io/basic_filebuf/open/char/2.cc execution test
FAIL: 27_io/basic_filebuf/pbackfail/char/9761.cc execution test
FAIL: 27_io/basic_filebuf/sbumpc/char/1-in.cc execution test
FAIL: 27_io/basic_filebuf/sbumpc/char/1-io.cc execution test
FAIL: 27_io/basic_filebuf/sbumpc/char/2-in.cc execution test
FAIL: 27_io/basic_filebuf/sbumpc/char/2-io.cc execution test
FAIL: 27_io/basic_filebuf/seekoff/char/1-in.cc execution test
FAIL: 27_io/basic_filebuf/seekoff/char/1-io.cc execution test
FAIL: 27_io/basic_filebuf/seekoff/char/2-in.cc execution test
FAIL: 27_io/basic_filebuf/seekoff/char/2-io.cc execution test
FAIL: 27_io/basic_filebuf/seekoff/char/3-in.cc execution test
FAIL: 27_io/basic_filebuf/seekoff/char/3-io.cc execution test
FAIL: 27_io/basic_filebuf/seekpos/char/1-in.cc execution test
FAIL: 27_io/basic_filebuf/seekpos/char/1-io.cc execution test
FAIL: 27_io/basic_filebuf/seekpos/char/2-in.cc execution test
FAIL: 27_io/basic_filebuf/seekpos/char/2-io.cc execution test
FAIL: 27_io/basic_filebuf/setbuf/char/1.cc execution test
FAIL: 27_io/basic_filebuf/sgetc/char/1-in.cc execution test
FAIL: 27_io/basic_filebuf/sgetc/char/1-io.cc execution test
FAIL: 27_io/basic_filebuf/sgetc/char/2-in.cc execution test
FAIL: 27_io/basic_filebuf/sgetc/char/2-io.cc execution test
FAIL: 27_io/basic_filebuf/sgetn/char/1-in.cc execution test
FAIL: 27_io/basic_filebuf/sgetn/char/1-io.cc execution test
FAIL: 27_io/basic_filebuf/sgetn/char/2-in.cc execution test
FAIL: 27_io/basic_filebuf/sgetn/char/2-io.cc execution test
FAIL: 27_io/basic_filebuf/sgetn/char/3.cc execution test
FAIL: 27_io/basic_filebuf/snextc/char/1-in.cc execution test
FAIL: 27_io/basic_filebuf/snextc/char/1-io.cc execution test
FAIL: 27_io/basic_filebuf/snextc/char/2-in.cc execution test
FAIL: 27_io/basic_filebuf/snextc/char/2-io.cc execution test
FAIL: 27_io/basic_filebuf/sputbackc/char/1-in.cc execution test
FAIL: 27_io/basic_filebuf/sputbackc/char/2-in.cc execution test
FAIL: 27_io/basic_filebuf/sungetc/char/1-in.cc execution test
FAIL: 27_io/basic_filebuf/sungetc/char/2-in.cc execution test
FAIL: 27_io/basic_filebuf/underflow/10096.cc execution test
FAIL: 27_io/basic_ifstream/cons/char/1.cc execution test
FAIL: 27_io/basic_ifstream/open/char/1.cc execution test
FAIL: 27_io/basic_istream/extractors_arithmetic/char/12.cc execution test
FAIL: 27_io/basic_istream/extractors_other/char/2.cc execution test
FAIL: 27_io/basic_istream/get/char/2.cc execution test
FAIL: 27_io/basic_istream/ignore/char/3.cc execution test
FAIL: 27_io/basic_istream/readsome/char/6746-2.cc execution test
FAIL: 27_io/basic_istream/seekg/char/fstream.cc execution test
FAIL: 27_io/basic_istream/seekg/char/sstream.cc execution test
FAIL: 27_io/basic_istream/tellg/char/1.cc execution test
FAIL: 27_io/basic_istream/tellg/char/fstream.cc execution test
FAIL: 27_io/basic_istream/tellg/char/sstream.cc execution test
FAIL: 27_io/basic_ostream/inserters_other/char/1.cc execution test
WARNING: program timed out.
FAIL: 27_io/basic_stringbuf/overflow/char/1.cc execution test
FAIL: 27_io/objects/char/10.cc execution test
FAIL: 27_io/objects/char/12048-1.cc execution test
FAIL: 27_io/objects/char/12048-2.cc execution test
FAIL: 27_io/objects/char/12048-3.cc execution test
FAIL: 27_io/objects/char/12048-4.cc execution test
XPASS: 27_io/objects/char/12048-5.cc execution test
FAIL: ext/stdio_sync_filebuf/char/12048-1.cc execution test
FAIL: ext/stdio_sync_filebuf/char/12048-2.cc execution test
FAIL: ext/stdio_sync_filebuf/char/12048-3.cc execution test
FAIL: ext/stdio_sync_filebuf/char/12048-4.cc execution test
=== libstdc++ Summary ===
# of expected passes 2496
# of unexpected failures 67
# of unexpected successes 1
# of expected failures 12
# of unsupported tests 150
Host is i686-pc-linux-gnu
=== newlib tests ===
Running target cris-sim
FAIL: newlib.locale/UTF-8.c output
=== newlib Summary ===
# of expected passes 21
# of unexpected failures 1
Host is i686-pc-linux-gnu
=== newlib tests ===
Running target cris-sim
FAIL: newlib.locale/UTF-8.c output
=== newlib Summary ===
# of expected passes 21
# of unexpected failures 1
Host is i686-pc-linux-gnu
=== gas tests ===
Running target cris-sim
=== gas Summary ===
# of expected passes 614
# of expected failures 20
Host is i686-pc-linux-gnu
=== g++ tests ===
Running target cris-sim
FAIL: g++.dg/abi/bitfield12.C (test for warnings, line 3)
FAIL: g++.dg/abi/vbase10.C (test for warnings, line 13)
FAIL: g++.dg/ext/packed3.C (test for errors, line 22)
FAIL: g++.dg/ext/packed3.C (test for errors, line 24)
FAIL: g++.dg/ext/packed4.C execution test
FAIL: g++.dg/ext/packed8.C (test for errors, line 22)
FAIL: g++.dg/ext/visibility/noPLT.C (test for excess errors)
ERROR: g++.dg/ext/visibility/noPLT.C: error executing dg-final: couldn't open "noPLT.s": no such file or directory
UNRESOLVED: g++.dg/ext/visibility/noPLT.C: error executing dg-final: couldn't open "noPLT.s": no such file or directory
FAIL: g++.dg/opt/vt1.C (test for excess errors)
ERROR: g++.dg/opt/vt1.C: error executing dg-final: couldn't open "vt1.s": no such file or directory
UNRESOLVED: g++.dg/opt/vt1.C: error executing dg-final: couldn't open "vt1.s": no such file or directory
FAIL: g++.dg/other/crash-4.C (test for errors, line 18)
FAIL: g++.dg/other/crash-4.C (test for errors, line 25)
FAIL: g++.old-deja/g++.jason/thunk2.C (test for excess errors)
WARNING: g++.old-deja/g++.jason/thunk2.C compilation failed to produce executable
=== g++ Summary ===
# of expected passes 11275
# of unexpected failures 11
# of expected failures 67
# of unresolved testcases 2
# of unsupported tests 122
/home/hp/combined/cris-sim/gcc/testsuite/../g++ version 4.1.0 20051011 (experimental)
Host is i686-pc-linux-gnu
=== gcc tests ===
Running target cris-sim
FAIL: gcc.c-torture/compile/sync-1.c -O0 (test for excess errors)
FAIL: gcc.c-torture/compile/sync-1.c -O1 (test for excess errors)
FAIL: gcc.c-torture/compile/sync-1.c -O2 (test for excess errors)
FAIL: gcc.c-torture/compile/sync-1.c -O3 -fomit-frame-pointer (test for excess errors)
FAIL: gcc.c-torture/compile/sync-1.c -O3 -g (test for excess errors)
FAIL: gcc.c-torture/compile/sync-1.c -Os (test for excess errors)
WARNING: gcc.dg/20010912-1.c compilation failed to produce executable
FAIL: gcc.dg/20020430-1.c (test for excess errors)
FAIL: gcc.dg/20021018-1.c (test for excess errors)
WARNING: gcc.dg/20021018-1.c compilation failed to produce executable
FAIL: gcc.dg/20021023-1.c (test for excess errors)
FAIL: gcc.dg/20021029-1.c (test for excess errors)
ERROR: gcc.dg/20021029-1.c: error executing dg-final: couldn't open "20021029-1.s": no such file or directory
UNRESOLVED: gcc.dg/20021029-1.c: error executing dg-final: couldn't open "20021029-1.s": no such file or directory
WARNING: gcc.dg/20030225-1.c compilation failed to produce executable
FAIL: gcc.dg/20030702-1.c (test for excess errors)
FAIL: gcc.dg/20030708-1.c (test for excess errors)
FAIL: gcc.dg/20040311-2.c (test for excess errors)
FAIL: gcc.dg/Wpadded.c (test for warnings, line 10)
FAIL: gcc.dg/bitfld-3.c execution test
FAIL: gcc.dg/setjmp-1.c spurious clobbered warning (test for bogus messages, line 16)
FAIL: gcc.dg/trampoline-1.c execution test
FAIL: gcc.dg/torture/pr23424-1.c -O2 (test for excess errors)
FAIL: gcc.dg/torture/pr23424-1.c -O3 -fomit-frame-pointer (test for excess errors)
FAIL: gcc.dg/torture/pr23424-1.c -O3 -fomit-frame-pointer -funroll-loops (test for excess errors)
FAIL: gcc.dg/torture/pr23424-1.c -O3 -fomit-frame-pointer -funroll-all-loops -finline-functions (test for excess errors)
FAIL: gcc.dg/torture/pr23424-1.c -O3 -g (test for excess errors)
FAIL: gcc.dg/torture/pr23424-1.c -Os (test for excess errors)
XPASS: gcc.dg/tree-ssa/20040204-1.c scan-tree-dump-times link_error 0
FAIL: gcc.dg/tree-ssa/loop-1.c scan-assembler-times foo 5
FAIL: gcc.dg/weak/typeof-2.c scan-assembler baz3.*baz3.*baz3.*baz3.*baz3.*baz3
=== gcc Summary ===
# of expected passes 36317
# of unexpected failures 25
# of unexpected successes 1
# of expected failures 75
# of unresolved testcases 1
# of untested testcases 28
# of unsupported tests 554
/home/hp/combined/cris-sim/gcc/xgcc version 4.1.0 20051011 (experimental)
Host is i686-pc-linux-gnu
=== objc tests ===
Running target cris-sim
=== objc Summary ===
# of expected passes 1672
# of unsupported tests 22
/home/hp/combined/cris-sim/gcc/xgcc version 4.1.0 20051011 (experimental)
Host is i686-pc-linux-gnu
=== gdb tests ===
Running target cris-sim
WARNING: Assembly source test -- not implemented for this target.
ERROR: remote_download to host of /home/hp/combined/combined/gdb/testsuite/gdb.asm/.inc to gdb.asm/arch.inc: cp: cannot stat \`/home/hp/combined/combined/gdb/testsuite/gdb.asm/.inc': No such file or directory
WARNING: Testcase compile failed, so all tests in this file will automatically fail.
WARNING: Testcase compile failed, so all tests in this file will automatically fail.
WARNING: Testcase compile failed, so all tests in this file will automatically fail.
ERROR: (timeout) GDB never initialized after 10 seconds.
WARNING: remote_expect statement without a default case?!
ERROR: couldn't load /home/hp/combined/cris-sim/gdb/testsuite/gdb.asm/asm-source into /home/hp/combined/cris-sim/gdb/testsuite/../../gdb/gdb (end of file).
ERROR: Delete all breakpoints in delete_breakpoints (timeout)
UNRESOLVED: gdb.asm/asm-source.exp: setting breakpoint at main (timeout)
FAIL: gdb.asm/asm-source.exp: f at main
FAIL: gdb.asm/asm-source.exp: next over macro
FAIL: gdb.asm/asm-source.exp: step into foo2
FAIL: gdb.asm/asm-source.exp: info target (timeout)
FAIL: gdb.asm/asm-source.exp: info symbol (timeout)
FAIL: gdb.asm/asm-source.exp: list
FAIL: gdb.asm/asm-source.exp: search
FAIL: gdb.asm/asm-source.exp: f in foo2
FAIL: gdb.asm/asm-source.exp: n in foo2
FAIL: gdb.asm/asm-source.exp: bt ALL in foo2
FAIL: gdb.asm/asm-source.exp: bt 2 in foo2
FAIL: gdb.asm/asm-source.exp: s 2
FAIL: gdb.asm/asm-source.exp: n 2
FAIL: gdb.asm/asm-source.exp: bt 3 in foo3
FAIL: gdb.asm/asm-source.exp: info source asmsrc1.s
FAIL: gdb.asm/asm-source.exp: finish from foo3
FAIL: gdb.asm/asm-source.exp: info source asmsrc2.s
FAIL: gdb.asm/asm-source.exp: info sources (timeout)
FAIL: gdb.asm/asm-source.exp: info line
FAIL: gdb.asm/asm-source.exp: next over foo3
FAIL: gdb.asm/asm-source.exp: return from foo2
FAIL: gdb.asm/asm-source.exp: look at global variable
FAIL: gdb.asm/asm-source.exp: x/i &globalvar (timeout)
FAIL: gdb.asm/asm-source.exp: disassem &globalvar &globalvar+1 (timeout)
FAIL: gdb.asm/asm-source.exp: look at static variable
FAIL: gdb.asm/asm-source.exp: x/i &staticvar (timeout)
FAIL: gdb.asm/asm-source.exp: disassem &staticvar &staticvar+1 (timeout)
FAIL: gdb.asm/asm-source.exp: look at static function
ERROR: Couldn't set target for simulator.
Host is i686-pc-linux-gnu
=== ld tests ===
Running target cris-sim
=== ld Summary ===
# of expected passes 103
# of expected failures 3
# of untested testcases 18
# of unsupported tests 3
Host is i686-pc-linux-gnu
=== sim tests ===
Running target cris-sim
=== sim Summary ===
# of expected passes 287
# of untested testcases 186
Compiler version: 4.1.0 20051011 (experimental)
Platform: cris-axis-elf
configure flags: --target=cris-elf --enable-languages=c,c++,objc