This is the mail archive of the
gcc-testresults@gcc.gnu.org
mailing list for the GCC project.
Results for 4.0.2 testsuite on hppa2.0w-hp-hpux11.00
- From: Rainer Emrich <r dot emrich at de dot tecosim dot com>
- To: gcc-testresults at gcc dot gnu dot org
- Date: Wed, 12 Oct 2005 14:10:05 +0200
- Subject: Results for 4.0.2 testsuite on hppa2.0w-hp-hpux11.00
- Openpgp: id=4E8261E5;url=sks.keyserver.penguin.de
LAST_UPDATED: Obtained from CVS: -rgcc_4_0_2_release
Native configuration is hppa2.0w-hp-hpux11.00
=== g++ tests ===
Running target unix/
FAIL: g++.dg/template/array14.C (test for excess errors)
=== g++ Summary for unix/ ===
# of expected passes 10766
# of unexpected failures 1
# of expected failures 69
# of unsupported tests 128
Running target unix/-mpa-risc-2-0
FAIL: g++.dg/template/array14.C (test for excess errors)
=== g++ Summary for unix/-mpa-risc-2-0 ===
# of expected passes 10766
# of unexpected failures 1
# of expected failures 69
# of unsupported tests 128
=== g++ Summary ===
# of expected passes 21532
# of unexpected failures 2
# of expected failures 138
# of unsupported tests 256
/c3600-1/disk2/SCRATCH/gcc-build/HP-UX/hppa2.0w-hp-hpux11.00/gcc-4.0.2/gcc-4.0.2/gcc/testsuite/../g++
version 4.0.2
=== gcc tests ===
Running target unix/
XPASS: gcc.dg/const-elim-1.c scan-assembler-not L\\\\\$?C[^A-Z]
FAIL: gcc.dg/special/weak-1.c execution test
=== gcc Summary for unix/ ===
# of expected passes 33863
# of unexpected failures 1
# of unexpected successes 1
# of expected failures 69
# of untested testcases 28
# of unsupported tests 580
Running target unix/-mpa-risc-2-0
FAIL: gcc.c-torture/execute/20010122-1.c execution, -O0
FAIL: gcc.c-torture/execute/20010122-1.c execution, -O1
FAIL: gcc.c-torture/execute/20010122-1.c execution, -O2
FAIL: gcc.c-torture/execute/20010122-1.c execution, -O3 -g
FAIL: gcc.c-torture/execute/20010122-1.c execution, -Os
XPASS: gcc.dg/const-elim-1.c scan-assembler-not L\\\\\$?C[^A-Z]
FAIL: gcc.dg/special/weak-1.c execution test
=== gcc Summary for unix/-mpa-risc-2-0 ===
# of expected passes 33858
# of unexpected failures 6
# of unexpected successes 1
# of expected failures 69
# of untested testcases 28
# of unsupported tests 580
=== gcc Summary ===
# of expected passes 67721
# of unexpected failures 7
# of unexpected successes 2
# of expected failures 138
# of untested testcases 56
# of unsupported tests 1160
/c3600-1/disk2/SCRATCH/gcc-build/HP-UX/hppa2.0w-hp-hpux11.00/gcc-4.0.2/gcc-4.0.2/gcc/xgcc
version 4.0.2
=== gfortran tests ===
Running target unix/
FAIL: gfortran.dg/module_equivalence_1.f90 -O0 (test for excess errors)
WARNING: gfortran.dg/module_equivalence_1.f90 -O0 compilation failed
to produce executable
FAIL: gfortran.dg/module_equivalence_1.f90 -O1 (test for excess errors)
WARNING: gfortran.dg/module_equivalence_1.f90 -O1 compilation failed
to produce executable
FAIL: gfortran.dg/module_equivalence_1.f90 -O2 (test for excess errors)
WARNING: gfortran.dg/module_equivalence_1.f90 -O2 compilation failed
to produce executable
FAIL: gfortran.dg/module_equivalence_1.f90 -O3 -fomit-frame-pointer
(test for excess errors)
WARNING: gfortran.dg/module_equivalence_1.f90 -O3 -fomit-frame-pointer
compilation failed to produce executable
FAIL: gfortran.dg/module_equivalence_1.f90 -O3 -fomit-frame-pointer
-funroll-loops (test for excess errors)
WARNING: gfortran.dg/module_equivalence_1.f90 -O3 -fomit-frame-pointer
-funroll-loops compilation failed to produce executable
FAIL: gfortran.dg/module_equivalence_1.f90 -O3 -fomit-frame-pointer
-funroll-all-loops -finline-functions (test for excess errors)
WARNING: gfortran.dg/module_equivalence_1.f90 -O3 -fomit-frame-pointer
-funroll-all-loops -finline-functions compilation failed to produce
executable
FAIL: gfortran.dg/module_equivalence_1.f90 -O3 -g (test for excess errors)
WARNING: gfortran.dg/module_equivalence_1.f90 -O3 -g compilation
failed to produce executable
FAIL: gfortran.dg/module_equivalence_1.f90 -Os (test for excess errors)
WARNING: gfortran.dg/module_equivalence_1.f90 -Os compilation failed
to produce executable
=== gfortran Summary for unix/ ===
# of expected passes 8172
# of unexpected failures 8
# of expected failures 1
# of unsupported tests 17
Running target unix/-mpa-risc-2-0
FAIL: gfortran.dg/module_equivalence_1.f90 -O0 (test for excess errors)
WARNING: gfortran.dg/module_equivalence_1.f90 -O0 compilation failed
to produce executable
FAIL: gfortran.dg/module_equivalence_1.f90 -O1 (test for excess errors)
WARNING: gfortran.dg/module_equivalence_1.f90 -O1 compilation failed
to produce executable
FAIL: gfortran.dg/module_equivalence_1.f90 -O2 (test for excess errors)
WARNING: gfortran.dg/module_equivalence_1.f90 -O2 compilation failed
to produce executable
FAIL: gfortran.dg/module_equivalence_1.f90 -O3 -fomit-frame-pointer
(test for excess errors)
WARNING: gfortran.dg/module_equivalence_1.f90 -O3 -fomit-frame-pointer
compilation failed to produce executable
FAIL: gfortran.dg/module_equivalence_1.f90 -O3 -fomit-frame-pointer
-funroll-loops (test for excess errors)
WARNING: gfortran.dg/module_equivalence_1.f90 -O3 -fomit-frame-pointer
-funroll-loops compilation failed to produce executable
FAIL: gfortran.dg/module_equivalence_1.f90 -O3 -fomit-frame-pointer
-funroll-all-loops -finline-functions (test for excess errors)
WARNING: gfortran.dg/module_equivalence_1.f90 -O3 -fomit-frame-pointer
-funroll-all-loops -finline-functions compilation failed to produce
executable
FAIL: gfortran.dg/module_equivalence_1.f90 -O3 -g (test for excess errors)
WARNING: gfortran.dg/module_equivalence_1.f90 -O3 -g compilation
failed to produce executable
FAIL: gfortran.dg/module_equivalence_1.f90 -Os (test for excess errors)
WARNING: gfortran.dg/module_equivalence_1.f90 -Os compilation failed
to produce executable
=== gfortran Summary for unix/-mpa-risc-2-0 ===
# of expected passes 8172
# of unexpected failures 8
# of expected failures 1
# of unsupported tests 17
=== gfortran Summary ===
# of expected passes 16344
# of unexpected failures 16
# of expected failures 2
# of unsupported tests 34
/c3600-1/disk2/SCRATCH/gcc-build/HP-UX/hppa2.0w-hp-hpux11.00/gcc-4.0.2/gcc-4.0.2/gcc/testsuite/../gfortran
version 4.0.2
=== objc tests ===
Running target unix/
=== objc Summary for unix/ ===
# of expected passes 1534
# of unsupported tests 11
Running target unix/-mpa-risc-2-0
=== objc Summary for unix/-mpa-risc-2-0 ===
# of expected passes 1534
# of unsupported tests 11
=== objc Summary ===
# of expected passes 3068
# of unsupported tests 22
/c3600-1/disk2/SCRATCH/gcc-build/HP-UX/hppa2.0w-hp-hpux11.00/gcc-4.0.2/gcc-4.0.2/gcc/xgcc
version 4.0.2
=== libstdc++ tests ===
Running target unix/
FAIL: ext/mt_allocator/check_allocate_big_per_type.cc execution test
FAIL: ext/mt_allocator/check_delete.cc execution test
FAIL: ext/mt_allocator/check_new.cc execution test
FAIL: ext/mt_allocator/deallocate_global_thread-1.cc execution test
FAIL: ext/mt_allocator/deallocate_global_thread-3.cc execution test
FAIL: ext/mt_allocator/deallocate_local_thread-1.cc execution test
FAIL: ext/mt_allocator/deallocate_local_thread-3.cc execution test
FAIL: ext/mt_allocator/tune-1.cc execution test
FAIL: ext/mt_allocator/tune-2.cc execution test
FAIL: ext/mt_allocator/tune-3.cc execution test
FAIL: ext/mt_allocator/tune-4.cc execution test
=== libstdc++ Summary for unix/ ===
# of expected passes 2561
# of unexpected failures 11
# of expected failures 11
# of unsupported tests 10
Running target unix/-mpa-risc-2-0
FAIL: 26_numerics/cmath/c99_classification_macros_c.cc (test for excess
errors)
FAIL: ext/mt_allocator/check_allocate_big_per_type.cc execution test
FAIL: ext/mt_allocator/check_delete.cc execution test
FAIL: ext/mt_allocator/check_new.cc execution test
FAIL: ext/mt_allocator/deallocate_global_thread-1.cc execution test
FAIL: ext/mt_allocator/deallocate_global_thread-3.cc execution test
FAIL: ext/mt_allocator/deallocate_local_thread-1.cc execution test
FAIL: ext/mt_allocator/deallocate_local_thread-3.cc execution test
FAIL: ext/mt_allocator/tune-1.cc execution test
FAIL: ext/mt_allocator/tune-2.cc execution test
FAIL: ext/mt_allocator/tune-3.cc execution test
FAIL: ext/mt_allocator/tune-4.cc execution test
=== libstdc++ Summary for unix/-mpa-risc-2-0 ===
# of expected passes 2560
# of unexpected failures 12
# of expected failures 11
# of unsupported tests 10
=== libstdc++ Summary ===
# of expected passes 5121
# of unexpected failures 23
# of expected failures 22
# of unsupported tests 20
Compiler version: 4.0.2
Platform: hppa2.0w-hp-hpux11.00
configure flags:
--prefix=/SCRATCH/gcc-build/HP-UX/hppa2.0w-hp-hpux11.00/install
--with-gnu-as
--with-as=/SCRATCH/gcc-build/HP-UX/hppa2.0w-hp-hpux11.00/install/bin/as
--with-ld=/usr/ccs/bin/ld --enable-threads=posix --disable-shared
--disable-nls --with-gmp=/appl/shared/gnu/HP-UX/hppa2.0w-hp-hpux11.00
--with-mpfr=/appl/shared/gnu/HP-UX/hppa2.0w-hp-hpux11.00
--enable-languages=c,c++,f95,java,objc
binutils:
binutils-2.16.1
Build system:
HP-UX c3600-1 B.11.00 A 9000/785 unknown unknown HP-UX
cc for building:
gcc -mpa-risc-2-0
gcc (GCC) 4.0.1
Copyright (C) 2005 Free Software Foundation, Inc.
This is free software; see the source for copying conditions. There is NO
warranty; not even for MERCHANTABILITY or FITNESS FOR A PARTICULAR PURPOSE.
as for building:
GNU assembler 2.16.1
Copyright 2005 Free Software Foundation, Inc.
This program is free software; you may redistribute it under the terms of
the GNU General Public License. This program has absolutely no warranty.
This assembler was configured for a target of \`hppa2.0w-hp-hpux11.00'.
ld for building:
92453-07 linker command s800.sgs ld PA64 B.11.43 REL 050124
/usr/ccs/bin/ld: Usage: /usr/ccs/bin/ld [options] [flags] files
/usr/ccs/bin/ld: 92453-07 linker linker ld B.11.43 050125