This is the mail archive of the
gcc-testresults@gcc.gnu.org
mailing list for the GCC project.
Results for 4.1.0 20051005 (experimental) testsuite oni686-pc-linux-gnu
- From: Laurent GUERBY <laurent at guerby dot net>
- To: gcc-test <gcc-testresults at gcc dot gnu dot org>
- Date: Thu, 06 Oct 2005 08:19:04 +0200
- Subject: Results for 4.1.0 20051005 (experimental) testsuite oni686-pc-linux-gnu
LAST_UPDATED: Wed Oct 5 20:29:51 UTC 2005
=== acats tests ===
FAIL: c32001e
FAIL: c34007p
FAIL: c34007r
FAIL: c45282b
FAIL: c45532j
FAIL: c45532l
FAIL: c45532m
FAIL: c45532n
FAIL: c45532o
FAIL: c45532p
FAIL: c45651a
FAIL: c52103x
FAIL: c52104x
FAIL: c52104y
FAIL: c64105b
FAIL: c95086b
FAIL: ca11c01
FAIL: cdd2a02
FAIL: ce3806g
FAIL: ce3806h
FAIL: ce3810b
FAIL: cxaa008
FAIL: cxaa017
FAIL: cxf2001
FAIL: cxf2002
FAIL: cxf2003
FAIL: cxf2004
FAIL: cxf2005
FAIL: cxf2a02
FAIL: cxg2022
=== acats Summary ===
# of expected passes 2289
# of unexpected failures 30
Native configuration is i686-pc-linux-gnu
=== gcc tests ===
Running target unix
FAIL: gcc.c-torture/execute/20030125-1.c execution, -O1
FAIL: gcc.c-torture/execute/20030125-1.c execution, -O2
FAIL: gcc.c-torture/execute/20030125-1.c execution, -Os
FAIL: gcc.dg/i386-sse-vect-types.c (test for errors, line 17)
=== gcc Summary ===
# of expected passes 37514
# of unexpected failures 4
# of expected failures 96
# of untested testcases 28
# of unsupported tests 343
/home/guerby/work/gcc/build/build-20051005T224417/gcc/xgcc version 4.1.0 20051005 (experimental)
Compiler version: 4.1.0 20051005 (experimental)
Platform: i686-pc-linux-gnu
configure flags: --prefix=/home/guerby/work/gcc/install/install-20051005T224417 --enable-__cxa_atexit --disable-nls --enable-threads=posix --disable-multilib --enable-checking --enable-languages=c,ada