This is the mail archive of the
gcc-testresults@gcc.gnu.org
mailing list for the GCC project.
Results for 4.0.3 20050928 (prerelease) testsuite on mips-sgi-irix5.3
- From: Rainer Orth <ro at TechFak dot Uni-Bielefeld dot DE>
- To: gcc-testresults at gcc dot gnu dot org
- Date: Wed, 5 Oct 2005 01:07:22 +0200 (MEST)
- Subject: Results for 4.0.3 20050928 (prerelease) testsuite on mips-sgi-irix5.3
LAST_UPDATED: Thu Sep 29 16:04:09 UTC 2005
=== acats tests ===
FAIL: cxaca01
=== acats Summary ===
# of expected passes 2319
# of unexpected failures 1
Native configuration is mips-sgi-irix5.3
=== g++ tests ===
Running target unix
FAIL: g++.dg/debug/const1.C (test for excess errors)
FAIL: g++.dg/debug/const1.C (test for excess errors)
FAIL: g++.dg/debug/const1.C (test for excess errors)
FAIL: g++.dg/debug/const1.C (test for excess errors)
FAIL: g++.dg/debug/const1.C (test for excess errors)
FAIL: g++.dg/debug/const1.C (test for excess errors)
FAIL: g++.dg/debug/const1.C (test for excess errors)
FAIL: g++.dg/debug/const1.C (test for excess errors)
FAIL: g++.dg/debug/const1.C (test for excess errors)
FAIL: g++.dg/debug/const1.C (test for excess errors)
FAIL: g++.dg/debug/const1.C (test for excess errors)
FAIL: g++.dg/debug/const1.C (test for excess errors)
FAIL: g++.dg/debug/const1.C (test for excess errors)
FAIL: g++.dg/debug/const1.C (test for excess errors)
FAIL: g++.dg/debug/const1.C (test for excess errors)
FAIL: g++.dg/debug/const1.C (test for excess errors)
FAIL: g++.dg/debug/const1.C (test for excess errors)
FAIL: g++.dg/debug/const1.C (test for excess errors)
FAIL: g++.dg/debug/debug4.C (test for excess errors)
FAIL: g++.dg/debug/debug4.C (test for excess errors)
FAIL: g++.dg/debug/debug4.C (test for excess errors)
FAIL: g++.dg/debug/debug4.C (test for excess errors)
FAIL: g++.dg/debug/debug4.C (test for excess errors)
FAIL: g++.dg/debug/debug4.C (test for excess errors)
FAIL: g++.dg/debug/debug4.C (test for excess errors)
FAIL: g++.dg/debug/debug4.C (test for excess errors)
FAIL: g++.dg/debug/debug4.C (test for excess errors)
FAIL: g++.dg/debug/debug4.C (test for excess errors)
FAIL: g++.dg/debug/debug4.C (test for excess errors)
FAIL: g++.dg/debug/debug4.C (test for excess errors)
FAIL: g++.dg/debug/debug4.C (test for excess errors)
FAIL: g++.dg/debug/debug4.C (test for excess errors)
FAIL: g++.dg/debug/debug4.C (test for excess errors)
FAIL: g++.dg/debug/debug4.C (test for excess errors)
FAIL: g++.dg/debug/debug4.C (test for excess errors)
FAIL: g++.dg/debug/debug4.C (test for excess errors)
FAIL: g++.dg/debug/trivial.C (test for excess errors)
FAIL: g++.dg/debug/trivial.C (test for excess errors)
FAIL: g++.dg/debug/trivial.C (test for excess errors)
FAIL: g++.dg/debug/trivial.C (test for excess errors)
FAIL: g++.dg/debug/trivial.C (test for excess errors)
FAIL: g++.dg/debug/trivial.C (test for excess errors)
FAIL: g++.dg/debug/trivial.C (test for excess errors)
FAIL: g++.dg/debug/trivial.C (test for excess errors)
FAIL: g++.dg/debug/trivial.C (test for excess errors)
FAIL: g++.dg/debug/trivial.C (test for excess errors)
WARNING: g++.dg/debug/trivial.C compilation failed to produce executable
FAIL: g++.dg/debug/trivial.C (test for excess errors)
WARNING: g++.dg/debug/trivial.C compilation failed to produce executable
FAIL: g++.dg/debug/trivial.C (test for excess errors)
WARNING: g++.dg/debug/trivial.C compilation failed to produce executable
FAIL: g++.dg/debug/trivial.C (test for excess errors)
WARNING: g++.dg/debug/trivial.C compilation failed to produce executable
FAIL: g++.dg/debug/trivial.C (test for excess errors)
WARNING: g++.dg/debug/trivial.C compilation failed to produce executable
FAIL: g++.dg/debug/trivial.C (test for excess errors)
WARNING: g++.dg/debug/trivial.C compilation failed to produce executable
FAIL: g++.dg/debug/trivial.C (test for excess errors)
WARNING: g++.dg/debug/trivial.C compilation failed to produce executable
FAIL: g++.dg/debug/trivial.C (test for excess errors)
WARNING: g++.dg/debug/trivial.C compilation failed to produce executable
FAIL: g++.dg/debug/trivial.C (test for excess errors)
WARNING: g++.dg/debug/trivial.C compilation failed to produce executable
ERROR: g++.dg/abi/rtti1.C: error executing dg-final: couldn't execute "c++filt": no such file or directory
UNRESOLVED: g++.dg/abi/rtti1.C: error executing dg-final: couldn't execute "c++filt": no such file or directory
FAIL: g++.dg/eh/simd-2.C (test for excess errors)
WARNING: g++.dg/eh/simd-2.C compilation failed to produce executable
FAIL: g++.dg/special/conpr-1.C execution test
FAIL: g++.dg/special/conpr-2.C execution test
FAIL: g++.dg/special/conpr-3.C execution test
FAIL: g++.dg/special/conpr-4.C execution test
FAIL: g++.dg/special/initp1.C execution test
=== g++ Summary ===
# of expected passes 10903
# of unexpected failures 60
# of expected failures 69
# of unresolved testcases 1
# of unsupported tests 147
/amnt/figaro/volumes/obj-gcc/gcc/obj.irix53/gcc-4.0.3-20050928/5.3-gcc-gas/gcc/testsuite/../g++ version 4.0.3 20050928 (prerelease)
=== gcc tests ===
Running target unix
WARNING: program timed out.
FAIL: gcc.c-torture/compile/20001226-1.c (test for excess errors)
WARNING: program timed out.
FAIL: gcc.c-torture/compile/20001226-1.c (test for excess errors)
WARNING: program timed out.
FAIL: gcc.c-torture/compile/20001226-1.c (test for excess errors)
WARNING: program timed out.
FAIL: gcc.c-torture/compile/20001226-1.c (test for excess errors)
WARNING: program timed out.
FAIL: gcc.c-torture/compile/20001226-1.c (test for excess errors)
FAIL: gcc.c-torture/execute/20010124-1.c execution, -O0
FAIL: gcc.c-torture/execute/ieee/copysign1.c execution, -O0
FAIL: gcc.c-torture/execute/ieee/copysign1.c execution, -O1
FAIL: gcc.c-torture/execute/ieee/copysign1.c execution, -O2
FAIL: gcc.c-torture/execute/ieee/copysign1.c execution, -O3 -fomit-frame-pointer
FAIL: gcc.c-torture/execute/ieee/copysign1.c execution, -O3 -fomit-frame-pointer -funroll-loops
FAIL: gcc.c-torture/execute/ieee/copysign1.c execution, -O3 -fomit-frame-pointer -funroll-all-loops -finline-functions
FAIL: gcc.c-torture/execute/ieee/copysign1.c execution, -O3 -g
FAIL: gcc.c-torture/execute/ieee/copysign1.c execution, -Os
FAIL: gcc.c-torture/execute/ieee/copysign1.c execution, -O0
FAIL: gcc.c-torture/execute/ieee/copysign1.c execution, -O1
FAIL: gcc.c-torture/execute/ieee/copysign1.c execution, -O2
FAIL: gcc.c-torture/execute/ieee/copysign1.c execution, -O3 -fomit-frame-pointer
FAIL: gcc.c-torture/execute/ieee/copysign1.c execution, -O3 -fomit-frame-pointer -funroll-loops
FAIL: gcc.c-torture/execute/ieee/copysign1.c execution, -O3 -fomit-frame-pointer -funroll-all-loops -finline-functions
FAIL: gcc.c-torture/execute/ieee/copysign1.c execution, -O3 -g
FAIL: gcc.c-torture/execute/ieee/copysign1.c execution, -Os
WARNING: Could not compile gcc.dg/compat/struct-layout-1 generator
FAIL: gcc.dg/debug/20020220-1.c (test for excess errors)
FAIL: gcc.dg/debug/20020220-1.c (test for excess errors)
FAIL: gcc.dg/debug/20020220-1.c (test for excess errors)
FAIL: gcc.dg/debug/20020220-1.c (test for excess errors)
FAIL: gcc.dg/debug/20020220-1.c (test for excess errors)
FAIL: gcc.dg/debug/20020220-1.c (test for excess errors)
FAIL: gcc.dg/debug/20020220-1.c (test for excess errors)
FAIL: gcc.dg/debug/20020220-1.c (test for excess errors)
FAIL: gcc.dg/debug/20020220-1.c (test for excess errors)
FAIL: gcc.dg/debug/20020220-1.c (test for excess errors)
WARNING: gcc.dg/debug/20020220-1.c compilation failed to produce executable
FAIL: gcc.dg/debug/20020220-1.c (test for excess errors)
WARNING: gcc.dg/debug/20020220-1.c compilation failed to produce executable
FAIL: gcc.dg/debug/20020220-1.c (test for excess errors)
WARNING: gcc.dg/debug/20020220-1.c compilation failed to produce executable
FAIL: gcc.dg/debug/20020220-1.c (test for excess errors)
WARNING: gcc.dg/debug/20020220-1.c compilation failed to produce executable
FAIL: gcc.dg/debug/20020220-1.c (test for excess errors)
WARNING: gcc.dg/debug/20020220-1.c compilation failed to produce executable
FAIL: gcc.dg/debug/20020220-1.c (test for excess errors)
WARNING: gcc.dg/debug/20020220-1.c compilation failed to produce executable
FAIL: gcc.dg/debug/20020220-1.c (test for excess errors)
WARNING: gcc.dg/debug/20020220-1.c compilation failed to produce executable
FAIL: gcc.dg/debug/20020220-1.c (test for excess errors)
WARNING: gcc.dg/debug/20020220-1.c compilation failed to produce executable
FAIL: gcc.dg/debug/20020220-1.c (test for excess errors)
WARNING: gcc.dg/debug/20020220-1.c compilation failed to produce executable
FAIL: gcc.dg/debug/20020327-1.c (test for excess errors)
FAIL: gcc.dg/debug/20020327-1.c (test for excess errors)
FAIL: gcc.dg/debug/20020327-1.c (test for excess errors)
FAIL: gcc.dg/debug/20020327-1.c (test for excess errors)
FAIL: gcc.dg/debug/20020327-1.c (test for excess errors)
FAIL: gcc.dg/debug/20020327-1.c (test for excess errors)
FAIL: gcc.dg/debug/20020327-1.c (test for excess errors)
FAIL: gcc.dg/debug/20020327-1.c (test for excess errors)
FAIL: gcc.dg/debug/20020327-1.c (test for excess errors)
FAIL: gcc.dg/debug/20020327-1.c (test for excess errors)
FAIL: gcc.dg/debug/20020327-1.c (test for excess errors)
FAIL: gcc.dg/debug/20020327-1.c (test for excess errors)
FAIL: gcc.dg/debug/20020327-1.c (test for excess errors)
FAIL: gcc.dg/debug/20020327-1.c (test for excess errors)
FAIL: gcc.dg/debug/20020327-1.c (test for excess errors)
FAIL: gcc.dg/debug/20020327-1.c (test for excess errors)
FAIL: gcc.dg/debug/20020327-1.c (test for excess errors)
FAIL: gcc.dg/debug/20020327-1.c (test for excess errors)
FAIL: gcc.dg/debug/20050907-1.c (test for excess errors)
FAIL: gcc.dg/debug/20050907-1.c (test for excess errors)
FAIL: gcc.dg/debug/20050907-1.c (test for excess errors)
FAIL: gcc.dg/debug/20050907-1.c (test for excess errors)
FAIL: gcc.dg/debug/20050907-1.c (test for excess errors)
FAIL: gcc.dg/debug/20050907-1.c (test for excess errors)
FAIL: gcc.dg/debug/20050907-1.c (test for excess errors)
FAIL: gcc.dg/debug/20050907-1.c (test for excess errors)
FAIL: gcc.dg/debug/20050907-1.c (test for excess errors)
FAIL: gcc.dg/debug/20050907-1.c (test for excess errors)
FAIL: gcc.dg/debug/20050907-1.c (test for excess errors)
FAIL: gcc.dg/debug/20050907-1.c (test for excess errors)
FAIL: gcc.dg/debug/20050907-1.c (test for excess errors)
FAIL: gcc.dg/debug/20050907-1.c (test for excess errors)
FAIL: gcc.dg/debug/20050907-1.c (test for excess errors)
FAIL: gcc.dg/debug/20050907-1.c (test for excess errors)
FAIL: gcc.dg/debug/20050907-1.c (test for excess errors)
FAIL: gcc.dg/debug/20050907-1.c (test for excess errors)
FAIL: gcc.dg/debug/trivial.c (test for excess errors)
FAIL: gcc.dg/debug/trivial.c (test for excess errors)
FAIL: gcc.dg/debug/trivial.c (test for excess errors)
FAIL: gcc.dg/debug/trivial.c (test for excess errors)
FAIL: gcc.dg/debug/trivial.c (test for excess errors)
FAIL: gcc.dg/debug/trivial.c (test for excess errors)
FAIL: gcc.dg/debug/trivial.c (test for excess errors)
FAIL: gcc.dg/debug/trivial.c (test for excess errors)
FAIL: gcc.dg/debug/trivial.c (test for excess errors)
FAIL: gcc.dg/debug/trivial.c (test for excess errors)
WARNING: gcc.dg/debug/trivial.c compilation failed to produce executable
FAIL: gcc.dg/debug/trivial.c (test for excess errors)
WARNING: gcc.dg/debug/trivial.c compilation failed to produce executable
FAIL: gcc.dg/debug/trivial.c (test for excess errors)
WARNING: gcc.dg/debug/trivial.c compilation failed to produce executable
FAIL: gcc.dg/debug/trivial.c (test for excess errors)
WARNING: gcc.dg/debug/trivial.c compilation failed to produce executable
FAIL: gcc.dg/debug/trivial.c (test for excess errors)
WARNING: gcc.dg/debug/trivial.c compilation failed to produce executable
FAIL: gcc.dg/debug/trivial.c (test for excess errors)
WARNING: gcc.dg/debug/trivial.c compilation failed to produce executable
FAIL: gcc.dg/debug/trivial.c (test for excess errors)
WARNING: gcc.dg/debug/trivial.c compilation failed to produce executable
FAIL: gcc.dg/debug/trivial.c (test for excess errors)
WARNING: gcc.dg/debug/trivial.c compilation failed to produce executable
FAIL: gcc.dg/debug/trivial.c (test for excess errors)
WARNING: gcc.dg/debug/trivial.c compilation failed to produce executable
FAIL: gcc.dg/wchar_t-1.c (test for excess errors)
FAIL: gcc.dg/wint_t-1.c (test for excess errors)
FAIL: largefile.c (test for excess errors)
FAIL: largefile.c (test for excess errors)
FAIL: largefile.c (test for excess errors)
FAIL: largefile.c (test for excess errors)
FAIL: largefile.c (test for excess errors)
FAIL: largefile.c (test for excess errors)
FAIL: largefile.c (test for excess errors)
XPASS: gcc.dg/tree-ssa/20040204-1.c scan-tree-dump-times link_error 0
FAIL: gcc.dg/tree-ssa/loop-1.c scan-assembler-times foo 5
=== gcc Summary ===
# of expected passes 35371
# of unexpected failures 104
# of unexpected successes 1
# of expected failures 67
# of untested testcases 35
# of unsupported tests 490
/amnt/figaro/volumes/obj-gcc/gcc/obj.irix53/gcc-4.0.3-20050928/5.3-gcc-gas/gcc/xgcc version 4.0.3 20050928 (prerelease)
=== gfortran tests ===
Running target unix
FAIL: gfortran.dg/PR19754_2.f90 execution test
FAIL: gfortran.dg/PR19754_2.f90 execution test
FAIL: gfortran.dg/PR19754_2.f90 execution test
FAIL: gfortran.dg/PR19754_2.f90 execution test
FAIL: gfortran.dg/PR19754_2.f90 execution test
FAIL: gfortran.dg/PR19754_2.f90 execution test
FAIL: gfortran.dg/PR19754_2.f90 execution test
FAIL: gfortran.dg/PR19754_2.f90 execution test
FAIL: gfortran.dg/f2c_2.f90 execution test
FAIL: gfortran.dg/g77/erfc.f execution test
FAIL: gfortran.dg/g77/erfc.f execution test
FAIL: gfortran.dg/g77/erfc.f execution test
FAIL: gfortran.dg/g77/erfc.f execution test
FAIL: gfortran.dg/g77/erfc.f execution test
FAIL: gfortran.dg/g77/erfc.f execution test
FAIL: gfortran.dg/g77/erfc.f execution test
FAIL: gfortran.dg/g77/erfc.f execution test
FAIL: gfortran.dg/g77/intrinsic-unix-bessel.f execution test
FAIL: gfortran.dg/g77/intrinsic-unix-bessel.f execution test
FAIL: gfortran.dg/g77/intrinsic-unix-bessel.f execution test
FAIL: gfortran.dg/g77/intrinsic-unix-bessel.f execution test
FAIL: gfortran.dg/g77/intrinsic-unix-bessel.f execution test
FAIL: gfortran.dg/g77/intrinsic-unix-bessel.f execution test
FAIL: gfortran.dg/g77/intrinsic-unix-bessel.f execution test
FAIL: gfortran.dg/g77/intrinsic-unix-bessel.f execution test
FAIL: gfortran.dg/g77/intrinsic-unix-erf.f execution test
FAIL: gfortran.dg/g77/intrinsic-unix-erf.f execution test
FAIL: gfortran.dg/g77/intrinsic-unix-erf.f execution test
FAIL: gfortran.dg/g77/intrinsic-unix-erf.f execution test
FAIL: gfortran.dg/g77/intrinsic-unix-erf.f execution test
FAIL: gfortran.dg/g77/intrinsic-unix-erf.f execution test
FAIL: gfortran.dg/g77/intrinsic-unix-erf.f execution test
FAIL: gfortran.dg/g77/intrinsic-unix-erf.f execution test
FAIL: gfortran.fortran-torture/execute/csqrt_1.f90 execution, -O0
FAIL: gfortran.fortran-torture/execute/csqrt_1.f90 execution, -O1
FAIL: gfortran.fortran-torture/execute/csqrt_1.f90 execution, -O2
FAIL: gfortran.fortran-torture/execute/csqrt_1.f90 execution, -O3 -fomit-frame-pointer
FAIL: gfortran.fortran-torture/execute/csqrt_1.f90 execution, -O3 -fomit-frame-pointer -funroll-loops
FAIL: gfortran.fortran-torture/execute/csqrt_1.f90 execution, -O3 -fomit-frame-pointer -funroll-all-loops -finline-functions
FAIL: gfortran.fortran-torture/execute/csqrt_1.f90 execution, -O3 -g
FAIL: gfortran.fortran-torture/execute/csqrt_1.f90 execution, -Os
FAIL: gfortran.fortran-torture/execute/intrinsic_aint_anint.f90 execution, -O0
FAIL: gfortran.fortran-torture/execute/intrinsic_aint_anint.f90 execution, -O1
FAIL: gfortran.fortran-torture/execute/intrinsic_aint_anint.f90 execution, -O2
FAIL: gfortran.fortran-torture/execute/intrinsic_aint_anint.f90 execution, -O3 -fomit-frame-pointer
FAIL: gfortran.fortran-torture/execute/intrinsic_aint_anint.f90 execution, -O3 -fomit-frame-pointer -funroll-loops
FAIL: gfortran.fortran-torture/execute/intrinsic_aint_anint.f90 execution, -O3 -fomit-frame-pointer -funroll-all-loops -finline-functions
FAIL: gfortran.fortran-torture/execute/intrinsic_aint_anint.f90 execution, -O3 -g
FAIL: gfortran.fortran-torture/execute/intrinsic_aint_anint.f90 execution, -Os
FAIL: gfortran.fortran-torture/execute/intrinsic_set_exponent.f90 execution, -O0
FAIL: gfortran.fortran-torture/execute/intrinsic_set_exponent.f90 execution, -O1
FAIL: gfortran.fortran-torture/execute/intrinsic_set_exponent.f90 execution, -O2
FAIL: gfortran.fortran-torture/execute/intrinsic_set_exponent.f90 execution, -O3 -fomit-frame-pointer
FAIL: gfortran.fortran-torture/execute/intrinsic_set_exponent.f90 execution, -O3 -fomit-frame-pointer -funroll-loops
FAIL: gfortran.fortran-torture/execute/intrinsic_set_exponent.f90 execution, -O3 -fomit-frame-pointer -funroll-all-loops -finline-functions
FAIL: gfortran.fortran-torture/execute/intrinsic_set_exponent.f90 execution, -O3 -g
FAIL: gfortran.fortran-torture/execute/intrinsic_set_exponent.f90 execution, -Os
FAIL: gfortran.fortran-torture/execute/intrinsic_si_kind.f90 execution, -O0
FAIL: gfortran.fortran-torture/execute/intrinsic_si_kind.f90 execution, -O1
FAIL: gfortran.fortran-torture/execute/intrinsic_si_kind.f90 execution, -O2
FAIL: gfortran.fortran-torture/execute/intrinsic_si_kind.f90 execution, -O3 -fomit-frame-pointer
FAIL: gfortran.fortran-torture/execute/intrinsic_si_kind.f90 execution, -O3 -fomit-frame-pointer -funroll-loops
FAIL: gfortran.fortran-torture/execute/intrinsic_si_kind.f90 execution, -O3 -fomit-frame-pointer -funroll-all-loops -finline-functions
FAIL: gfortran.fortran-torture/execute/intrinsic_si_kind.f90 execution, -O3 -g
FAIL: gfortran.fortran-torture/execute/intrinsic_si_kind.f90 execution, -Os
FAIL: gfortran.fortran-torture/execute/math.f90 execution, -O0
FAIL: gfortran.fortran-torture/execute/math.f90 execution, -O1
FAIL: gfortran.fortran-torture/execute/math.f90 execution, -O2
FAIL: gfortran.fortran-torture/execute/math.f90 execution, -O3 -fomit-frame-pointer
FAIL: gfortran.fortran-torture/execute/math.f90 execution, -O3 -fomit-frame-pointer -funroll-loops
FAIL: gfortran.fortran-torture/execute/math.f90 execution, -O3 -fomit-frame-pointer -funroll-all-loops -finline-functions
FAIL: gfortran.fortran-torture/execute/math.f90 execution, -O3 -g
FAIL: gfortran.fortran-torture/execute/math.f90 execution, -Os
FAIL: gfortran.fortran-torture/execute/power.f90 execution, -O0
FAIL: gfortran.fortran-torture/execute/specifics.f90 execution, -O0
FAIL: gfortran.fortran-torture/execute/specifics.f90 execution, -O1
FAIL: gfortran.fortran-torture/execute/specifics.f90 execution, -O2
FAIL: gfortran.fortran-torture/execute/specifics.f90 execution, -O3 -fomit-frame-pointer
FAIL: gfortran.fortran-torture/execute/specifics.f90 execution, -O3 -fomit-frame-pointer -funroll-loops
FAIL: gfortran.fortran-torture/execute/specifics.f90 execution, -O3 -fomit-frame-pointer -funroll-all-loops -finline-functions
FAIL: gfortran.fortran-torture/execute/specifics.f90 execution, -O3 -g
FAIL: gfortran.fortran-torture/execute/specifics.f90 execution, -Os
=== gfortran Summary ===
# of expected passes 8106
# of unexpected failures 82
# of expected failures 1
# of unsupported tests 17
/amnt/figaro/volumes/obj-gcc/gcc/obj.irix53/gcc-4.0.3-20050928/5.3-gcc-gas/gcc/testsuite/../gfortran version 4.0.3 20050928 (prerelease)
=== objc tests ===
Running target unix
FAIL: objc.dg/stabs-1.m scan-assembler (.SUBSPA.*[\$]CODE[\$]|.text"?)\\n\\t.stabs.*100,0,0,(\\\\.)?L?L[\$]?etext[0-9]*\\n(\\\\.)?L?L[\$]?etext
=== objc Summary ===
# of expected passes 1535
# of unexpected failures 1
# of unsupported tests 10
/amnt/figaro/volumes/obj-gcc/gcc/obj.irix53/gcc-4.0.3-20050928/5.3-gcc-gas/gcc/xgcc version 4.0.3 20050928 (prerelease)
=== libstdc++ tests ===
Running target unix
FAIL: 22_locale/time_put/put/char/1.cc execution test
FAIL: 23_containers/vector/resize/1.cc execution test
=== libstdc++ Summary ===
# of expected passes 2560
# of unexpected failures 2
# of expected failures 11
Compiler version: 4.0.3 20050928 (prerelease)
Platform: mips-sgi-irix5.3
configure flags: --prefix=/vol/gcc --with-local-prefix=/vol/gcc --disable-nls --with-gnu-as --with-as=/vol/gcc/lib/gas-2.15 --with-gmp-dir=/vol/gnu/obj/gmp-4.1.3 --with-mpfr-dir=/vol/gnu/obj/gmp-4.1.3/mpfr --enable-languages=c,ada,c++,f95,objc
BOOT_CFLAGS=-g -O2
-----------------------------------------------------------------------------
Rainer Orth, Faculty of Technology, Bielefeld University