This is the mail archive of the
gcc-testresults@gcc.gnu.org
mailing list for the GCC project.
Results for 3.4.5 20051001 (prerelease) testsuite on sparc64-unknown-linux-gnu
- From: Christian Joensson <chj at j-son dot org>
- To: gcc-testresults at gcc dot gnu dot org
- Date: Mon, 3 Oct 2005 16:55:22 +0200
- Subject: Results for 3.4.5 20051001 (prerelease) testsuite on sparc64-unknown-linux-gnu
Aurora SPARC Linux release 2.0 (Kashmir FC3) UltraSparc I (SpitFire) sun4u:
(auroralinux corona + rathann's and rzm's FC3 updates)
binutils-2.16.91.0.2-4.sparc
bison-1.875c-2.sparc
dejagnu-1.4.4-2.noarch
expect-5.42.1-1.sparc
gcc-3.4.3-22.sparc.sparc
package gcc4 is not installed
glibc-2.3.5-0.fc3.1.sparcv9
glibc-2.3.5-0.fc3.1.sparc64
glibc-devel-2.3.5-0.fc3.1.sparc
glibc-devel-2.3.5-0.fc3.1.sparc64
glibc-headers-2.3.5-0.fc3.1.sparc
glibc-kernheaders-2.6-20sparc.sparc
gmp-4.1.4-3sparc.sparc
gmp-4.1.4-3sparc.sparc64
gmp-devel-4.1.4-3sparc.sparc
gmp-devel-4.1.4-3sparc.sparc64
kernel-2.6.13-1.1552sp1.sparc64
package kernel-devel is not installed
package kernel-smp is not installed
libgcc-3.4.3-22.sparc.sparc
libgcc-3.4.3-22.sparc.sparc64
libstdc++-3.4.3-22.sparc.sparc64
libstdc++-3.4.3-22.sparc.sparc
libstdc++-devel-3.4.3-22.sparc.sparc64
libstdc++-devel-3.4.3-22.sparc.sparc
make-3.80-5.sparc
nptl-devel-2.3.5-0.fc3.1.sparcv9
tcl-8.4.7-2.sparc
LAST_UPDATED: Sun Oct 2 10:12:56 UTC 2005
=== acats tests ===
=== acats Summary ===
# of expected passes 1965
# of unexpected failures 0
# of unsupported tests 357
Native configuration is sparc64-unknown-linux-gnu
=== g77 tests ===
Running target unix/-m64
=== g77 Summary for unix/-m64 ===
# of expected passes 1812
# of unsupported tests 6
Running target unix
=== g77 Summary for unix ===
# of expected passes 1812
# of unsupported tests 6
=== g77 Summary ===
# of expected passes 3624
# of unsupported tests 12
/usr/local/src/branch/objdir.3.4/gcc/testsuite/../g77 version 3.4.5 20051001 (prerelease)
=== gcc tests ===
Running target unix/-m64
FAIL: gcc.c-torture/execute/conversion.c execution, -O3 -fomit-frame-pointer
FAIL: gcc.c-torture/execute/conversion.c execution, -O3 -g
UNRESOLVED: gcc.c-torture/execute/simd-4.c execution, -O0
UNRESOLVED: gcc.c-torture/execute/va-arg-25.c execution, -O0
UNRESOLVED: gcc.c-torture/execute/va-arg-25.c execution, -O1
UNRESOLVED: gcc.c-torture/execute/va-arg-25.c execution, -O2
UNRESOLVED: gcc.c-torture/execute/va-arg-25.c execution, -O3 -fomit-frame-pointer
UNRESOLVED: gcc.c-torture/execute/va-arg-25.c execution, -O3 -g
UNRESOLVED: gcc.c-torture/execute/va-arg-25.c execution, -Os
UNRESOLVED: gcc.dg/compat/vector-1 c_compat_x_tst.o-c_compat_y_tst.o link
UNRESOLVED: gcc.dg/compat/vector-1 c_compat_x_tst.o-c_compat_y_tst.o execute
UNRESOLVED: gcc.dg/compat/vector-2 c_compat_x_tst.o-c_compat_y_tst.o link
UNRESOLVED: gcc.dg/compat/vector-2 c_compat_x_tst.o-c_compat_y_tst.o execute
FAIL: gcc.dg/builtins-18.c (test for excess errors)
FAIL: gcc.dg/cleanup-8.c execution test
FAIL: gcc.dg/cleanup-9.c execution test
XPASS: gcc.dg/uninit-4.c uninitialized variable warning (test for bogus messages, line 26)
FAIL: linkage.c
=== gcc Summary for unix/-m64 ===
# of expected passes 24904
# of unexpected failures 6
# of unexpected successes 1
# of expected failures 91
# of unresolved testcases 11
# of untested testcases 7
# of unsupported tests 354
Running target unix
XPASS: gcc.c-torture/compile/simd-5.c -O0 (test for excess errors)
XPASS: gcc.c-torture/compile/simd-5.c -O1 (test for excess errors)
XPASS: gcc.c-torture/execute/20020227-1.c execution, -O2
XPASS: gcc.c-torture/execute/20020227-1.c execution, -O3 -fomit-frame-pointer
XPASS: gcc.c-torture/execute/20020227-1.c execution, -O3 -g
XPASS: gcc.c-torture/execute/20020227-1.c execution, -Os
UNRESOLVED: gcc.c-torture/execute/simd-4.c execution, -O0
XPASS: gcc.c-torture/execute/va-arg-25.c compilation, -O0
XPASS: gcc.c-torture/execute/va-arg-25.c compilation, -O1
XPASS: gcc.c-torture/execute/va-arg-25.c compilation, -O2
XPASS: gcc.c-torture/execute/va-arg-25.c compilation, -O3 -fomit-frame-pointer
XPASS: gcc.c-torture/execute/va-arg-25.c compilation, -O3 -g
XPASS: gcc.c-torture/execute/va-arg-25.c compilation, -Os
UNRESOLVED: gcc.dg/compat/vector-1 c_compat_x_tst.o-c_compat_y_tst.o link
UNRESOLVED: gcc.dg/compat/vector-1 c_compat_x_tst.o-c_compat_y_tst.o execute
UNRESOLVED: gcc.dg/compat/vector-2 c_compat_x_tst.o-c_compat_y_tst.o link
UNRESOLVED: gcc.dg/compat/vector-2 c_compat_x_tst.o-c_compat_y_tst.o execute
FAIL: gcc.dg/cleanup-8.c execution test
FAIL: gcc.dg/cleanup-9.c execution test
XPASS: gcc.dg/uninit-4.c uninitialized variable warning (test for bogus messages, line 26)
=== gcc Summary for unix ===
# of expected passes 24914
# of unexpected failures 2
# of unexpected successes 13
# of expected failures 79
# of unresolved testcases 5
# of untested testcases 7
# of unsupported tests 354
=== gcc Summary ===
# of expected passes 49818
# of unexpected failures 8
# of unexpected successes 14
# of expected failures 170
# of unresolved testcases 16
# of untested testcases 14
# of unsupported tests 708
/usr/local/src/branch/objdir.3.4/gcc/xgcc version 3.4.5 20051001 (prerelease)
=== g++ tests ===
Running target unix/-m64
WARNING: g++.dg/eh/simd-1.C compilation failed to produce executable
WARNING: g++.dg/eh/simd-2.C compilation failed to produce executable
XPASS: g++.dg/rtti/tinfo1.C scan-assembler _ZTIP9CTemplateIhE:
XPASS: g++.dg/rtti/tinfo1.C scan-assembler-not .globl[ \\t]+_ZTIP9CTemplateIhE
WARNING: g++.old-deja/g++.mike/p10769a.C compilation failed to produce executable
WARNING: g++.old-deja/g++.other/enum5.C compilation failed to produce executable
XPASS: g++.old-deja/g++.other/init5.C execution test
WARNING: g++.old-deja/g++.pt/friend44.C compilation failed to produce executable
=== g++ Summary for unix/-m64 ===
# of expected passes 9852
# of unexpected successes 3
# of expected failures 70
# of unsupported tests 81
Running target unix
WARNING: g++.dg/eh/simd-1.C compilation failed to produce executable
WARNING: g++.dg/eh/simd-2.C compilation failed to produce executable
XPASS: g++.dg/rtti/tinfo1.C scan-assembler _ZTIP9CTemplateIhE:
XPASS: g++.dg/rtti/tinfo1.C scan-assembler-not .globl[ \\t]+_ZTIP9CTemplateIhE
WARNING: g++.old-deja/g++.mike/p10769a.C compilation failed to produce executable
WARNING: g++.old-deja/g++.other/enum5.C compilation failed to produce executable
XPASS: g++.old-deja/g++.other/init5.C execution test
WARNING: g++.old-deja/g++.pt/friend44.C compilation failed to produce executable
=== g++ Summary for unix ===
# of expected passes 9852
# of unexpected successes 3
# of expected failures 70
# of unsupported tests 81
=== g++ Summary ===
# of expected passes 19704
# of unexpected successes 6
# of expected failures 140
# of unsupported tests 162
/usr/local/src/branch/objdir.3.4/gcc/testsuite/../g++ version 3.4.5 20051001 (prerelease)
=== objc tests ===
Running target unix/-m64
=== objc Summary for unix/-m64 ===
# of expected passes 1352
# of unsupported tests 8
Running target unix
=== objc Summary for unix ===
# of expected passes 1352
# of unsupported tests 8
=== objc Summary ===
# of expected passes 2704
# of unsupported tests 16
/usr/local/src/branch/objdir.3.4/gcc/xgcc version 3.4.5 20051001 (prerelease)
=== treelang tests ===
Running target unix/-m64
=== treelang Summary for unix/-m64 ===
# of expected passes 1
Running target unix
=== treelang Summary for unix ===
=== treelang Summary ===
# of expected passes 1
=== libffi tests ===
Running target unix/-m64
=== libffi Summary for unix/-m64 ===
# of expected passes 212
# of unsupported tests 2
Running target unix
=== libffi Summary for unix ===
# of expected passes 212
# of unsupported tests 2
=== libffi Summary ===
# of expected passes 424
# of unsupported tests 4
=== libjava tests ===
Running target unix/-m64
FAIL: Array_3 execution - source compiled test
FAIL: Array_3 execution - gij test
FAIL: Array_3 execution - bytecode->native test
FAIL: Array_3 -O3 execution - source compiled test
FAIL: Array_3 execution - gij test
FAIL: Array_3 -O3 execution - bytecode->native test
FAIL: Invoke_1 execution - source compiled test
FAIL: Invoke_1 execution - bytecode->native test
FAIL: Invoke_1 -O3 execution - source compiled test
FAIL: Invoke_1 -O3 execution - bytecode->native test
FAIL: PR218 execution - gij test
FAIL: PR218 execution - gij test
FAIL: /usr/local/src/branch/objdir.3.4/sparc64-unknown-linux-gnu/libjava/testsuite/TestLeak.exe execution - /usr/local/src/branch/objdir.3.4/sparc64-unknown-linux-gnu/libjava/testsuite/TestLeak.exe
=== libjava Summary for unix/-m64 ===
# of expected passes 3245
# of unexpected failures 13
# of expected failures 10
# of untested testcases 21
Running target unix
WARNING: program timed out.
FAIL: SyncTest execution - source compiled test
WARNING: program timed out.
FAIL: SyncTest execution - bytecode->native test
WARNING: program timed out.
FAIL: SyncTest -O3 execution - source compiled test
WARNING: program timed out.
FAIL: SyncTest execution - gij test
WARNING: program timed out.
FAIL: SyncTest -O3 execution - bytecode->native test
=== libjava Summary for unix ===
# of expected passes 3261
# of unexpected failures 5
# of expected failures 10
# of untested testcases 13
=== libjava Summary ===
# of expected passes 6506
# of unexpected failures 18
# of expected failures 20
# of untested testcases 34
=== libstdc++ tests ===
Running target unix/-m64
WARNING: program timed out.
FAIL: 22_locale/messages/members/char/1.cc execution test
FAIL: 22_locale/messages/members/char/2.cc execution test
FAIL: 22_locale/messages/members/char/wrapped_env.cc execution test
FAIL: 22_locale/messages/members/char/wrapped_locale.cc execution test
FAIL: 22_locale/messages_byname/named_equivalence.cc execution test
XPASS: 26_numerics/c99_classification_macros_c.cc (test for excess errors)
XPASS: 27_io/fpos/14320-1.cc execution test
=== libstdc++ Summary for unix/-m64 ===
# of expected passes 2732
# of unexpected failures 5
# of unexpected successes 2
# of expected failures 5
Running target unix
WARNING: program timed out.
XPASS: 26_numerics/c99_classification_macros_c.cc (test for excess errors)
=== libstdc++ Summary for unix ===
# of expected passes 2737
# of unexpected successes 1
# of expected failures 6
=== libstdc++ Summary ===
# of expected passes 5469
# of unexpected failures 5
# of unexpected successes 3
# of expected failures 11
Compiler version: 3.4.5 20051001 (prerelease)
Platform: sparc64-unknown-linux-gnu
configure flags: --enable-__cxa_atexit --enable-shared --with-cpu=v7 --enable-languages=c,ada,c++,f77,java,objc,treelang