This is the mail archive of the
gcc-testresults@gcc.gnu.org
mailing list for the GCC project.
Results for 4.0.2 testsuite on sparc64-sun-solaris2.9
- From: eric at linux dot site (Eric Botcazou)
- To: gcc-testresults at gcc dot gnu dot org
- Date: Sun, 02 Oct 2005 11:33:57 +0200
- Subject: Results for 4.0.2 testsuite on sparc64-sun-solaris2.9
LAST_UPDATED: Fri Sep 30 07:30:03 UTC 2005
Native configuration is sparc64-sun-solaris2.9
=== g++ tests ===
Running target unix
=== g++ Summary for unix ===
# of expected passes 10945
# of expected failures 69
# of unsupported tests 121
Running target unix/-m32
=== g++ Summary for unix/-m32 ===
# of expected passes 10977
# of expected failures 69
# of unsupported tests 119
=== g++ Summary ===
# of expected passes 21922
# of expected failures 138
# of unsupported tests 240
/opt/build/eric/gcc-4_0-branch/gcc/testsuite/../g++ version 4.0.2
=== gcc tests ===
Running target unix
FAIL: largefile.c -O0 -g (test for excess errors)
FAIL: largefile.c -O0 (test for excess errors)
FAIL: largefile.c -O1 (test for excess errors)
FAIL: largefile.c -O2 (test for excess errors)
FAIL: largefile.c -O3 -fomit-frame-pointer (test for excess errors)
FAIL: largefile.c -O3 -g (test for excess errors)
FAIL: largefile.c -Os (test for excess errors)
=== gcc Summary for unix ===
# of expected passes 34604
# of unexpected failures 7
# of expected failures 94
# of untested testcases 35
# of unsupported tests 556
Running target unix/-m32
FAIL: largefile.c -O0 -g (test for excess errors)
FAIL: largefile.c -O0 (test for excess errors)
FAIL: largefile.c -O1 (test for excess errors)
FAIL: largefile.c -O2 (test for excess errors)
FAIL: largefile.c -O3 -fomit-frame-pointer (test for excess errors)
FAIL: largefile.c -O3 -g (test for excess errors)
FAIL: largefile.c -Os (test for excess errors)
=== gcc Summary for unix/-m32 ===
# of expected passes 34607
# of unexpected failures 7
# of expected failures 94
# of untested testcases 35
# of unsupported tests 554
=== gcc Summary ===
# of expected passes 69211
# of unexpected failures 14
# of expected failures 188
# of untested testcases 70
# of unsupported tests 1110
/opt/build/eric/gcc-4_0-branch/gcc/xgcc version 4.0.2
=== gfortran tests ===
Running target unix
=== gfortran Summary for unix ===
# of expected passes 8188
# of expected failures 1
# of unsupported tests 17
Running target unix/-m32
=== gfortran Summary for unix/-m32 ===
# of expected passes 8188
# of expected failures 1
# of unsupported tests 17
=== gfortran Summary ===
# of expected passes 16376
# of expected failures 2
# of unsupported tests 34
/opt/build/eric/gcc-4_0-branch/gcc/testsuite/../gfortran version 4.0.2
=== objc tests ===
Running target unix
=== objc Summary for unix ===
# of expected passes 1536
# of unsupported tests 10
Running target unix/-m32
=== objc Summary for unix/-m32 ===
# of expected passes 1536
# of unsupported tests 10
=== objc Summary ===
# of expected passes 3072
# of unsupported tests 20
/opt/build/eric/gcc-4_0-branch/gcc/xgcc version 4.0.2
=== libffi tests ===
Running target unix
=== libffi Summary for unix ===
# of expected passes 219
# of unsupported tests 2
Running target unix/-m32
=== libffi Summary for unix/-m32 ===
# of expected passes 219
# of unsupported tests 2
=== libffi Summary ===
# of expected passes 438
# of unsupported tests 4
=== libjava tests ===
Running target unix
FAIL: Array_3 execution - gij test
FAIL: Array_3 execution - gij test
FAIL: FileHandleGcTest execution - source compiled test
FAIL: FileHandleGcTest execution - gij test
FAIL: FileHandleGcTest execution - bytecode->native test
FAIL: FileHandleGcTest -O3 execution - source compiled test
FAIL: FileHandleGcTest execution - gij test
FAIL: FileHandleGcTest -O3 execution - bytecode->native test
FAIL: Throw_2 execution - gij test
FAIL: Throw_2 execution - gij test
=== libjava Summary for unix ===
# of expected passes 3793
# of unexpected failures 10
# of expected failures 14
# of untested testcases 27
Running target unix/-m32
FAIL: Array_3 execution - gij test
FAIL: Array_3 execution - gij test
FAIL: FileHandleGcTest execution - source compiled test
FAIL: FileHandleGcTest execution - gij test
FAIL: FileHandleGcTest execution - bytecode->native test
FAIL: FileHandleGcTest -O3 execution - source compiled test
FAIL: FileHandleGcTest execution - gij test
FAIL: FileHandleGcTest -O3 execution - bytecode->native test
FAIL: Throw_2 execution - source compiled test
FAIL: Throw_2 execution - gij test
FAIL: Throw_2 execution - bytecode->native test
FAIL: Throw_2 -O3 execution - source compiled test
FAIL: Throw_2 execution - gij test
FAIL: Throw_2 -O3 execution - bytecode->native test
=== libjava Summary for unix/-m32 ===
# of expected passes 3786
# of unexpected failures 14
# of expected failures 14
# of untested testcases 30
=== libjava Summary ===
# of expected passes 7579
# of unexpected failures 24
# of expected failures 28
# of untested testcases 57
=== libstdc++ tests ===
Running target unix
FAIL: ext/array_allocator/2.cc execution test
=== libstdc++ Summary for unix ===
# of expected passes 3666
# of unexpected failures 1
# of expected failures 14
Running target unix/-m32
=== libstdc++ Summary for unix/-m32 ===
# of expected passes 3667
# of expected failures 14
=== libstdc++ Summary ===
# of expected passes 7333
# of unexpected failures 1
# of expected failures 28
Compiler version: 4.0.2
Platform: sparc64-sun-solaris2.9
configure flags: sparc64-sun-solaris2.9 --prefix=/opt/build/eric/local --with-as=/usr/ccs/bin/as --with-ld=/usr/ccs/bin/ld --with-gmp=/opt/build/eric/local --with-mpfr=/opt/build/eric/local --with-local-prefix=/opt/build/eric/local --enable-languages=c,c++,f95,java,objc
BOOT_CFLAGS=-g -O2