This is the mail archive of the
gcc-testresults@gcc.gnu.org
mailing list for the GCC project.
Results for 4.0.2 testsuite on sparc-sun-solaris2.8
- From: eric at linux dot site (Eric Botcazou)
- To: gcc-testresults at gcc dot gnu dot org
- Date: Fri, 23 Sep 2005 00:14:06 +0200
- Subject: Results for 4.0.2 testsuite on sparc-sun-solaris2.8
LAST_UPDATED: Thu Sep 22 04:50:40 UTC 2005
=== acats tests ===
FAIL: ce3810b
=== acats Summary ===
# of expected passes 2319
# of unexpected failures 1
Native configuration is sparc-sun-solaris2.8
=== g++ tests ===
Running target unix
=== g++ Summary ===
# of expected passes 10980
# of expected failures 69
# of unsupported tests 117
/opt/build/eric/gcc-4_0-branch/gcc/testsuite/../g++ version 4.0.2
=== gcc tests ===
Running target unix
=== gcc Summary ===
# of expected passes 34635
# of expected failures 94
# of untested testcases 28
# of unsupported tests 550
/opt/build/eric/gcc-4_0-branch/gcc/xgcc version 4.0.2
=== gfortran tests ===
Running target unix
=== gfortran Summary ===
# of expected passes 8188
# of expected failures 1
# of unsupported tests 17
/opt/build/eric/gcc-4_0-branch/gcc/testsuite/../gfortran version 4.0.2
=== objc tests ===
Running target unix
=== objc Summary ===
# of expected passes 1536
# of unsupported tests 10
/opt/build/eric/gcc-4_0-branch/gcc/xgcc version 4.0.2
=== libffi tests ===
Running target unix
=== libffi Summary ===
# of expected passes 219
# of unsupported tests 2
=== libjava tests ===
Running target unix
FAIL: Array_3 execution - gij test
FAIL: Array_3 execution - gij test
FAIL: FileHandleGcTest execution - source compiled test
FAIL: FileHandleGcTest execution - gij test
FAIL: FileHandleGcTest execution - bytecode->native test
FAIL: FileHandleGcTest -O3 execution - source compiled test
FAIL: FileHandleGcTest execution - gij test
FAIL: FileHandleGcTest -O3 execution - bytecode->native test
=== libjava Summary ===
# of expected passes 3798
# of unexpected failures 8
# of expected failures 14
# of untested testcases 24
=== libstdc++ tests ===
Running target unix
FAIL: ext/mt_allocator/check_allocate_big_per_type.cc execution test
FAIL: ext/mt_allocator/check_delete.cc execution test
FAIL: ext/mt_allocator/check_new.cc execution test
FAIL: ext/mt_allocator/deallocate_global_thread-1.cc execution test
FAIL: ext/mt_allocator/deallocate_global_thread-3.cc execution test
FAIL: ext/mt_allocator/deallocate_local_thread-1.cc execution test
FAIL: ext/mt_allocator/deallocate_local_thread-3.cc execution test
FAIL: ext/mt_allocator/tune-1.cc execution test
FAIL: ext/mt_allocator/tune-2.cc execution test
FAIL: ext/mt_allocator/tune-3.cc execution test
FAIL: ext/mt_allocator/tune-4.cc execution test
=== libstdc++ Summary ===
# of expected passes 3656
# of unexpected failures 11
# of expected failures 14
Compiler version: 4.0.2
Platform: sparc-sun-solaris2.8
configure flags: --prefix=/opt/build/eric/local/gcc-4_0-branch --with-gmp=/opt/build/eric/local --with-mpfr=/opt/build/eric/local --with-local-prefix=/opt/build/eric/local --enable-checking=release --disable-multilib --enable-languages=c,ada,c++,f95,java,objc
BOOT_CFLAGS=-g -O2