This is the mail archive of the
gcc-testresults@gcc.gnu.org
mailing list for the GCC project.
Results for 4.0.2 20050913 (prerelease) testsuite on arm-none-elf
- From: paul at cugel dot codesourcery dot com
- To: gcc-testresults at gcc dot gnu dot org
- Date: Fri, 16 Sep 2005 08:14:15 -0700
- Subject: Results for 4.0.2 20050913 (prerelease) testsuite on arm-none-elf
LAST_UPDATED: Obtained from CVS: -rgcc-4_0-branch
Target is arm-none-elf
Host is arm-none-elf
=== libstdc++ tests ===
Running target arm-sim
FAIL: 21_strings/basic_string/capacity/char/18654.cc execution test
FAIL: 23_containers/set/modifiers/16728.cc execution test
FAIL: 27_io/basic_istream/extractors_arithmetic/char/12.cc execution test
FAIL: 27_io/basic_stringbuf/overflow/char/1.cc execution test
FAIL: 27_io/ios_base/sync_with_stdio/1.cc execution test
FAIL: 27_io/objects/char/10.cc execution test
XPASS: ext/stdio_filebuf/char/10063-2.cc execution test
XPASS: ext/stdio_filebuf/char/10063-3.cc execution test
FAIL: tr1/4_metaprogramming/other_transformations/aligned_storage/aligned_storage.cc execution test
FAIL: tr1/4_metaprogramming/type_properties/is_empty/is_empty.cc execution test
FAIL: tr1/4_metaprogramming/type_properties/is_polymorphic/is_polymorphic.cc execution test
=== libstdc++ Summary ===
# of expected passes 2525
# of unexpected failures 9
# of unexpected successes 2
# of expected failures 16
# of unsupported tests 9
Host is i686-pc-linux-gnu
=== gcc tests ===
Running target arm-sim
UNRESOLVED: gcc.c-torture/execute/20020720-1.c execution, -O1
UNRESOLVED: gcc.c-torture/execute/20020720-1.c execution, -O2
UNRESOLVED: gcc.c-torture/execute/20020720-1.c execution, -O3 -fomit-frame-pointer
UNRESOLVED: gcc.c-torture/execute/20020720-1.c execution, -O3 -g
UNRESOLVED: gcc.c-torture/execute/20020720-1.c execution, -Os
FAIL: gcc.dg/compat/vector-2 c_compat_x_tst.o compile
FAIL: gcc.dg/compat/vector-2 c_compat_y_tst.o compile
UNRESOLVED: gcc.dg/compat/vector-2 c_compat_x_tst.o-c_compat_y_tst.o link
UNRESOLVED: gcc.dg/compat/vector-2 c_compat_x_tst.o-c_compat_y_tst.o execute
XPASS: gcc.dg/const-elim-1.c scan-assembler-not L\\\\\$?C[^A-Z]
=== gcc Summary ===
# of expected passes 34115
# of unexpected failures 2
# of unexpected successes 1
# of expected failures 73
# of unresolved testcases 7
# of untested testcases 28
# of unsupported tests 539
/scratch/paul/arm/gcc-4.0.2-rc/obj-elf/gcc/xgcc version 4.0.2 20050913 (prerelease)
Host is i686-pc-linux-gnu
=== g++ tests ===
Running target arm-sim
FAIL: g++.dg/ext/attribute-test-1.C execution test
FAIL: g++.dg/ext/attribute-test-2.C execution test
WARNING: program timed out.
FAIL: g++.dg/init/array15.C execution test
WARNING: program timed out.
FAIL: g++.dg/init/array16.C execution test
XPASS: g++.dg/other/packed1.C execution test
FAIL: g++.dg/pch/system-2.C -g assembly comparison
=== g++ Summary ===
# of expected passes 10936
# of unexpected failures 5
# of unexpected successes 1
# of expected failures 70
# of unsupported tests 110
/scratch/paul/arm/gcc-4.0.2-rc/obj-elf/gcc/testsuite/../g++ version 4.0.2 20050913 (prerelease)
Compiler version: 4.0.2 20050913 (prerelease)
Platform: arm-none-elf
configure flags: --target=arm-none-elf --with-newlib --host=i686-pc-linux-gnu --prefix=/home/paul/arm --enable-languages=c,c++