This is the mail archive of the
gcc-testresults@gcc.gnu.org
mailing list for the GCC project.
Results for 4.1.0 20050907 (experimental) testsuite on hppa-unknown-linux-gnu
- From: dave at hiauly6 dot hia dot nrc dot ca (John David Anglin)
- To: dave at hiauly6 dot hia dot nrc dot ca, gcc-testresults at gcc dot gnu dot org
- Date: Thu, 8 Sep 2005 10:35:25 -0400 (EDT)
- Subject: Results for 4.1.0 20050907 (experimental) testsuite on hppa-unknown-linux-gnu
LAST_UPDATED: Wed Sep 7 22:28:32 UTC 2005
=== acats tests ===
FAIL: c32001e
FAIL: c34007p
FAIL: c34007r
FAIL: c37215h
FAIL: c45282b
FAIL: c45651a
FAIL: c52103x
FAIL: c52104f
FAIL: c52104h
FAIL: c52104x
FAIL: c52104y
FAIL: c64105b
FAIL: c940013
FAIL: c95086b
FAIL: ca11c01
FAIL: cb41002
FAIL: cd10002
FAIL: cxaa017
FAIL: cxaca01
FAIL: cxg1005
=== acats Summary ===
# of expected passes 2299
# of unexpected failures 20
Native configuration is hppa-unknown-linux-gnu
=== g++ tests ===
Running target unix
FAIL: g++.dg/opt/inline4.C (test for excess errors)
XPASS: g++.old-deja/g++.other/init5.C execution test
=== g++ Summary ===
# of expected passes 11257
# of unexpected failures 1
# of unexpected successes 1
# of expected failures 66
# of unsupported tests 101
/home/dave/gnu/gcc-4.0/objdir/gcc/testsuite/../g++ version 4.1.0 20050907 (experimental)
=== gcc tests ===
Running target unix
FAIL: gcc.dg/c90-typespec-1.c unsigned long int unsigned (test for errors, line 522)
FAIL: gcc.dg/c90-typespec-1.c (test for excess errors)
XPASS: gcc.dg/tree-ssa/loop-1.c scan-assembler-times foo 5
=== gcc Summary ===
# of expected passes 36141
# of unexpected failures 2
# of unexpected successes 1
# of expected failures 75
# of untested testcases 28
# of unsupported tests 534
/home/dave/gnu/gcc-4.0/objdir/gcc/xgcc version 4.1.0 20050907 (experimental)
=== gfortran tests ===
Running target unix
=== gfortran Summary ===
# of expected passes 8472
# of expected failures 2
# of unsupported tests 34
/home/dave/gnu/gcc-4.0/objdir/gcc/testsuite/../gfortran version 4.1.0 20050907 (experimental)
=== objc tests ===
Running target unix
=== objc Summary ===
# of expected passes 1670
# of unsupported tests 22
/home/dave/gnu/gcc-4.0/objdir/gcc/xgcc version 4.1.0 20050907 (experimental)
=== libffi tests ===
Running target unix
=== libffi Summary ===
# of expected passes 228
# of unsupported tests 2
=== libjava tests ===
Running target unix
FAIL: Serialization output - gij test
FAIL: Serialization output - gij test
FAIL: negzero output - gij test
FAIL: negzero output - gij test
=== libjava Summary ===
# of expected passes 3964
# of unexpected failures 4
# of expected failures 10
# of untested testcases 8
=== libmudflap tests ===
Running target unix
=== libmudflap Summary ===
# of expected passes 1779
=== libstdc++ tests ===
Running target unix
XPASS: 26_numerics/cmath/c99_classification_macros_c.cc (test for excess errors)
=== libstdc++ Summary ===
# of expected passes 3896
# of unexpected successes 1
# of expected failures 13
Compiler version: 4.1.0 20050907 (experimental)
Platform: hppa-unknown-linux-gnu
configure flags: --with-gnu-as --with-as=/home/dave/opt/gnu/bin/as --with-gnu-ld --with-ld=/home/dave/opt/gnu/bin/ld --enable-shared --prefix=/home/dave/opt/gnu/gcc/gcc-4.1.0 --with-local-prefix=/home/dave/opt/gnu --enable-threads=posix --enable-__cxa_atexit --host=hppa-linux --enable-clocale=gnu --enable-java-gc=boehm --enable-java-awt=xlib --enable-languages=c,ada,c++,f95,java,objc