This is the mail archive of the
gcc-testresults@gcc.gnu.org
mailing list for the GCC project.
Results for 4.1.0 20050904 (experimental) testsuite on x86_64-suse-linux-gnu
- From: eric at linux dot site (Eric Botcazou)
- To: gcc-testresults at gcc dot gnu dot org
- Date: Sun, 04 Sep 2005 20:34:35 +0200
- Subject: Results for 4.1.0 20050904 (experimental) testsuite on x86_64-suse-linux-gnu
LAST_UPDATED: Sun Sep 4 05:06:45 UTC 2005
Native configuration is x86_64-suse-linux-gnu
=== gcc tests ===
Running target unix
XPASS: gcc.dg/cpp/cmdlne-dI-M.c scan-file (^|\\\\n)cmdlne-dI-M.*:[^\\\\n]*cmdlne-dI-M.c
XPASS: gcc.dg/cpp/cmdlne-dM-M.c scan-file (^|\\\\n)cmdlne-dM-M[^\\\\n]*:[^\\\\n]*cmdlne-dM-M.c
FAIL: gcc.dg/tree-ssa/loop-3.c scan-tree-dump-times step: 1
=== gcc Summary ===
# of expected passes 37146
# of unexpected failures 1
# of unexpected successes 2
# of expected failures 98
# of untested testcases 28
# of unsupported tests 455
/home/eric/build/gcc/native/gcc/xgcc version 4.1.0 20050904 (experimental)
=== gfortran tests ===
Running target unix
=== gfortran Summary ===
# of expected passes 8463
# of expected failures 8
# of unsupported tests 16
/home/eric/build/gcc/native/gcc/testsuite/../gfortran version 4.1.0 20050904 (experimental)
=== g++ tests ===
Running target unix
XPASS: g++.old-deja/g++.other/init5.C execution test
=== g++ Summary ===
# of expected passes 11263
# of unexpected successes 1
# of expected failures 66
# of unsupported tests 92
/home/eric/build/gcc/native/gcc/testsuite/../g++ version 4.1.0 20050904 (experimental)
=== obj-c++ tests ===
Running target unix
FAIL: obj-c++.dg/bitfield-1.mm (test for excess errors)
FAIL: obj-c++.dg/bitfield-4.mm (test for excess errors)
FAIL: obj-c++.dg/comp-types-10.mm (test for excess errors)
FAIL: obj-c++.dg/cxx-ivars-2.mm execution test
FAIL: obj-c++.dg/encode-3.mm execution test
FAIL: obj-c++.dg/encode-4.mm (test for excess errors)
WARNING: obj-c++.dg/encode-4.mm compilation failed to produce executable
FAIL: obj-c++.dg/encode-5.mm (test for excess errors)
WARNING: obj-c++.dg/encode-5.mm compilation failed to produce executable
FAIL: obj-c++.dg/encode-6.mm (test for excess errors)
WARNING: obj-c++.dg/encode-6.mm compilation failed to produce executable
FAIL: obj-c++.dg/encode-8.mm execution test
FAIL: obj-c++.dg/isa-field-1.mm (test for excess errors)
FAIL: obj-c++.dg/layout-1.mm (test for excess errors)
FAIL: obj-c++.dg/lookup-2.mm (test for excess errors)
WARNING: obj-c++.dg/lookup-2.mm compilation failed to produce executable
FAIL: obj-c++.dg/method-19.mm (test for excess errors)
WARNING: obj-c++.dg/method-19.mm compilation failed to produce executable
FAIL: obj-c++.dg/try-catch-2.mm (test for excess errors)
WARNING: obj-c++.dg/try-catch-2.mm compilation failed to produce executable
FAIL: obj-c++.dg/try-catch-9.mm (test for excess errors)
WARNING: obj-c++.dg/try-catch-9.mm compilation failed to produce executable
=== obj-c++ Summary ===
# of expected passes 404
# of unexpected failures 15
# of unsupported tests 13
/home/eric/build/gcc/native/gcc/testsuite/../g++ version 4.1.0 20050904 (experimental)
=== objc tests ===
Running target unix
FAIL: objc/execute/exceptions/catchall-1.m execution, -Os -fgnu-runtime
FAIL: objc/execute/exceptions/local-variables-1.m execution, -Os -fgnu-runtime
=== objc Summary ===
# of expected passes 1666
# of unexpected failures 2
# of unsupported tests 22
/home/eric/build/gcc/native/gcc/xgcc version 4.1.0 20050904 (experimental)
=== treelang tests ===
Running target unix
=== treelang Summary ===
# of expected passes 50
=== libffi tests ===
Running target unix
=== libffi Summary ===
# of expected passes 228
# of unsupported tests 2
=== libjava tests ===
Running target unix
=== libjava Summary ===
# of expected passes 3953
# of expected failures 10
# of untested testcases 8
=== libmudflap tests ===
Running target unix
=== libmudflap Summary ===
# of expected passes 1779
=== libstdc++ tests ===
Running target unix
XPASS: 26_numerics/cmath/c99_classification_macros_c.cc (test for excess errors)
XPASS: 27_io/fpos/14320-1.cc execution test
=== libstdc++ Summary ===
# of expected passes 3896
# of unexpected successes 2
# of expected failures 12
Compiler version: 4.1.0 20050904 (experimental)
Platform: x86_64-suse-linux-gnu
configure flags: x86_64-suse-linux --prefix=/home/eric/install/gcc --enable-__cxa_atexit --enable-checking=assert,misc,tree,rtl,rtlflag --enable-languages=c,c++,f95,java,objc,obj-c++,treelang
BOOT_CFLAGS=-g -O2