This is the mail archive of the gcc-testresults@gcc.gnu.org mailing list for the GCC project.
Index Nav: | [Date Index] [Subject Index] [Author Index] [Thread Index] | |
---|---|---|
Message Nav: | [Date Prev] [Date Next] | [Thread Prev] [Thread Next] |
Other format: | [Raw text] |
LAST_UPDATED: Wed Aug 31 20:40:39 UTC 2005 Native configuration is ia64-unknown-linux-gnu === gcc tests === Running target unix FAIL: gcc.dg/builtin-apply4.c execution test XPASS: gcc.dg/tree-ssa/loop-1.c scan-assembler-times foo 5 XPASS: gcc.dg/vect/vect-30.c scan-tree-dump-times vectorized 1 loops 2 XPASS: gcc.dg/vect/vect-8.c scan-tree-dump-times vectorized 1 loops 1 === gcc Summary === # of expected passes 36128 # of unexpected failures 1 # of unexpected successes 3 # of expected failures 134 # of untested testcases 28 # of unsupported tests 525 /export/build/gnu/gcc/build-ia64-linux/gcc/xgcc version 4.1.0 20050831 (experimental) === gfortran tests === Running target unix FAIL: gfortran.dg/vect/vect-4.f90 -O scan-tree-dump-times vectorized 1 loops 1 FAIL: gfortran.dg/vect/vect-4.f90 -O scan-tree-dump-times Alignment of access forced using peeling 1 FAIL: gfortran.dg/vect/vect-4.f90 -O scan-tree-dump-times Vectorizing an unaligned access 1 === gfortran Summary === # of expected passes 8435 # of unexpected failures 3 # of expected failures 11 # of unsupported tests 18 /export/build/gnu/gcc/build-ia64-linux/gcc/testsuite/../gfortran version 4.1.0 20050831 (experimental) === g++ tests === Running target unix === g++ Summary === # of expected passes 10826 # of expected failures 67 # of unsupported tests 96 /export/build/gnu/gcc/build-ia64-linux/gcc/testsuite/../g++ version 4.1.0 20050831 (experimental) === objc tests === Running target unix FAIL: objc/execute/exceptions/local-variables-1.m compilation, -O1 -fgnu-runtime UNRESOLVED: objc/execute/exceptions/local-variables-1.m execution, -O1 -fgnu-runtime FAIL: objc/execute/exceptions/local-variables-1.m compilation, -O2 -fgnu-runtime UNRESOLVED: objc/execute/exceptions/local-variables-1.m execution, -O2 -fgnu-runtime FAIL: objc/execute/exceptions/local-variables-1.m compilation, -O3 -fomit-frame-pointer -fgnu-runtime UNRESOLVED: objc/execute/exceptions/local-variables-1.m execution, -O3 -fomit-frame-pointer -fgnu-runtime FAIL: objc/execute/exceptions/local-variables-1.m compilation, -O3 -g -fgnu-runtime UNRESOLVED: objc/execute/exceptions/local-variables-1.m execution, -O3 -g -fgnu-runtime FAIL: objc/execute/exceptions/local-variables-1.m compilation, -Os -fgnu-runtime UNRESOLVED: objc/execute/exceptions/local-variables-1.m execution, -Os -fgnu-runtime === objc Summary === # of expected passes 1656 # of unexpected failures 5 # of unresolved testcases 5 # of unsupported tests 23 /export/build/gnu/gcc/build-ia64-linux/gcc/xgcc version 4.1.0 20050831 (experimental) === libffi tests === Running target unix === libffi Summary === # of expected passes 228 # of unsupported tests 2 === libjava tests === Running target unix === libjava Summary === # of expected passes 3953 # of expected failures 10 # of untested testcases 8 === libmudflap tests === Running target unix === libmudflap Summary === # of expected passes 1779 === libstdc++ tests === Running target unix FAIL: 22_locale/locale/cons/12658_thread-2.cc execution test FAIL: 23_containers/deque/cons/clear_allocator.cc (test for excess errors) WARNING: 23_containers/deque/cons/clear_allocator.cc compilation failed to produce executable XPASS: 26_numerics/cmath/c99_classification_macros_c.cc (test for excess errors) FAIL: 27_io/basic_filebuf/sbumpc/char/2-io.cc (test for excess errors) WARNING: 27_io/basic_filebuf/sbumpc/char/2-io.cc compilation failed to produce executable FAIL: 27_io/basic_filebuf/sgetc/char/2-io.cc (test for excess errors) WARNING: 27_io/basic_filebuf/sgetc/char/2-io.cc compilation failed to produce executable FAIL: 27_io/basic_filebuf/sgetn/char/2-io.cc (test for excess errors) WARNING: 27_io/basic_filebuf/sgetn/char/2-io.cc compilation failed to produce executable FAIL: 27_io/basic_filebuf/snextc/char/2-in.cc (test for excess errors) WARNING: 27_io/basic_filebuf/snextc/char/2-in.cc compilation failed to produce executable FAIL: 27_io/basic_filebuf/snextc/char/2-io.cc (test for excess errors) WARNING: 27_io/basic_filebuf/snextc/char/2-io.cc compilation failed to produce executable XPASS: 27_io/fpos/14320-1.cc execution test === libstdc++ Summary === # of expected passes 3875 # of unexpected failures 7 # of unexpected successes 2 # of expected failures 12 Compiler version: 4.1.0 20050831 (experimental) Platform: ia64-unknown-linux-gnu configure flags: --enable-clocale=gnu --with-system-zlib --with-demangler-in-ld --enable-threads=posix --enable-haifa --disable-checking --prefix=/usr/gcc-4.1 --with-local-prefix=/usr/local --enable-languages=c,c++,f95,java,objc
Index Nav: | [Date Index] [Subject Index] [Author Index] [Thread Index] | |
---|---|---|
Message Nav: | [Date Prev] [Date Next] | [Thread Prev] [Thread Next] |