This is the mail archive of the
gcc-testresults@gcc.gnu.org
mailing list for the GCC project.
Results for 4.1.0 20050531 (experimental) testsuite on ia64-hp-hpux11.23
- From: CodeSourcery Automatic Testing System <gcc at codesourcery dot com>
- To: gcc-testresults at gcc dot gnu dot org
- Date: Tue, 31 May 2005 06:33:09 -0700
- Subject: Results for 4.1.0 20050531 (experimental) testsuite on ia64-hp-hpux11.23
LAST_UPDATED: Tue May 31 08:54:11 UTC 2005
Native configuration is ia64-hp-hpux11.23
=== g++ tests ===
Running target unix/-milp32
XPASS: g++.dg/other/packed1.C execution test
FAIL: g++.dg/tree-ssa/pr14814.C scan-tree-dump-times &this 0
FAIL: g++.dg/warn/weak1.C (test for excess errors)
WARNING: g++.dg/warn/weak1.C compilation failed to produce executable
FAIL: g++.old-deja/g++.law/profile1.C (test for excess errors)
FAIL: g++.old-deja/g++.law/profile1.C execution test
=== g++ Summary for unix/-milp32 ===
# of expected passes 10543
# of unexpected failures 4
# of unexpected successes 1
# of expected failures 70
# of unsupported tests 105
Running target unix/-mlp64
XPASS: g++.dg/other/packed1.C execution test
FAIL: g++.dg/tree-ssa/pr14814.C scan-tree-dump-times &this 0
FAIL: g++.dg/warn/weak1.C (test for excess errors)
WARNING: g++.dg/warn/weak1.C compilation failed to produce executable
FAIL: g++.old-deja/g++.law/profile1.C (test for excess errors)
FAIL: g++.old-deja/g++.law/profile1.C execution test
=== g++ Summary for unix/-mlp64 ===
# of expected passes 10511
# of unexpected failures 4
# of unexpected successes 1
# of expected failures 70
# of unsupported tests 107
=== g++ Summary ===
# of expected passes 21054
# of unexpected failures 8
# of unexpected successes 2
# of expected failures 140
# of unsupported tests 212
/scratch/gcc/nightly-2005-05-31-mainline/ia64-hp-hpux11.23/build_gcc/install/bin/c++ version 4.1.0 20050531 (experimental)
=== gcc tests ===
Running target unix/-milp32
FAIL: gcc.dg/20021014-1.c (test for excess errors)
FAIL: gcc.dg/20021014-1.c execution test
FAIL: gcc.dg/builtin-apply4.c execution test
FAIL: gcc.dg/nest.c (test for excess errors)
FAIL: gcc.dg/nest.c execution test
FAIL: gcc.dg/transparent-union-1.c (test for excess errors)
FAIL: gcc.dg/transparent-union-2.c (test for excess errors)
FAIL: largefile.c -O0 -g (test for excess errors)
FAIL: largefile.c -O0 (test for excess errors)
FAIL: largefile.c -O1 (test for excess errors)
FAIL: largefile.c -O2 (test for excess errors)
FAIL: largefile.c -O3 -fomit-frame-pointer (test for excess errors)
FAIL: largefile.c -O3 -g (test for excess errors)
FAIL: largefile.c -Os (test for excess errors)
FAIL: gcc.dg/tree-ssa/gen-vect-11b.c scan-tree-dump-times vectorized 0 loops 1
FAIL: gcc.dg/tree-ssa/gen-vect-11c.c scan-tree-dump-times vectorized 0 loops 1
FAIL: gcc.dg/vect/vect-111.c (test for excess errors)
WARNING: gcc.dg/vect/vect-111.c compilation failed to produce executable
XPASS: gcc.dg/vect/vect-22.c scan-tree-dump-times vectorized 3 loops 1
XPASS: gcc.dg/vect/vect-30.c scan-tree-dump-times vectorized 1 loops 2
XPASS: gcc.dg/vect/vect-67.c scan-tree-dump-times vectorized 1 loops 1
FAIL: gcc.dg/vect/vect-76.c execution test
XPASS: gcc.dg/vect/vect-8.c scan-tree-dump-times vectorized 1 loops 1
FAIL: gcc.dg/vect/vect-97.c (test for excess errors)
WARNING: gcc.dg/vect/vect-97.c compilation failed to produce executable
XPASS: gcc.dg/vect/vect-dv-2.c scan-tree-dump-times vectorized 2 loops 1
XPASS: gcc.dg/vect/vect-ifcvt-1.c scan-tree-dump-times vectorized 2 loops 1
=== gcc Summary for unix/-milp32 ===
# of expected passes 34465
# of unexpected failures 19
# of unexpected successes 6
# of expected failures 135
# of untested testcases 35
# of unsupported tests 506
Running target unix/-mlp64
FAIL: gcc.dg/20021014-1.c (test for excess errors)
FAIL: gcc.dg/20021014-1.c execution test
FAIL: gcc.dg/builtin-apply4.c execution test
FAIL: gcc.dg/nest.c (test for excess errors)
WARNING: program timed out.
FAIL: gcc.dg/nest.c execution test
FAIL: gcc.dg/transparent-union-1.c (test for excess errors)
FAIL: gcc.dg/transparent-union-2.c (test for excess errors)
FAIL: largefile.c -O0 -g (test for excess errors)
FAIL: largefile.c -O0 (test for excess errors)
FAIL: largefile.c -O1 (test for excess errors)
FAIL: largefile.c -O2 (test for excess errors)
FAIL: largefile.c -O3 -fomit-frame-pointer (test for excess errors)
FAIL: largefile.c -O3 -g (test for excess errors)
FAIL: largefile.c -Os (test for excess errors)
FAIL: gcc.dg/tree-ssa/gen-vect-11b.c scan-tree-dump-times vectorized 0 loops 1
FAIL: gcc.dg/tree-ssa/gen-vect-11c.c scan-tree-dump-times vectorized 0 loops 1
FAIL: gcc.dg/tree-ssa/loop-4.c scan-tree-dump-times iter 0
FAIL: gcc.dg/vect/vect-111.c (test for excess errors)
WARNING: gcc.dg/vect/vect-111.c compilation failed to produce executable
XPASS: gcc.dg/vect/vect-22.c scan-tree-dump-times vectorized 3 loops 1
XPASS: gcc.dg/vect/vect-30.c scan-tree-dump-times vectorized 1 loops 2
XPASS: gcc.dg/vect/vect-67.c scan-tree-dump-times vectorized 1 loops 1
FAIL: gcc.dg/vect/vect-76.c execution test
XPASS: gcc.dg/vect/vect-8.c scan-tree-dump-times vectorized 1 loops 1
FAIL: gcc.dg/vect/vect-97.c (test for excess errors)
WARNING: gcc.dg/vect/vect-97.c compilation failed to produce executable
XPASS: gcc.dg/vect/vect-dv-2.c scan-tree-dump-times vectorized 2 loops 1
XPASS: gcc.dg/vect/vect-ifcvt-1.c scan-tree-dump-times vectorized 2 loops 1
=== gcc Summary for unix/-mlp64 ===
# of expected passes 34465
# of unexpected failures 20
# of unexpected successes 6
# of expected failures 135
# of untested testcases 35
# of unsupported tests 506
=== gcc Summary ===
# of expected passes 68930
# of unexpected failures 39
# of unexpected successes 12
# of expected failures 270
# of untested testcases 70
# of unsupported tests 1012
/scratch/gcc/nightly-2005-05-31-mainline/ia64-hp-hpux11.23/build_gcc/install/bin/gcc version 4.1.0 20050531 (experimental)
=== libstdc++ tests ===
Running target unix/-milp32
=== libstdc++ Summary for unix/-milp32 ===
# of expected passes 2387
# of expected failures 11
# of unsupported tests 153
Running target unix/-mlp64
=== libstdc++ Summary for unix/-mlp64 ===
# of expected passes 2387
# of expected failures 11
# of unsupported tests 153
=== libstdc++ Summary ===
# of expected passes 4774
# of expected failures 22
# of unsupported tests 306
Compiler version: 4.1.0 20050531 (experimental)
Platform: ia64-hp-hpux11.23
configure flags: --disable-nls --build=ia64-hp-hpux11.23 --host=ia64-hp-hpux11.23 --target=ia64-hp-hpux11.23 --enable-threads=posix --disable-libmudflap --with-gnu-as --with-as=/scratch/gcc/nightly-2005-05-31-mainline/ia64-hp-hpux11.23/build_gcc/install/bin/as --without-gnu-ld --with-ld=/usr/ccs/bin/ld --prefix=/scratch/gcc/nightly-2005-05-31-mainline/ia64-hp-hpux11.23/build_gcc/install --enable-languages=c,c++