This is the mail archive of the
gcc-testresults@gcc.gnu.org
mailing list for the GCC project.
Results for 4.1.0 20050531 (experimental) testsuite on i686-pc-linux-gnu
- From: Joe Buck <Joe dot Buck at synopsys dot com>
- To: gcc-testresults at gcc dot gnu dot org
- Date: Tue, 31 May 2005 04:21:05 -0700
- Subject: Results for 4.1.0 20050531 (experimental) testsuite on i686-pc-linux-gnu
This is a Red Hat Enterprise (GNU/)Linux WS release 3 system,
running on a dual 2.2 GHz Intel Xeon system.
kernel: 2.4.21-4.EL (from Red Hat)
glibc: 2.3.2-95.3 (from Red Hat)
binutils: 2.14.90.0.4-26 (from Red Hat)
Only C, C++, ObjC are tested (no Java).
LAST_UPDATED: Tue May 31 08:02:12 UTC 2005
Native configuration is i686-pc-linux-gnu
=== g++ tests ===
Running target unix
FAIL: g++.dg/tree-ssa/pr14814.C scan-tree-dump-times &this 0
=== g++ Summary ===
# of expected passes 11062
# of unexpected failures 1
# of expected failures 66
# of unsupported tests 61
/var/tmp/gccbuild/trunk/gcc/testsuite/../g++ version 4.1.0 20050531 (experimental)
=== gcc tests ===
Running target unix
WARNING: program timed out.
FAIL: gcc.c-torture/compile/20001226-1.c (test for excess errors)
FAIL: gcc.c-torture/execute/920501-2.c execution, -O1
FAIL: gcc.c-torture/execute/920501-2.c execution, -O2
FAIL: gcc.c-torture/execute/920501-2.c execution, -O3 -fomit-frame-pointer
FAIL: gcc.c-torture/execute/920501-2.c execution, -O3 -fomit-frame-pointer -funroll-loops
FAIL: gcc.c-torture/execute/920501-2.c execution, -O3 -fomit-frame-pointer -funroll-all-loops -finline-functions
FAIL: gcc.c-torture/execute/920501-2.c execution, -O3 -g
XPASS: gcc.dg/vect/vect-22.c scan-tree-dump-times vectorized 3 loops 1
XPASS: gcc.dg/vect/vect-67.c scan-tree-dump-times vectorized 1 loops 1
=== gcc Summary ===
# of expected passes 35576
# of unexpected failures 7
# of unexpected successes 2
# of expected failures 102
# of untested testcases 28
# of unsupported tests 325
/var/tmp/gccbuild/trunk/gcc/xgcc version 4.1.0 20050531 (experimental)
=== objc tests ===
Running target unix
=== objc Summary ===
# of expected passes 1584
# of unsupported tests 21
/var/tmp/gccbuild/trunk/gcc/xgcc version 4.1.0 20050531 (experimental)
=== libmudflap tests ===
Running target unix
FAIL: libmudflap.c++/pass55-frag.cxx (-O3) (test for excess errors)
WARNING: libmudflap.c++/pass55-frag.cxx (-O3) compilation failed to produce executable
=== libmudflap Summary ===
# of expected passes 1329
# of unexpected failures 1
=== libstdc++ tests ===
Running target unix
FAIL: 23_containers/bitset/operations/2.cc execution test
XPASS: 26_numerics/cmath/c99_classification_macros_c.cc (test for excess errors)
=== libstdc++ Summary ===
# of expected passes 1383
# of unexpected failures 1
# of unexpected successes 1
# of expected failures 5
Compiler version: 4.1.0 20050531 (experimental)
Platform: i686-pc-linux-gnu
configure flags: --prefix=/usr/localdisk/gcc-cvs/trunk --enable-languages=c,c++,objc