This is the mail archive of the
gcc-testresults@gcc.gnu.org
mailing list for the GCC project.
Results for 4.1.0 20050529 (experimental) testsuite on hppa-unknown-linux-gnu
- From: dave at gsyprf11 dot external dot hp dot com (John David Anglin)
- To: dave at gsyprf11 dot external dot hp dot com, gcc-testresults at gcc dot gnu dot org
- Date: Mon, 30 May 2005 16:26:18 -0700 (PDT)
- Subject: Results for 4.1.0 20050529 (experimental) testsuite on hppa-unknown-linux-gnu
LAST_UPDATED: Sun May 29 17:57:14 UTC 2005
Native configuration is hppa-unknown-linux-gnu
=== g++ tests ===
Running target unix
FAIL: g++.dg/tree-ssa/pr14814.C scan-tree-dump-times &this 0
XPASS: g++.old-deja/g++.other/init5.C execution test
=== g++ Summary ===
# of expected passes 10968
# of unexpected failures 1
# of unexpected successes 1
# of expected failures 65
# of unsupported tests 97
/home/dave/gcc-4.1/objdir/gcc/testsuite/../g++ version 4.1.0 20050529 (experimental)
=== gcc tests ===
Running target unix
XPASS: gcc.dg/tree-ssa/loop-1.c scan-assembler-times foo 5
=== gcc Summary ===
# of expected passes 34572
# of unexpected successes 1
# of expected failures 77
# of untested testcases 28
# of unsupported tests 500
/home/dave/gcc-4.1/objdir/gcc/xgcc version 4.1.0 20050529 (experimental)
=== gfortran tests ===
Running target unix
FAIL: gfortran.dg/dollar_edit_descriptor-1.f -O0 (test for excess errors)
FAIL: gfortran.dg/dollar_edit_descriptor-1.f -O1 (test for excess errors)
FAIL: gfortran.dg/dollar_edit_descriptor-1.f -O2 (test for excess errors)
FAIL: gfortran.dg/dollar_edit_descriptor-1.f -O3 -fomit-frame-pointer (test for excess errors)
FAIL: gfortran.dg/dollar_edit_descriptor-1.f -O3 -fomit-frame-pointer -funroll-loops (test for excess errors)
FAIL: gfortran.dg/dollar_edit_descriptor-1.f -O3 -fomit-frame-pointer -funroll-all-loops -finline-functions (test for excess errors)
FAIL: gfortran.dg/dollar_edit_descriptor-1.f -O3 -g (test for excess errors)
FAIL: gfortran.dg/dollar_edit_descriptor-1.f -Os (test for excess errors)
FAIL: gfortran.dg/eoshift.f90 -O0 execution test
XPASS: gfortran.dg/ret_pointer_1.f90 -O0 execution test
XPASS: gfortran.dg/ret_pointer_1.f90 -O1 execution test
XPASS: gfortran.dg/ret_pointer_1.f90 -O2 execution test
XPASS: gfortran.dg/ret_pointer_1.f90 -O3 -fomit-frame-pointer execution test
XPASS: gfortran.dg/ret_pointer_1.f90 -O3 -fomit-frame-pointer -funroll-loops execution test
XPASS: gfortran.dg/ret_pointer_1.f90 -O3 -fomit-frame-pointer -funroll-all-loops -finline-functions execution test
XPASS: gfortran.dg/ret_pointer_1.f90 -O3 -g execution test
XPASS: gfortran.dg/ret_pointer_1.f90 -Os execution test
=== gfortran Summary ===
# of expected passes 6951
# of unexpected failures 9
# of unexpected successes 8
# of expected failures 18
# of unsupported tests 17
/home/dave/gcc-4.1/objdir/gcc/testsuite/../gfortran version 4.1.0 20050529 (experimental)
=== objc tests ===
Running target unix
=== objc Summary ===
# of expected passes 1584
# of unsupported tests 21
/home/dave/gcc-4.1/objdir/gcc/xgcc version 4.1.0 20050529 (experimental)
=== libffi tests ===
Running target unix
FAIL: libffi.call/cls_5byte.c output pattern test, is 127 120 1 12 128 9: 139 248 10
FAIL: libffi.call/cls_6byte.c output pattern test, is 127 120 1 128 12 128 9 127: 139 248 10 255
FAIL: libffi.call/cls_align_sint16.c output pattern test, is 12 4951 127 1 9320 13: 13 14271 140
FAIL: libffi.call/cls_align_uint16.c output pattern test, is 12 4951 127 1 9320 13: 13 14271 140
=== libffi Summary ===
# of expected passes 215
# of unexpected failures 4
# of unsupported tests 2
=== libjava tests ===
Running target unix
FAIL: Class_1 execution - source compiled test
FAIL: Class_1 execution - gij test
FAIL: Class_1 execution - bytecode->native test
FAIL: Class_1 -O3 execution - source compiled test
FAIL: Class_1 execution - gij test
FAIL: Class_1 -O3 execution - bytecode->native test
FAIL: InvokeInterface execution - gij test
FAIL: InvokeInterface execution - bytecode->native test
FAIL: InvokeInterface execution - gij test
FAIL: InvokeInterface -O3 execution - bytecode->native test
FAIL: PR12350 execution - gij test
FAIL: PR12350 execution - bytecode->native test
FAIL: PR12350 execution - gij test
FAIL: PR12350 -O3 execution - bytecode->native test
FAIL: PR12416 execution - gij test
FAIL: PR12416 execution - bytecode->native test
FAIL: PR12416 execution - gij test
FAIL: PR12416 -O3 execution - bytecode->native test
FAIL: PR218 execution - source compiled test
FAIL: PR218 execution - bytecode->native test
FAIL: PR218 -O3 execution - source compiled test
FAIL: PR218 -O3 execution - bytecode->native test
FAIL: PR260 execution - gij test
FAIL: PR260 execution - bytecode->native test
FAIL: PR260 execution - gij test
FAIL: PR260 -O3 execution - bytecode->native test
FAIL: SyncTest execution - source compiled test
FAIL: SyncTest execution - gij test
FAIL: SyncTest execution - bytecode->native test
FAIL: SyncTest -O3 execution - source compiled test
FAIL: SyncTest execution - gij test
FAIL: SyncTest -O3 execution - bytecode->native test
FAIL: Thread_Monitor execution - source compiled test
FAIL: Thread_Monitor execution - gij test
FAIL: Thread_Monitor execution - bytecode->native test
FAIL: Thread_Monitor -O3 execution - source compiled test
FAIL: Thread_Monitor -O3 execution - bytecode->native test
FAIL: invokethrow execution - gij test
FAIL: invokethrow execution - bytecode->native test
FAIL: invokethrow execution - gij test
FAIL: invokethrow -O3 execution - bytecode->native test
FAIL: pr179 execution - gij test
FAIL: pr179 execution - bytecode->native test
FAIL: pr179 execution - gij test
FAIL: pr179 -O3 execution - bytecode->native test
FAIL: pr8415 execution - gij test
FAIL: pr8415 execution - bytecode->native test
FAIL: pr8415 execution - gij test
FAIL: pr8415 -O3 execution - bytecode->native test
FAIL: stringconst2 output - source compiled test
FAIL: stringconst2 output - gij test
FAIL: stringconst2 output - bytecode->native test
FAIL: stringconst2 -O3 output - source compiled test
FAIL: stringconst2 output - gij test
FAIL: stringconst2 -O3 output - bytecode->native test
FAIL: pr21115 run
=== libjava Summary ===
# of expected passes 3728
# of unexpected failures 56
# of expected failures 10
# of untested testcases 58
=== libmudflap tests ===
Running target unix
FAIL: libmudflap.c/pass49-frag.c execution test
FAIL: libmudflap.c/pass49-frag.c output pattern test
FAIL: libmudflap.c/pass49-frag.c (-static) execution test
FAIL: libmudflap.c/pass49-frag.c (-static) output pattern test
FAIL: libmudflap.c/pass49-frag.c (-O2) execution test
FAIL: libmudflap.c/pass49-frag.c (-O2) output pattern test
FAIL: libmudflap.c/pass49-frag.c (-O3) execution test
FAIL: libmudflap.c/pass49-frag.c (-O3) output pattern test
FAIL: libmudflap.c++/pass55-frag.cxx (test for excess errors)
WARNING: libmudflap.c++/pass55-frag.cxx compilation failed to produce executable
FAIL: libmudflap.c++/pass55-frag.cxx (-static) (test for excess errors)
WARNING: libmudflap.c++/pass55-frag.cxx (-static) compilation failed to produce executable
FAIL: libmudflap.c++/pass55-frag.cxx (-O) (test for excess errors)
WARNING: libmudflap.c++/pass55-frag.cxx (-O) compilation failed to produce executable
FAIL: libmudflap.c++/pass55-frag.cxx (-O2) (test for excess errors)
WARNING: libmudflap.c++/pass55-frag.cxx (-O2) compilation failed to produce executable
FAIL: libmudflap.c++/pass55-frag.cxx (-O3) (test for excess errors)
WARNING: libmudflap.c++/pass55-frag.cxx (-O3) compilation failed to produce executable
FAIL: libmudflap.c++/pass57-frag.cxx (-O3) (test for excess errors)
WARNING: libmudflap.c++/pass57-frag.cxx (-O3) compilation failed to produce executable
WARNING: program timed out.
FAIL: libmudflap.cth/pass40-frag.c execution test
FAIL: libmudflap.cth/pass40-frag.c output pattern test
WARNING: program timed out.
FAIL: libmudflap.cth/pass40-frag.c (-static -DSTATIC) execution test
FAIL: libmudflap.cth/pass40-frag.c (-static -DSTATIC) output pattern test
WARNING: program timed out.
FAIL: libmudflap.cth/pass40-frag.c (-O2) execution test
FAIL: libmudflap.cth/pass40-frag.c (-O2) output pattern test
WARNING: program timed out.
FAIL: libmudflap.cth/pass40-frag.c (-O3) execution test
FAIL: libmudflap.cth/pass40-frag.c (-O3) output pattern test
=== libmudflap Summary ===
# of expected passes 1303
# of unexpected failures 22
=== libstdc++ tests ===
Running target unix
XPASS: 26_numerics/cmath/c99_classification_macros_c.cc (test for excess errors)
=== libstdc++ Summary ===
# of expected passes 3138
# of unexpected successes 1
# of expected failures 12
# of unsupported tests 315
Compiler version: 4.1.0 20050529 (experimental)
Platform: hppa-unknown-linux-gnu
configure flags: --with-gnu-as --with-as=/home/dave/opt/gnu/bin/as --with-gnu-ld --with-ld=/home/dave/opt/gnu/bin/ld --enable-shared --enable-nls --prefix=/home/dave/opt/gnu/gcc/gcc-4.1.0 --with-local-prefix=/home/dave/opt/gnu --enable-threads=posix --enable-__cxa_atexit --host=hppa-linux --enable-clocale=gnu --enable-java-gc=boehm --enable-java-awt=xlib --enable-languages=c,c++,f95,java,objc