This is the mail archive of the
gcc-testresults@gcc.gnu.org
mailing list for the GCC project.
Results for 3.3.6-hammer 20050117 (prerelease) testsuite on x86_64-suse-linux-gnu
- From: rschiele at uni-mannheim dot de (Robert Schiele)
- To: gcc-testresults at gcc dot gnu dot org
- Date: Mon, 30 May 2005 05:14:25 +0200
- Subject: Results for 3.3.6-hammer 20050117 (prerelease) testsuite on x86_64-suse-linux-gnu
# Some comments about the system:
# SuSE Linux 9.3 (x86-64)
# VERSION = 9.3
# bash-3.0-15
# binutils-2.15.94.0.2.2-3
# dejagnu-1.4.4-4
# expect-5.41-3
# gcc-3.3.5-5
# glibc-2.3.4-23.2
# kernel-default-2.6.11.4-20a
# make-3.80-187
# tcl-8.4.9-7
# texinfo-4.8-7
# Linux 2.6.11.4-20a-default #1 Wed Mar 23 21:52:37 UTC 2005 x86_64 x86_64 x86_64 GNU/Linux
# 5:14am up 16 days 21:22, 14 users, load average: 1.30, 1.51, 1.60
# Reading specs from /usr/lib64/gcc-lib/x86_64-suse-linux/3.3.5/specs
# Configured with: ../configure --enable-threads=posix --prefix=/usr --with-local-prefix=/usr/local --infodir=/usr/share/info --mandir=/usr/share/man --enable-languages=c,c++,f77,objc,java,ada --disable-checking --libdir=/usr/lib64 --enable-libgcj --with-slibdir=/lib64 --with-system-zlib --enable-shared --enable-__cxa_atexit x86_64-suse-linux
# Thread model: posix
# gcc version 3.3.5 20050117 (prerelease) (SUSE Linux)
# GNU C Library stable release version 2.3.4 (20050218), by Roland McGrath et al.
# Configured for i586-suse-linux.
# Compiled by GNU CC version 3.3.5 20050117 (prerelease) (SUSE Linux).
# Compiled on a Linux 2.6.9 system on 2005-04-22.
# Available extensions:
# GNU libio by Per Bothner
# crypt add-on version 2.1 by Michael Glad and others
# linuxthreads-0.10 by Xavier Leroy
# GNU Libidn by Simon Josefsson
# NoVersion patch for broken glibc 2.0 binaries
# BIND-8.2.3-T5B
# libthread_db work sponsored by Alpha Processor Inc
# NIS(YP)/NIS+ NSS modules 0.19 by Thorsten Kukuk
# Thread-local storage support included.
# For bug reporting instructions, please see:
# <http://www.gnu.org/software/libc/bugs.html>.
LAST_UPDATED: Sun May 29 23:59:34 UTC 2005
Native configuration is x86_64-suse-linux-gnu
=== g77 tests ===
Running target unix
FAIL: g77.dg/ffree-form-2.f -O0 (test for excess errors)
FAIL: g77.dg/ffree-form-2.f -O1 (test for excess errors)
FAIL: g77.dg/ffree-form-2.f -O2 (test for excess errors)
FAIL: g77.dg/ffree-form-2.f -O3 -fomit-frame-pointer (test for excess errors)
FAIL: g77.dg/ffree-form-2.f -O3 -g (test for excess errors)
FAIL: g77.dg/ffree-form-2.f -Os (test for excess errors)
FAIL: g77.f-torture/compile/xformat.f, -O0
FAIL: g77.f-torture/compile/xformat.f, -O1
FAIL: g77.f-torture/compile/xformat.f, -O2
FAIL: g77.f-torture/compile/xformat.f, -O3 -fomit-frame-pointer
FAIL: g77.f-torture/compile/xformat.f, -O3 -g
FAIL: g77.f-torture/compile/xformat.f, -Os
FAIL: g77.f-torture/compile/8485.f, -O0
FAIL: g77.f-torture/compile/8485.f, -O1
FAIL: g77.f-torture/compile/8485.f, -O2
FAIL: g77.f-torture/compile/8485.f, -O3 -fomit-frame-pointer
FAIL: g77.f-torture/compile/8485.f, -O3 -g
FAIL: g77.f-torture/compile/8485.f, -Os
FAIL: g77.f-torture/execute/12884.f execution, -O0
FAIL: g77.f-torture/execute/12884.f execution, -O1
FAIL: g77.f-torture/execute/12884.f execution, -O2
FAIL: g77.f-torture/execute/12884.f execution, -O3 -fomit-frame-pointer
FAIL: g77.f-torture/execute/12884.f execution, -O3 -g
FAIL: g77.f-torture/execute/12884.f execution, -Os
FAIL: g77.f-torture/execute/int8421.f compilation, -O0
FAIL: g77.f-torture/execute/int8421.f compilation, -O1
FAIL: g77.f-torture/execute/int8421.f compilation, -O2
FAIL: g77.f-torture/execute/int8421.f compilation, -O3 -fomit-frame-pointer
FAIL: g77.f-torture/execute/int8421.f compilation, -O3 -g
FAIL: g77.f-torture/execute/int8421.f compilation, -Os
=== g77 Summary ===
# of expected passes 1764
# of unexpected failures 30
# of untested testcases 6
# of unsupported tests 8
/home/robert/stuff/gcc/build/gcc/testsuite/../g77 version 3.3.6-hammer 20050117 (prerelease)
=== gcc tests ===
Running target unix
FAIL: gcc.c-torture/compile/mangle-1.c, -O0
FAIL: gcc.c-torture/compile/mangle-1.c, -O1
FAIL: gcc.c-torture/compile/mangle-1.c, -O2
FAIL: gcc.c-torture/compile/mangle-1.c, -O3 -fomit-frame-pointer
FAIL: gcc.c-torture/compile/mangle-1.c, -O3 -g
FAIL: gcc.c-torture/compile/mangle-1.c, -Os
FAIL: gcc.c-torture/compile/20030725-1.c, -O0
FAIL: gcc.c-torture/compile/20030725-1.c, -O1
FAIL: gcc.c-torture/compile/20030725-1.c, -O2
FAIL: gcc.c-torture/compile/20030725-1.c, -O3 -fomit-frame-pointer
FAIL: gcc.c-torture/compile/20030725-1.c, -O3 -g
FAIL: gcc.c-torture/compile/20040602-1.c, -O0
FAIL: gcc.c-torture/compile/20040602-1.c, -O1
FAIL: gcc.c-torture/compile/20040602-1.c, -O2
FAIL: gcc.c-torture/compile/20040602-1.c, -O3 -fomit-frame-pointer
FAIL: gcc.c-torture/compile/20040602-1.c, -O3 -g
FAIL: gcc.c-torture/compile/20040602-1.c, -Os
FAIL: gcc.c-torture/compile/20040214-1.c, -O2
FAIL: gcc.c-torture/compile/20040214-1.c, -O3 -fomit-frame-pointer
FAIL: gcc.c-torture/compile/20040214-1.c, -O3 -g
FAIL: gcc.c-torture/compile/20040214-1.c, -Os
FAIL: gcc.c-torture/execute/builtins/string-4.c compilation, -O0
UNRESOLVED: gcc.c-torture/execute/builtins/string-4.c execution, -O0
FAIL: gcc.c-torture/execute/builtins/string-4.c compilation, -O1
UNRESOLVED: gcc.c-torture/execute/builtins/string-4.c execution, -O1
FAIL: gcc.c-torture/execute/builtins/string-4.c compilation, -O2
UNRESOLVED: gcc.c-torture/execute/builtins/string-4.c execution, -O2
FAIL: gcc.c-torture/execute/builtins/string-4.c compilation, -O3 -fomit-frame-pointer
UNRESOLVED: gcc.c-torture/execute/builtins/string-4.c execution, -O3 -fomit-frame-pointer
FAIL: gcc.c-torture/execute/builtins/string-4.c compilation, -O3 -g
UNRESOLVED: gcc.c-torture/execute/builtins/string-4.c execution, -O3 -g
FAIL: gcc.c-torture/execute/builtins/string-4.c compilation, -Os
UNRESOLVED: gcc.c-torture/execute/builtins/string-4.c execution, -Os
FAIL: gcc.c-torture/execute/builtins/string-5.c compilation, -O0
UNRESOLVED: gcc.c-torture/execute/builtins/string-5.c execution, -O0
FAIL: gcc.c-torture/execute/builtins/string-5.c compilation, -O1
UNRESOLVED: gcc.c-torture/execute/builtins/string-5.c execution, -O1
FAIL: gcc.c-torture/execute/builtins/string-5.c compilation, -O2
UNRESOLVED: gcc.c-torture/execute/builtins/string-5.c execution, -O2
FAIL: gcc.c-torture/execute/builtins/string-5.c compilation, -O3 -fomit-frame-pointer
UNRESOLVED: gcc.c-torture/execute/builtins/string-5.c execution, -O3 -fomit-frame-pointer
FAIL: gcc.c-torture/execute/builtins/string-5.c compilation, -O3 -g
UNRESOLVED: gcc.c-torture/execute/builtins/string-5.c execution, -O3 -g
FAIL: gcc.c-torture/execute/builtins/string-5.c compilation, -Os
UNRESOLVED: gcc.c-torture/execute/builtins/string-5.c execution, -Os
FAIL: gcc.c-torture/execute/builtins/string-7.c compilation, -O0
UNRESOLVED: gcc.c-torture/execute/builtins/string-7.c execution, -O0
FAIL: gcc.c-torture/execute/builtins/string-7.c compilation, -O1
UNRESOLVED: gcc.c-torture/execute/builtins/string-7.c execution, -O1
FAIL: gcc.c-torture/execute/builtins/string-7.c compilation, -O2
UNRESOLVED: gcc.c-torture/execute/builtins/string-7.c execution, -O2
FAIL: gcc.c-torture/execute/builtins/string-7.c compilation, -O3 -fomit-frame-pointer
UNRESOLVED: gcc.c-torture/execute/builtins/string-7.c execution, -O3 -fomit-frame-pointer
FAIL: gcc.c-torture/execute/builtins/string-7.c compilation, -O3 -g
UNRESOLVED: gcc.c-torture/execute/builtins/string-7.c execution, -O3 -g
FAIL: gcc.c-torture/execute/builtins/string-7.c compilation, -Os
UNRESOLVED: gcc.c-torture/execute/builtins/string-7.c execution, -Os
FAIL: gcc.c-torture/execute/builtins/string-8.c execution, -O2
FAIL: gcc.c-torture/execute/builtins/string-8.c execution, -O3 -fomit-frame-pointer
FAIL: gcc.c-torture/execute/builtins/string-8.c execution, -O3 -g
FAIL: gcc.c-torture/execute/builtins/string-9.c execution, -O1
FAIL: gcc.c-torture/execute/builtins/string-9.c execution, -O2
FAIL: gcc.c-torture/execute/builtins/string-9.c execution, -O3 -fomit-frame-pointer
FAIL: gcc.c-torture/execute/builtins/string-9.c execution, -O3 -fomit-frame-pointer -funroll-loops
FAIL: gcc.c-torture/execute/builtins/string-9.c execution, -O3 -fomit-frame-pointer -funroll-all-loops -finline-functions
FAIL: gcc.c-torture/execute/builtins/string-9.c execution, -O3 -g
XPASS: gcc.c-torture/execute/20020227-1.c execution, -O0
XPASS: gcc.c-torture/execute/20020227-1.c execution, -O1
XPASS: gcc.c-torture/execute/20020227-1.c execution, -O2
XPASS: gcc.c-torture/execute/20020227-1.c execution, -O3 -fomit-frame-pointer
XPASS: gcc.c-torture/execute/20020227-1.c execution, -O3 -g
XPASS: gcc.c-torture/execute/20020227-1.c execution, -Os
XPASS: gcc.c-torture/execute/20020720-1.c compilation, -O1
XPASS: gcc.c-torture/execute/20020720-1.c compilation, -O2
XPASS: gcc.c-torture/execute/20020720-1.c compilation, -O3 -fomit-frame-pointer
XPASS: gcc.c-torture/execute/20020720-1.c compilation, -O3 -g
XPASS: gcc.c-torture/execute/20020720-1.c compilation, -Os
FAIL: gcc.c-torture/execute/20030916-1.c execution, -O2
FAIL: gcc.c-torture/execute/20030916-1.c execution, -O3 -fomit-frame-pointer
FAIL: gcc.c-torture/execute/20030916-1.c execution, -O3 -fomit-frame-pointer -funroll-loops
FAIL: gcc.c-torture/execute/20030916-1.c execution, -O3 -fomit-frame-pointer -funroll-all-loops -finline-functions
FAIL: gcc.c-torture/execute/20030916-1.c execution, -O3 -g
FAIL: gcc.c-torture/execute/20030916-1.c execution, -Os
FAIL: gcc.c-torture/execute/20031003-1.c execution, -O0
FAIL: gcc.c-torture/execute/20031003-1.c execution, -O1
FAIL: gcc.c-torture/execute/20031003-1.c execution, -O2
FAIL: gcc.c-torture/execute/20031003-1.c execution, -O3 -fomit-frame-pointer
FAIL: gcc.c-torture/execute/20031003-1.c execution, -O3 -g
FAIL: gcc.c-torture/execute/20031003-1.c execution, -Os
FAIL: gcc.c-torture/execute/20041126-1.c execution, -O0
FAIL: gcc.c-torture/execute/20041126-1.c execution, -O1
FAIL: gcc.c-torture/execute/20041126-1.c execution, -O2
FAIL: gcc.c-torture/execute/20041126-1.c execution, -O3 -fomit-frame-pointer
FAIL: gcc.c-torture/execute/20041126-1.c execution, -O3 -fomit-frame-pointer -funroll-loops
FAIL: gcc.c-torture/execute/20041126-1.c execution, -O3 -fomit-frame-pointer -funroll-all-loops -finline-functions
FAIL: gcc.c-torture/execute/20041126-1.c execution, -O3 -g
FAIL: gcc.c-torture/execute/20041126-1.c execution, -Os
FAIL: gcc.c-torture/execute/20050121-1.c execution, -O0
FAIL: gcc.c-torture/execute/20050121-1.c execution, -O1
FAIL: gcc.c-torture/execute/20050121-1.c execution, -O2
FAIL: gcc.c-torture/execute/20050121-1.c execution, -Os
FAIL: gcc.c-torture/execute/20050124-1.c execution, -O2
FAIL: gcc.c-torture/execute/20050124-1.c execution, -Os
FAIL: gcc.c-torture/execute/builtin-bitops-1.c compilation, -O0
UNRESOLVED: gcc.c-torture/execute/builtin-bitops-1.c execution, -O0
FAIL: gcc.c-torture/execute/builtin-bitops-1.c compilation, -O1
UNRESOLVED: gcc.c-torture/execute/builtin-bitops-1.c execution, -O1
FAIL: gcc.c-torture/execute/builtin-bitops-1.c compilation, -O2
UNRESOLVED: gcc.c-torture/execute/builtin-bitops-1.c execution, -O2
FAIL: gcc.c-torture/execute/builtin-bitops-1.c compilation, -O3 -fomit-frame-pointer
UNRESOLVED: gcc.c-torture/execute/builtin-bitops-1.c execution, -O3 -fomit-frame-pointer
FAIL: gcc.c-torture/execute/builtin-bitops-1.c compilation, -O3 -fomit-frame-pointer -funroll-loops
UNRESOLVED: gcc.c-torture/execute/builtin-bitops-1.c execution, -O3 -fomit-frame-pointer -funroll-loops
FAIL: gcc.c-torture/execute/builtin-bitops-1.c compilation, -O3 -fomit-frame-pointer -funroll-all-loops -finline-functions
UNRESOLVED: gcc.c-torture/execute/builtin-bitops-1.c execution, -O3 -fomit-frame-pointer -funroll-all-loops -finline-functions
FAIL: gcc.c-torture/execute/builtin-bitops-1.c compilation, -O3 -g
UNRESOLVED: gcc.c-torture/execute/builtin-bitops-1.c execution, -O3 -g
FAIL: gcc.c-torture/execute/builtin-bitops-1.c compilation, -Os
UNRESOLVED: gcc.c-torture/execute/builtin-bitops-1.c execution, -Os
FAIL: gcc.c-torture/execute/shiftopt-1.c compilation, -O1
UNRESOLVED: gcc.c-torture/execute/shiftopt-1.c execution, -O1
FAIL: gcc.c-torture/execute/shiftopt-1.c compilation, -O2
UNRESOLVED: gcc.c-torture/execute/shiftopt-1.c execution, -O2
FAIL: gcc.c-torture/execute/shiftopt-1.c compilation, -O3 -fomit-frame-pointer
UNRESOLVED: gcc.c-torture/execute/shiftopt-1.c execution, -O3 -fomit-frame-pointer
FAIL: gcc.c-torture/execute/shiftopt-1.c compilation, -O3 -g
UNRESOLVED: gcc.c-torture/execute/shiftopt-1.c execution, -O3 -g
FAIL: gcc.c-torture/execute/shiftopt-1.c compilation, -Os
UNRESOLVED: gcc.c-torture/execute/shiftopt-1.c execution, -Os
FAIL: gcc.c-torture/execute/ieee/fp-cmp-6.c compilation, -O1
UNRESOLVED: gcc.c-torture/execute/ieee/fp-cmp-6.c execution, -O1
FAIL: gcc.c-torture/execute/ieee/fp-cmp-6.c compilation, -O2
UNRESOLVED: gcc.c-torture/execute/ieee/fp-cmp-6.c execution, -O2
FAIL: gcc.c-torture/execute/ieee/fp-cmp-6.c compilation, -O3 -fomit-frame-pointer
UNRESOLVED: gcc.c-torture/execute/ieee/fp-cmp-6.c execution, -O3 -fomit-frame-pointer
FAIL: gcc.c-torture/execute/ieee/fp-cmp-6.c compilation, -O3 -g
UNRESOLVED: gcc.c-torture/execute/ieee/fp-cmp-6.c execution, -O3 -g
FAIL: gcc.c-torture/execute/ieee/fp-cmp-6.c compilation, -Os
UNRESOLVED: gcc.c-torture/execute/ieee/fp-cmp-6.c execution, -Os
FAIL: gcc.c-torture/execute/ieee/fp-cmp-7.c compilation, -O0
UNRESOLVED: gcc.c-torture/execute/ieee/fp-cmp-7.c execution, -O0
FAIL: gcc.c-torture/execute/ieee/fp-cmp-7.c compilation, -O1
UNRESOLVED: gcc.c-torture/execute/ieee/fp-cmp-7.c execution, -O1
FAIL: gcc.c-torture/execute/ieee/fp-cmp-7.c compilation, -O2
UNRESOLVED: gcc.c-torture/execute/ieee/fp-cmp-7.c execution, -O2
FAIL: gcc.c-torture/execute/ieee/fp-cmp-7.c compilation, -O3 -fomit-frame-pointer
UNRESOLVED: gcc.c-torture/execute/ieee/fp-cmp-7.c execution, -O3 -fomit-frame-pointer
FAIL: gcc.c-torture/execute/ieee/fp-cmp-7.c compilation, -O3 -g
UNRESOLVED: gcc.c-torture/execute/ieee/fp-cmp-7.c execution, -O3 -g
FAIL: gcc.c-torture/execute/ieee/fp-cmp-7.c compilation, -Os
UNRESOLVED: gcc.c-torture/execute/ieee/fp-cmp-7.c execution, -Os
ERROR: tcl error sourcing /home/robert/stuff/gcc/src/gcc.hammer-3_3-branch/gcc/testsuite/gcc.dg/compat/compat.exp.
ERROR: wrong # args: should be "compat-execute src1 use_alt"
FAIL: gcc.dg/cpp/Wtrigraphs-2.c (test for warnings, line 8)
FAIL: gcc.dg/cpp/Wtrigraphs-2.c (test for warnings, line 13)
FAIL: gcc.dg/cpp/Wtrigraphs-2.c (test for warnings, line 16)
FAIL: gcc.dg/cpp/assert4.c (test for excess errors)
FAIL: gcc.dg/cpp/c90-if-comma-1.c unevaluated comma (test for errors, line 10)
FAIL: gcc.dg/cpp/c99-hexfloat-3.c (test for excess errors)
ERROR: (DejaGnu) proc "scan-file ident-1.i {(^|\\n)#ident "this is an ident"(\$|\\n)}" does not exist.
=== gcc Summary ===
# of expected passes 16047
# of unexpected failures 104
# of unexpected successes 11
# of expected failures 21
# of unresolved testcases 42
# of unsupported tests 1
/home/robert/stuff/gcc/build/gcc/xgcc version 3.3.6-hammer 20050117 (prerelease)
=== g++ tests ===
Running target unix
FAIL: g++.dg/debug/crash1.C -gdwarf-21 (test for excess errors)
FAIL: g++.dg/debug/crash1.C -gdwarf-21 -O2 (test for excess errors)
FAIL: g++.dg/debug/crash1.C -gdwarf-21 -O3 (test for excess errors)
FAIL: g++.dg/debug/crash1.C -gdwarf-2 (test for excess errors)
FAIL: g++.dg/debug/crash1.C -gdwarf-2 -O2 (test for excess errors)
FAIL: g++.dg/debug/crash1.C -gdwarf-2 -O3 (test for excess errors)
FAIL: g++.dg/debug/crash1.C -gdwarf-23 (test for excess errors)
FAIL: g++.dg/debug/crash1.C -gdwarf-23 -O2 (test for excess errors)
FAIL: g++.dg/debug/crash1.C -gdwarf-23 -O3 (test for excess errors)
FAIL: g++.dg/debug/crash1.C -gstabs1 (test for excess errors)
FAIL: g++.dg/debug/crash1.C -gstabs1 -O2 (test for excess errors)
FAIL: g++.dg/debug/crash1.C -gstabs1 -O3 (test for excess errors)
FAIL: g++.dg/debug/crash1.C -gstabs (test for excess errors)
FAIL: g++.dg/debug/crash1.C -gstabs -O2 (test for excess errors)
FAIL: g++.dg/debug/crash1.C -gstabs -O3 (test for excess errors)
FAIL: g++.dg/debug/crash1.C -gstabs3 (test for excess errors)
FAIL: g++.dg/debug/crash1.C -gstabs3 -O2 (test for excess errors)
FAIL: g++.dg/debug/crash1.C -gstabs3 -O3 (test for excess errors)
FAIL: g++.dg/debug/crash1.C -gstabs+1 (test for excess errors)
FAIL: g++.dg/debug/crash1.C -gstabs+1 -O2 (test for excess errors)
FAIL: g++.dg/debug/crash1.C -gstabs+1 -O3 (test for excess errors)
FAIL: g++.dg/debug/crash1.C -gstabs+ (test for excess errors)
FAIL: g++.dg/debug/crash1.C -gstabs+ -O2 (test for excess errors)
FAIL: g++.dg/debug/crash1.C -gstabs+ -O3 (test for excess errors)
FAIL: g++.dg/debug/crash1.C -gstabs+3 (test for excess errors)
FAIL: g++.dg/debug/crash1.C -gstabs+3 -O2 (test for excess errors)
FAIL: g++.dg/debug/crash1.C -gstabs+3 -O3 (test for excess errors)
FAIL: g++.dg/abi/covariant1.C (test for excess errors)
ERROR: g++.dg/abi/covariant1.C: error executing dg-final: couldn't open "covariant1.s": no such file or directory
UNRESOLVED: g++.dg/abi/covariant1.C: error executing dg-final: couldn't open "covariant1.s": no such file or directory
FAIL: g++.dg/abi/covariant2.C (test for excess errors)
FAIL: g++.dg/abi/covariant3.C (test for excess errors)
WARNING: g++.dg/abi/covariant3.C compilation failed to produce executable
FAIL: g++.dg/abi/macro0.C (test for excess errors)
FAIL: g++.dg/abi/macro2.C (test for excess errors)
FAIL: g++.dg/abi/mangle18-1.C scan-assembler
FAIL: g++.dg/abi/mangle18-1.C scan-assembler
FAIL: g++.dg/abi/mangle18-2.C (test for warnings, line 19)
FAIL: g++.dg/abi/mangle18-2.C (test for warnings, line 22)
FAIL: g++.dg/abi/mangle19-1.C scan-assembler
FAIL: g++.dg/abi/mangle19-2.C (test for warnings, line 12)
FAIL: g++.dg/abi/mangle19-2.C scan-assembler
FAIL: g++.dg/abi/mangle20-1.C scan-assembler
FAIL: g++.dg/abi/mangle20-2.C (test for warnings, line 13)
FAIL: g++.dg/conversion/const1.C (test for errors, line 4)
FAIL: g++.dg/conversion/op1.C (test for excess errors)
FAIL: g++.dg/conversion/reinterpret1.C (test for errors, line 3)
FAIL: g++.dg/conversion/reinterpret1.C (test for errors, line 6)
FAIL: g++.dg/cpp/truefalse.C (test for excess errors)
FAIL: g++.dg/eh/cleanup2.C (test for excess errors)
FAIL: g++.dg/eh/crash1.C (test for excess errors)
FAIL: g++.dg/expr/assign1.C execution test
FAIL: g++.dg/expr/call2.C (test for excess errors)
FAIL: g++.dg/expr/for1.C (test for errors, line 12)
FAIL: g++.dg/expr/for1.C (test for errors, line 13)
FAIL: g++.dg/expr/lval1.C (test for errors, line 6)
FAIL: g++.dg/expr/ptrmem4.C (test for excess errors)
WARNING: g++.dg/expr/ptrmem4.C compilation failed to produce executable
FAIL: g++.dg/expr/ptrmem5.C (test for errors, line 7)
FAIL: g++.dg/expr/sizeof2.C (test for excess errors)
FAIL: g++.dg/expr/sizeof3.C (test for errors, line 4)
FAIL: g++.dg/expr/sizeof3.C (test for excess errors)
ERROR: g++.dg/ext/altivec-10.C: unknown dg option: dg-xfail-if 4 {} { "powerpc-ibm-aix*" } { "-maltivec" } { "" } for " dg-xfail-if 4 "" { "powerpc-ibm-aix*" } { "-maltivec" } { "" } "
UNRESOLVED: g++.dg/ext/altivec-10.C: unknown dg option: dg-xfail-if 4 {} { "powerpc-ibm-aix*" } { "-maltivec" } { "" } for " dg-xfail-if 4 "" { "powerpc-ibm-aix*" } { "-maltivec" } { "" } "
ERROR: g++.dg/ext/altivec-11.C: unknown dg option: dg-xfail-if 3 {} { "powerpc-ibm-aix*" } { "-maltivec" } { "" } for " dg-xfail-if 3 "" { "powerpc-ibm-aix*" } { "-maltivec" } { "" } "
UNRESOLVED: g++.dg/ext/altivec-11.C: unknown dg option: dg-xfail-if 3 {} { "powerpc-ibm-aix*" } { "-maltivec" } { "" } for " dg-xfail-if 3 "" { "powerpc-ibm-aix*" } { "-maltivec" } { "" } "
ERROR: g++.dg/ext/altivec-12.C: unknown dg option: dg-xfail-if 3 {} { "powerpc-ibm-aix*" } { "-maltivec" } { "" } for " dg-xfail-if 3 "" { "powerpc-ibm-aix*" } { "-maltivec" } { "" } "
UNRESOLVED: g++.dg/ext/altivec-12.C: unknown dg option: dg-xfail-if 3 {} { "powerpc-ibm-aix*" } { "-maltivec" } { "" } for " dg-xfail-if 3 "" { "powerpc-ibm-aix*" } { "-maltivec" } { "" } "
ERROR: g++.dg/ext/altivec-8.C: unknown dg option: dg-xfail-if 2 {} { "powerpc-ibm-aix*" } { "-maltivec" } { "" } for " dg-xfail-if 2 "" { "powerpc-ibm-aix*" } { "-maltivec" } { "" } "
UNRESOLVED: g++.dg/ext/altivec-8.C: unknown dg option: dg-xfail-if 2 {} { "powerpc-ibm-aix*" } { "-maltivec" } { "" } for " dg-xfail-if 2 "" { "powerpc-ibm-aix*" } { "-maltivec" } { "" } "
ERROR: g++.dg/ext/altivec-9.C: unknown dg option: dg-xfail-if 3 {} { "powerpc-ibm-aix*" } { "-maltivec" } { "" } for " dg-xfail-if 3 "" { "powerpc-ibm-aix*" } { "-maltivec" } { "" } "
UNRESOLVED: g++.dg/ext/altivec-9.C: unknown dg option: dg-xfail-if 3 {} { "powerpc-ibm-aix*" } { "-maltivec" } { "" } for " dg-xfail-if 3 "" { "powerpc-ibm-aix*" } { "-maltivec" } { "" } "
FAIL: g++.dg/ext/asm5.C (test for excess errors)
ERROR: g++.dg/ext/attrib10.C: unknown dg option: dg-require-alias 2 {} for " dg-require-alias 2 "" "
UNRESOLVED: g++.dg/ext/attrib10.C: unknown dg option: dg-require-alias 2 {} for " dg-require-alias 2 "" "
FAIL: g++.dg/ext/attrib7.C (test for excess errors)
FAIL: g++.dg/ext/attrib9.C (test for warnings, line 1)
FAIL: g++.dg/ext/attrib9.C (test for warnings, line 2)
FAIL: g++.dg/ext/attrib9.C (test for warnings, line 3)
FAIL: g++.dg/ext/attrib9.C (test for warnings, line 5)
FAIL: g++.dg/ext/attrib9.C (test for excess errors)
FAIL: g++.dg/ext/case-range3.C (test for errors, line 12)
FAIL: g++.dg/ext/case-range3.C (test for errors, line 20)
FAIL: g++.dg/ext/case-range3.C (test for excess errors)
FAIL: g++.dg/ext/flexary1.C (test for excess errors)
FAIL: g++.dg/ext/fnname3.C execution test
FAIL: g++.dg/ext/label1.C (test for excess errors)
FAIL: g++.dg/ext/label2.C (test for excess errors)
FAIL: g++.dg/ext/packed3.C (test for errors, line 22)
FAIL: g++.dg/ext/packed3.C (test for errors, line 24)
FAIL: g++.dg/ext/packed4.C execution test
FAIL: g++.dg/ext/pretty1.C scan-assembler top level
FAIL: g++.dg/ext/pretty2.C (test for excess errors)
WARNING: g++.dg/ext/pretty2.C compilation failed to produce executable
FAIL: g++.dg/ext/restrict1.C (test for excess errors)
FAIL: g++.dg/ext/stmtexpr1.C (test for excess errors)
WARNING: g++.dg/ext/stmtexpr1.C compilation failed to produce executable
FAIL: g++.dg/ext/typeof7.C (test for excess errors)
FAIL: g++.dg/ext/typeof8.C (test for excess errors)
FAIL: g++.dg/ext/typeof9.C (test for errors, line 15)
FAIL: g++.dg/ext/typeof9.C (test for excess errors)
FAIL: g++.dg/ext/vla2.C (test for errors, line 17)
FAIL: g++.dg/ext/vla2.C (test for excess errors)
FAIL: g++.dg/inherit/covariant10.C (test for excess errors)
FAIL: g++.dg/inherit/covariant11.C (test for excess errors)
FAIL: g++.dg/inherit/covariant12.C (test for errors, line 17)
FAIL: g++.dg/inherit/covariant12.C (test for excess errors)
FAIL: g++.dg/inherit/covariant13.C (test for excess errors)
FAIL: g++.dg/inherit/covariant2.C (test for excess errors)
WARNING: g++.dg/inherit/covariant2.C compilation failed to produce executable
FAIL: g++.dg/inherit/covariant3.C (test for excess errors)
WARNING: g++.dg/inherit/covariant3.C compilation failed to produce executable
FAIL: g++.dg/inherit/covariant4.C (test for excess errors)
WARNING: g++.dg/inherit/covariant4.C compilation failed to produce executable
FAIL: g++.dg/inherit/covariant5.C (test for excess errors)
FAIL: g++.dg/inherit/covariant6.C (test for excess errors)
FAIL: g++.dg/inherit/covariant7.C (test for excess errors)
FAIL: g++.dg/inherit/covariant8.C (test for excess errors)
FAIL: g++.dg/inherit/covariant9.C (test for excess errors)
FAIL: g++.dg/inherit/multiple1.C (test for excess errors)
FAIL: g++.dg/inherit/thunk2.C (test for excess errors)
FAIL: g++.dg/init/aggr2.C execution test
FAIL: g++.dg/init/array18.C (test for excess errors)
FAIL: g++.dg/init/array18a.C execution test
FAIL: g++.dg/init/copy7.C (test for errors, line 5)
FAIL: g++.dg/init/copy7.C (test for errors, line 9)
FAIL: g++.dg/init/copy7.C (test for errors, line 13)
FAIL: g++.dg/init/copy7.C (test for errors, line 18)
ERROR: g++.dg/init/init-ref4.C: unknown dg option: dg-require-weak 6 {} for " dg-require-weak 6 "" "
UNRESOLVED: g++.dg/init/init-ref4.C: unknown dg option: dg-require-weak 6 {} for " dg-require-weak 6 "" "
FAIL: g++.dg/init/null1.C (test for excess errors)
FAIL: g++.dg/init/placement1.C (test for excess errors)
FAIL: g++.dg/init/placement2.C execution test
FAIL: g++.dg/lookup/crash2.C (test for errors, line 10)
FAIL: g++.dg/lookup/crash2.C (test for excess errors)
FAIL: g++.dg/lookup/crash3.C (test for excess errors)
FAIL: g++.dg/lookup/exception1.C (test for excess errors)
FAIL: g++.dg/lookup/friend6.C (test for excess errors)
FAIL: g++.dg/lookup/java1.C (test for errors, line 66)
FAIL: g++.dg/lookup/java1.C (test for errors, line 67)
FAIL: g++.dg/lookup/java1.C (test for excess errors)
FAIL: g++.dg/lookup/name-clash4.C (test for errors, line 9)
FAIL: g++.dg/lookup/name-clash4.C (test for errors, line 12)
FAIL: g++.dg/lookup/name-clash4.C (test for excess errors)
FAIL: g++.dg/lookup/scope-operator1.C (test for excess errors)
FAIL: g++.dg/lookup/scoped4.C (test for excess errors)
FAIL: g++.dg/lookup/scoped5.C (test for errors, line 12)
FAIL: g++.dg/lookup/scoped5.C (test for errors, line 18)
FAIL: g++.dg/lookup/scoped5.C (test for excess errors)
FAIL: g++.dg/lookup/scoped8.C (test for errors, line 10)
FAIL: g++.dg/lookup/scoped8.C (test for errors, line 15)
FAIL: g++.dg/lookup/strong-using-1.C (test for excess errors)
FAIL: g++.dg/lookup/strong-using-2.C (test for errors, line 6)
FAIL: g++.dg/lookup/strong-using-2.C (test for errors, line 9)
FAIL: g++.dg/lookup/strong-using-2.C (test for errors, line 25)
FAIL: g++.dg/lookup/strong-using-2.C (test for excess errors)
FAIL: g++.dg/lookup/strong-using-3.C (test for excess errors)
FAIL: g++.dg/lookup/two-stage1.C execution test
FAIL: g++.dg/lookup/using13.C (test for errors, line 11)
FAIL: g++.dg/lookup/using4.C (test for errors, line 13)
FAIL: g++.dg/lookup/using4.C (test for excess errors)
FAIL: g++.dg/lookup/using5.C (test for errors, line 16)
FAIL: g++.dg/lookup/using5.C (test for excess errors)
FAIL: g++.dg/lookup/using6.C (test for errors, line 11)
FAIL: g++.dg/lookup/using7.C (test for errors, line 7)
FAIL: g++.dg/lookup/using8.C (test for excess errors)
FAIL: g++.dg/opt/static3.C (test for excess errors)
FAIL: g++.dg/opt/tmp1.C (test for excess errors)
WARNING: g++.dg/opt/tmp1.C compilation failed to produce executable
FAIL: g++.dg/other/abstract1.C (test for errors, line 18)
FAIL: g++.dg/other/abstract1.C (test for errors, line 19)
FAIL: g++.dg/other/abstract1.C (test for errors, line 20)
FAIL: g++.dg/other/abstract1.C (test for errors, line 23)
FAIL: g++.dg/other/abstract1.C (test for errors, line 26)
FAIL: g++.dg/other/abstract1.C (test for errors, line 35)
FAIL: g++.dg/other/abstract1.C (test for errors, line 38)
FAIL: g++.dg/other/abstract1.C (test for excess errors)
FAIL: g++.dg/other/access2.C (test for errors, line 21)
FAIL: g++.dg/other/access2.C (test for errors, line 26)
FAIL: g++.dg/other/error7.C (test for errors, line 11)
FAIL: g++.dg/other/error7.C (test for excess errors)
FAIL: g++.dg/other/error8.C (test for errors, line 8)
FAIL: g++.dg/other/error8.C (test for errors, line 9)
XPASS: g++.dg/other/error8.C misplaced position of the declaration (test for bogus messages, line 20)
FAIL: g++.dg/other/error8.C (test for errors, line 21)
FAIL: g++.dg/other/java1.C (test for errors, line 9)
FAIL: g++.dg/other/java1.C (test for errors, line 15)
FAIL: g++.dg/other/java1.C (test for errors, line 19)
FAIL: g++.dg/other/java1.C (test for errors, line 21)
FAIL: g++.dg/other/java1.C (test for excess errors)
FAIL: g++.dg/other/nontype-1.C (test for errors, line 4)
FAIL: g++.dg/other/nontype-1.C (test for errors, line 5)
FAIL: g++.dg/other/nontype-1.C (test for excess errors)
FAIL: g++.dg/other/offsetof2.C (test for excess errors)
FAIL: g++.dg/other/offsetof2.C execution test
FAIL: g++.dg/other/offsetof4.C (test for excess errors)
FAIL: g++.dg/other/ptrmem6.C (test for excess errors)
FAIL: g++.dg/other/stdarg2.C (test for excess errors)
FAIL: g++.dg/other/synth1.C (test for excess errors)
FAIL: g++.dg/overload/VLA.C (test for bogus messages, line 15)
FAIL: g++.dg/overload/VLA.C (test for excess errors)
FAIL: g++.dg/overload/addr1.C execution test
FAIL: g++.dg/overload/arg1.C (test for errors, line 13)
FAIL: g++.dg/overload/arg1.C (test for errors, line 14)
FAIL: g++.dg/overload/arg1.C (test for errors, line 15)
FAIL: g++.dg/overload/arg1.C (test for errors, line 22)
FAIL: g++.dg/overload/arg4.C (test for errors, line 13)
FAIL: g++.dg/overload/arg4.C (test for errors, line 14)
FAIL: g++.dg/overload/arg4.C (test for errors, line 15)
FAIL: g++.dg/overload/arg4.C (test for errors, line 29)
FAIL: g++.dg/overload/new1.C (test for errors, line 0)
FAIL: g++.dg/overload/template1.C (test for excess errors)
FAIL: g++.dg/overload/using2.C (test for excess errors)
FAIL: g++.dg/parse/access3.C (test for errors, line 9)
FAIL: g++.dg/parse/access3.C (test for errors, line 13)
FAIL: g++.dg/parse/access3.C (test for excess errors)
FAIL: g++.dg/parse/access4.C (test for errors, line 9)
FAIL: g++.dg/parse/access4.C (test for errors, line 17)
FAIL: g++.dg/parse/access5.C (test for errors, line 10)
FAIL: g++.dg/parse/access5.C (test for errors, line 16)
FAIL: g++.dg/parse/access6.C (test for errors, line 11)
FAIL: g++.dg/parse/access6.C (test for errors, line 23)
FAIL: g++.dg/parse/access7.C (test for errors, line 11)
FAIL: g++.dg/parse/access7.C (test for errors, line 12)
FAIL: g++.dg/parse/ambig1.C (test for excess errors)
FAIL: g++.dg/parse/ambig2.C (test for excess errors)
FAIL: g++.dg/parse/ambig3.C (test for errors, line 8)
FAIL: g++.dg/parse/ambig3.C (test for errors, line 10)
FAIL: g++.dg/parse/ambig3.C (test for errors, line 12)
FAIL: g++.dg/parse/ambig3.C (test for excess errors)
FAIL: g++.dg/parse/args1.C (test for errors, line 11)
FAIL: g++.dg/parse/args1.C (test for excess errors)
FAIL: g++.dg/parse/array-size1.C (test for excess errors)
ERROR: g++.dg/parse/attr-ctor1.C: unknown dg option: dg-require-named-sections 4 {} for " dg-require-named-sections 4 "" "
UNRESOLVED: g++.dg/parse/attr-ctor1.C: unknown dg option: dg-require-named-sections 4 {} for " dg-require-named-sections 4 "" "
FAIL: g++.dg/parse/casting-operator2.C (test for errors, line 23)
FAIL: g++.dg/parse/casting-operator2.C (test for errors, line 24)
FAIL: g++.dg/parse/casting-operator2.C (test for errors, line 25)
FAIL: g++.dg/parse/casting-operator2.C (test for excess errors)
FAIL: g++.dg/parse/constant1.C (test for errors, line 11)
FAIL: g++.dg/parse/crash10.C (test for errors, line 10)
FAIL: g++.dg/parse/crash11.C (test for errors, line 23)
FAIL: g++.dg/parse/crash11.C (test for errors, line 33)
FAIL: g++.dg/parse/crash11.C (test for excess errors)
FAIL: g++.dg/parse/crash12.C (test for errors, line 12)
FAIL: g++.dg/parse/crash12.C (test for errors, line 17)
FAIL: g++.dg/parse/crash12.C (test for errors, line 18)
FAIL: g++.dg/parse/crash12.C (test for excess errors)
FAIL: g++.dg/parse/crash13.C (test for errors, line 15)
FAIL: g++.dg/parse/crash13.C (test for errors, line 16)
FAIL: g++.dg/parse/crash13.C (test for errors, line 21)
FAIL: g++.dg/parse/crash13.C (test for excess errors)
FAIL: g++.dg/parse/crash5.C (test for errors, line 4)
FAIL: g++.dg/parse/crash5.C (test for errors, line 10)
FAIL: g++.dg/parse/crash9.C (test for errors, line 9)
FAIL: g++.dg/parse/crash9.C (test for excess errors)
FAIL: g++.dg/parse/def-tmpl-arg1.C (test for errors, line 9)
FAIL: g++.dg/parse/def-tmpl-arg1.C (test for excess errors)
FAIL: g++.dg/parse/defarg5.C (test for excess errors)
FAIL: g++.dg/parse/direct-initialization-2.C (test for excess errors)
FAIL: g++.dg/parse/dtor1.C (test for excess errors)
XPASS: g++.dg/parse/dtor3.C implemented DR272 (test for bogus messages, line 7)
XPASS: g++.dg/parse/dtor3.C implemented DR272 (test for bogus messages, line 11)
FAIL: g++.dg/parse/dupl-tmpl-args1.C (test for errors, line 13)
FAIL: g++.dg/parse/elab2.C (test for errors, line 6)
FAIL: g++.dg/parse/error10.C (test for errors, line 14)
FAIL: g++.dg/parse/error10.C (test for excess errors)
FAIL: g++.dg/parse/error11.C (test for errors, line 18)
FAIL: g++.dg/parse/error11.C (test for errors, line 20)
FAIL: g++.dg/parse/error11.C (test for errors, line 22)
FAIL: g++.dg/parse/error11.C (test for errors, line 27)
FAIL: g++.dg/parse/error11.C (test for errors, line 33)
FAIL: g++.dg/parse/error11.C (test for errors, line 35)
FAIL: g++.dg/parse/error11.C (test for errors, line 49)
FAIL: g++.dg/parse/error11.C (test for errors, line 18)
FAIL: g++.dg/parse/error11.C (test for excess errors)
FAIL: g++.dg/parse/error12.C error in place of warning (test for bogus messages, line 11)
FAIL: g++.dg/parse/error12.C (test for errors, line 11)
FAIL: g++.dg/parse/error13.C (test for errors, line 7)
FAIL: g++.dg/parse/error13.C (test for errors, line 11)
FAIL: g++.dg/parse/error22.C (test for excess errors)
FAIL: g++.dg/parse/error3.C (test for errors, line 6)
FAIL: g++.dg/parse/error4.C (test for errors, line 5)
FAIL: g++.dg/parse/error4.C (test for errors, line 6)
FAIL: g++.dg/parse/error4.C (test for excess errors)
FAIL: g++.dg/parse/error9.C (test for excess errors)
FAIL: g++.dg/parse/explicit1.C (test for excess errors)
FAIL: g++.dg/parse/extern-C-1.C (test for excess errors)
FAIL: g++.dg/parse/friend2.C (test for errors, line 13)
FAIL: g++.dg/parse/friend2.C (test for excess errors)
FAIL: g++.dg/parse/friend4.C (test for errors, line 7)
FAIL: g++.dg/parse/func-def1.C (test for excess errors)
FAIL: g++.dg/parse/funptr1.C (test for excess errors)
FAIL: g++.dg/parse/int-as-enum1.C (test for excess errors)
FAIL: g++.dg/parse/invalid-op1.C (test for excess errors)
FAIL: g++.dg/parse/lookup3.C (test for excess errors)
FAIL: g++.dg/parse/missing-template1.C (test for excess errors)
FAIL: g++.dg/parse/namespace2.C (test for excess errors)
FAIL: g++.dg/parse/namespace3.C (test for excess errors)
FAIL: g++.dg/parse/namespace4.C (test for excess errors)
FAIL: g++.dg/parse/namespace5.C (test for excess errors)
FAIL: g++.dg/parse/no-typename1.C (test for excess errors)
FAIL: g++.dg/parse/non-dependent1.C (test for excess errors)
FAIL: g++.dg/parse/non-dependent2.C (test for excess errors)
FAIL: g++.dg/parse/operator1.C (test for excess errors)
FAIL: g++.dg/parse/operator2.C (test for excess errors)
FAIL: g++.dg/parse/operator4.C (test for errors, line 1)
FAIL: g++.dg/parse/operator4.C (test for excess errors)
FAIL: g++.dg/parse/operator5.C (test for errors, line 4)
FAIL: g++.dg/parse/operator5.C (test for errors, line 5)
FAIL: g++.dg/parse/operator5.C (test for excess errors)
FAIL: g++.dg/parse/parens1.C (test for excess errors)
FAIL: g++.dg/parse/parens2.C (test for excess errors)
FAIL: g++.dg/parse/parse1.C (test for excess errors)
FAIL: g++.dg/parse/parse2.C (test for excess errors)
FAIL: g++.dg/parse/parse3.C (test for excess errors)
FAIL: g++.dg/parse/parse4.C (test for excess errors)
FAIL: g++.dg/parse/parse5.C (test for excess errors)
FAIL: g++.dg/parse/parse6.C (test for excess errors)
FAIL: g++.dg/parse/parse7.C (test for excess errors)
FAIL: g++.dg/parse/primary-expression-1.C (test for excess errors)
FAIL: g++.dg/parse/qualified2.C (test for errors, line 3)
FAIL: g++.dg/parse/ref1.C (test for excess errors)
FAIL: g++.dg/parse/ret-type1.C (test for errors, line 10)
FAIL: g++.dg/parse/ret-type1.C (test for excess errors)
FAIL: g++.dg/parse/ret-type2.C (test for errors, line 1)
FAIL: g++.dg/parse/ret-type2.C (test for errors, line 2)
FAIL: g++.dg/parse/ret-type2.C (test for errors, line 5)
FAIL: g++.dg/parse/specialization1.C (test for errors, line 6)
FAIL: g++.dg/parse/struct-1.C (test for errors, line 4)
FAIL: g++.dg/parse/struct-1.C (test for excess errors)
FAIL: g++.dg/parse/struct-2.C (test for errors, line 6)
FAIL: g++.dg/parse/struct-2.C (test for excess errors)
FAIL: g++.dg/parse/struct-3.C (test for errors, line 10)
FAIL: g++.dg/parse/struct-as-enum1.C (test for errors, line 10)
FAIL: g++.dg/parse/struct-as-enum1.C (test for excess errors)
FAIL: g++.dg/parse/template3.C (test for errors, line 16)
FAIL: g++.dg/parse/template4.C (test for excess errors)
FAIL: g++.dg/parse/template5.C (test for excess errors)
FAIL: g++.dg/parse/template9.C (test for errors, line 3)
FAIL: g++.dg/parse/template9.C (test for errors, line 4)
FAIL: g++.dg/parse/tmpl-outside1.C (test for errors, line 10)
FAIL: g++.dg/parse/tmpl-outside1.C (test for excess errors)
FAIL: g++.dg/parse/tmpl-tmpl-operator1.C (test for excess errors)
FAIL: g++.dg/parse/tmpl-tmpl-param1.C (test for excess errors)
FAIL: g++.dg/parse/typedef2.C (test for excess errors)
FAIL: g++.dg/parse/typedef3.C (test for excess errors)
FAIL: g++.dg/parse/typedef4.C (test for errors, line 11)
FAIL: g++.dg/parse/typedef4.C (test for excess errors)
FAIL: g++.dg/parse/typedef5.C (test for excess errors)
FAIL: g++.dg/parse/typename4.C (test for errors, line 7)
FAIL: g++.dg/parse/typename4.C (test for excess errors)
FAIL: g++.dg/parse/typename5.C (test for excess errors)
FAIL: g++.dg/parse/typename6.C (test for errors, line 10)
FAIL: g++.dg/parse/typename6.C (test for errors, line 16)
FAIL: g++.dg/parse/typename6.C (test for excess errors)
FAIL: g++.dg/parse/typename7.C (test for errors, line 12)
FAIL: g++.dg/parse/typename7.C (test for errors, line 14)
FAIL: g++.dg/parse/typename7.C (test for errors, line 21)
FAIL: g++.dg/parse/typename7.C (test for errors, line 23)
FAIL: g++.dg/parse/typename7.C (test for excess errors)
FAIL: g++.dg/parse/undefined2.C (test for excess errors)
FAIL: g++.dg/parse/undefined3.C (test for excess errors)
FAIL: g++.dg/parse/undefined6.C (test for errors, line 6)
FAIL: g++.dg/parse/wrong-inline1.C (test for excess errors)
FAIL: g++.dg/pch/empty.C (test for excess errors)
FAIL: g++.dg/pch/static-1.C (test for excess errors)
FAIL: g++.dg/pch/system-1.C (test for excess errors)
FAIL: g++.dg/pch/system-2.C (test for excess errors)
FAIL: g++.dg/pch/uninst.C (test for excess errors)
XPASS: g++.dg/rtti/tinfo1.C scan-assembler _ZTIP9CTemplateIhE:
XPASS: g++.dg/rtti/tinfo1.C scan-assembler-not .globl[ ]+_ZTIP9CTemplateIhE
FAIL: g++.dg/template/array3.C (test for excess errors)
FAIL: g++.dg/template/array7.C (test for excess errors)
FAIL: g++.dg/template/class2.C (test for errors, line 6)
FAIL: g++.dg/template/cond2.C (test for errors, line 9)
FAIL: g++.dg/template/cond2.C (test for excess errors)
FAIL: g++.dg/template/crash13.C (test for errors, line 15)
FAIL: g++.dg/template/crash13.C (test for errors, line 18)
FAIL: g++.dg/template/crash13.C (test for excess errors)
FAIL: g++.dg/template/crash14.C (test for errors, line 2)
FAIL: g++.dg/template/crash15.C (test for errors, line 8)
FAIL: g++.dg/template/crash16.C (test for excess errors)
FAIL: g++.dg/template/crash34.C (test for errors, line 12)
FAIL: g++.dg/template/crash34.C (test for excess errors)
FAIL: g++.dg/template/crash7.C (test for errors, line 9)
FAIL: g++.dg/template/crash7.C (test for excess errors)
FAIL: g++.dg/template/delete1.C (test for errors, line 4)
FAIL: g++.dg/template/delete1.C (test for excess errors)
FAIL: g++.dg/template/dependent-expr1.C (test for errors, line 24)
FAIL: g++.dg/template/dependent-expr1.C (test for errors, line 25)
FAIL: g++.dg/template/dependent-expr1.C (test for errors, line 26)
FAIL: g++.dg/template/dependent-expr2.C (test for errors, line 21)
FAIL: g++.dg/template/dependent-expr3.C (test for errors, line 12)
FAIL: g++.dg/template/dependent-expr3.C (test for errors, line 13)
FAIL: g++.dg/template/dtor2.C (test for errors, line 4)
FAIL: g++.dg/template/dtor2.C (test for excess errors)
FAIL: g++.dg/template/enum3.C (test for excess errors)
FAIL: g++.dg/template/enum5.C (test for excess errors)
FAIL: g++.dg/template/error1.C (test for errors, line 12)
FAIL: g++.dg/template/error10.C (test for errors, line 12)
FAIL: g++.dg/template/error10.C (test for errors, line 13)
FAIL: g++.dg/template/error10.C (test for excess errors)
FAIL: g++.dg/template/error11.C (test for errors, line 4)
FAIL: g++.dg/template/error11.C (test for excess errors)
FAIL: g++.dg/template/error13.C (test for errors, line 5)
FAIL: g++.dg/template/error14.C (test for excess errors)
FAIL: g++.dg/template/error15.C (test for errors, line 12)
FAIL: g++.dg/template/error15.C (test for errors, line 14)
FAIL: g++.dg/template/error15.C (test for excess errors)
FAIL: g++.dg/template/error2.C (test for errors, line 17)
FAIL: g++.dg/template/error3.C (test for errors, line 5)
FAIL: g++.dg/template/error4.C (test for errors, line 8)
FAIL: g++.dg/template/error4.C (test for excess errors)
FAIL: g++.dg/template/error5.C (test for errors, line 6)
FAIL: g++.dg/template/error5.C (test for excess errors)
FAIL: g++.dg/template/error6.C (test for errors, line 6)
FAIL: g++.dg/template/error9.C (test for errors, line 6)
FAIL: g++.dg/template/explicit-instantiation3.C (test for excess errors)
FAIL: g++.dg/template/friend11.C (test for excess errors)
FAIL: g++.dg/template/friend19.C (test for excess errors)
FAIL: g++.dg/template/friend21.C (test for excess errors)
FAIL: g++.dg/template/friend22.C (test for excess errors)
FAIL: g++.dg/template/friend23.C (test for excess errors)
FAIL: g++.dg/template/friend24.C (test for excess errors)
FAIL: g++.dg/template/friend28.C (test for excess errors)
FAIL: g++.dg/template/friend30.C (test for excess errors)
FAIL: g++.dg/template/instantiate5.C (test for errors, line 24)
FAIL: g++.dg/template/instantiate5.C (test for excess errors)
FAIL: g++.dg/template/koenig3.C (test for excess errors)
FAIL: g++.dg/template/lookup2.C (test for errors, line 12)
FAIL: g++.dg/template/lookup2.C (test for excess errors)
FAIL: g++.dg/template/lookup5.C (test for excess errors)
FAIL: g++.dg/template/member4.C (test for errors, line 12)
FAIL: g++.dg/template/memclass3.C (test for excess errors)
FAIL: g++.dg/template/memfriend1.C (test for excess errors)
FAIL: g++.dg/template/memfriend2.C (test for excess errors)
FAIL: g++.dg/template/memfriend3.C (test for excess errors)
FAIL: g++.dg/template/memfriend4.C (test for excess errors)
FAIL: g++.dg/template/memfriend5.C (test for excess errors)
FAIL: g++.dg/template/memfriend6.C (test for errors, line 10)
FAIL: g++.dg/template/memfriend6.C (test for errors, line 11)
FAIL: g++.dg/template/memfriend6.C (test for errors, line 12)
FAIL: g++.dg/template/memfriend6.C (test for errors, line 13)
FAIL: g++.dg/template/memfriend6.C (test for errors, line 18)
FAIL: g++.dg/template/memfriend6.C (test for errors, line 20)
FAIL: g++.dg/template/memfriend6.C (test for errors, line 21)
FAIL: g++.dg/template/memfriend6.C (test for errors, line 22)
FAIL: g++.dg/template/memfriend8.C (test for excess errors)
FAIL: g++.dg/template/meminit2.C (test for errors, line 10)
FAIL: g++.dg/template/meminit2.C (test for errors, line 11)
FAIL: g++.dg/template/meminit2.C (test for errors, line 17)
XPASS: g++.dg/template/meminit2.C bogus token skipping in the parser (test for bogus messages, line 17)
FAIL: g++.dg/template/meminit2.C (test for excess errors)
FAIL: g++.dg/template/memtmpl1.C (test for excess errors)
FAIL: g++.dg/template/nested3.C (test for excess errors)
FAIL: g++.dg/template/non-dependent1.C (test for excess errors)
WARNING: g++.dg/template/non-dependent1.C compilation failed to produce executable
FAIL: g++.dg/template/non-dependent2.C (test for excess errors)
FAIL: g++.dg/template/non-type-template-argument-1.C (test for errors, line 9)
FAIL: g++.dg/template/non-type-template-argument-1.C (test for excess errors)
FAIL: g++.dg/template/nontype3.C integral or enumeration (test for errors, line 15)
FAIL: g++.dg/template/nontype3.C integral or enumeration (test for errors, line 21)
FAIL: g++.dg/template/nontype3.C integral or enumeration (test for errors, line 24)
FAIL: g++.dg/template/nontype3.C integral or enumeration (test for errors, line 30)
FAIL: g++.dg/template/nontype3.C constant-expression (test for errors, line 33)
FAIL: g++.dg/template/nontype3.C constant-expression (test for errors, line 36)
FAIL: g++.dg/template/nontype6.C (test for errors, line 15)
FAIL: g++.dg/template/nontype6.C (test for errors, line 15)
FAIL: g++.dg/template/nontype6.C (test for errors, line 19)
FAIL: g++.dg/template/operator1.C (test for excess errors)
FAIL: g++.dg/template/operator3.C (test for errors, line 9)
FAIL: g++.dg/template/overload2.C (test for excess errors)
FAIL: g++.dg/template/ptrmem10.C (test for excess errors)
FAIL: g++.dg/template/ptrmem8.C (test for errors, line 18)
FAIL: g++.dg/template/ptrmem8.C (test for errors, line 19)
FAIL: g++.dg/template/ptrmem8.C (test for excess errors)
FAIL: g++.dg/template/qualified-id1.C (test for errors, line 19)
FAIL: g++.dg/template/qualified-id1.C (test for errors, line 20)
FAIL: g++.dg/template/qualified-id1.C (test for excess errors)
FAIL: g++.dg/template/redecl1.C (test for excess errors)
FAIL: g++.dg/template/scope1.C (test for excess errors)
FAIL: g++.dg/template/sizeof4.C (test for excess errors)
FAIL: g++.dg/template/sizeof7.C (test for excess errors)
FAIL: g++.dg/template/spec17.C (test for errors, line 4)
FAIL: g++.dg/template/spec17.C (test for errors, line 9)
FAIL: g++.dg/template/spec17.C (test for excess errors)
FAIL: g++.dg/template/static9.C (test for excess errors)
FAIL: g++.dg/template/template-id-1.C (test for excess errors)
FAIL: g++.dg/template/template-id-2.C (test for errors, line 14)
FAIL: g++.dg/template/template-id-2.C (test for excess errors)
FAIL: g++.dg/template/ttp5.C (test for errors, line 19)
FAIL: g++.dg/template/ttp5.C (test for excess errors)
FAIL: g++.dg/template/ttp6.C (test for excess errors)
FAIL: g++.dg/template/ttp7.C (test for errors, line 9)
FAIL: g++.dg/template/ttp7.C (test for errors, line 10)
FAIL: g++.dg/template/ttp7.C (test for errors, line 14)
FAIL: g++.dg/template/ttp7.C (test for excess errors)
FAIL: g++.dg/template/unify5.C (test for excess errors)
FAIL: g++.dg/template/unify6.C (test for excess errors)
FAIL: g++.dg/template/unify7.C (test for errors, line 13)
FAIL: g++.dg/template/unify7.C (test for excess errors)
FAIL: g++.dg/template/using6.C (test for errors, line 12)
FAIL: g++.dg/template/using8.C (test for excess errors)
FAIL: g++.dg/template/warn1.C (test for warnings, line 13)
FAIL: g++.dg/template/warn1.C (test for errors, line 34)
FAIL: g++.dg/template/warn1.C (test for excess errors)
FAIL: g++.dg/warn/Wbraces1.C (test for warnings, line 3)
FAIL: g++.dg/warn/Wbraces2.C (test for warnings, line 3)
FAIL: g++.dg/warn/Wbraces2.C (test for warnings, line 10)
FAIL: g++.dg/warn/Wbraces2.C (test for warnings, line 15)
FAIL: g++.dg/warn/Winline-4.C (test for excess errors)
FAIL: g++.dg/warn/Wunused-4.C (test for warnings, line 13)
FAIL: g++.dg/warn/ctor-dtor-privacy-2.C (test for excess errors)
FAIL: g++.dg/warn/main.C (test for excess errors)
FAIL: g++.dg/warn/noeffect2.C (test for warnings, line 13)
FAIL: g++.dg/warn/noeffect2.C (test for warnings, line 16)
FAIL: g++.dg/warn/noeffect2.C (test for warnings, line 17)
FAIL: g++.dg/warn/noeffect4.C (test for warnings, line 82)
FAIL: g++.dg/warn/noeffect4.C (test for warnings, line 83)
FAIL: g++.dg/warn/noeffect4.C (test for warnings, line 84)
FAIL: g++.dg/warn/noeffect4.C (test for warnings, line 85)
FAIL: g++.dg/warn/noreturn-2.C (test for warnings, line 4)
FAIL: g++.dg/warn/pmf1.C (test for errors, line 17)
FAIL: g++.dg/warn/pmf1.C (test for excess errors)
FAIL: 14:is 2:should be 1
FAIL: g++.dg/gcov/gcov-3.C gcov: 1 failures in line counts, 0 in branch percentages, 0 in return percentages
ERROR: precompile: not a valid dg-do keyword
UNRESOLVED: ./empty.H -g (test for excess errors)
ERROR: precompile: not a valid dg-do keyword
UNRESOLVED: ./empty.H -O2 -g (test for excess errors)
ERROR: precompile: not a valid dg-do keyword
UNRESOLVED: ./empty.H -O2 (test for excess errors)
ERROR: precompile: not a valid dg-do keyword
UNRESOLVED: ./static-1.H -g (test for excess errors)
ERROR: precompile: not a valid dg-do keyword
UNRESOLVED: ./static-1.H -O2 -g (test for excess errors)
ERROR: precompile: not a valid dg-do keyword
UNRESOLVED: ./static-1.H -O2 (test for excess errors)
ERROR: precompile: not a valid dg-do keyword
UNRESOLVED: ./system-1.H -g (test for excess errors)
ERROR: precompile: not a valid dg-do keyword
UNRESOLVED: ./system-1.H -O2 -g (test for excess errors)
ERROR: precompile: not a valid dg-do keyword
UNRESOLVED: ./system-1.H -O2 (test for excess errors)
ERROR: precompile: not a valid dg-do keyword
UNRESOLVED: ./system-2.H -g (test for excess errors)
ERROR: precompile: not a valid dg-do keyword
UNRESOLVED: ./system-2.H -O2 -g (test for excess errors)
ERROR: precompile: not a valid dg-do keyword
UNRESOLVED: ./system-2.H -O2 (test for excess errors)
ERROR: precompile: not a valid dg-do keyword
UNRESOLVED: ./uninst.H -g (test for excess errors)
ERROR: precompile: not a valid dg-do keyword
UNRESOLVED: ./uninst.H -O2 -g (test for excess errors)
ERROR: precompile: not a valid dg-do keyword
UNRESOLVED: ./uninst.H -O2 (test for excess errors)
XPASS: g++.other/init5.C Execution test
=== g++ Summary ===
# of expected passes 9041
# of unexpected failures 494
# of unexpected successes 7
# of expected failures 107
# of unresolved testcases 24
# of untested testcases 52
# of unsupported tests 54
/home/robert/stuff/gcc/build/gcc/testsuite/../g++ version 3.3.6-hammer 20050117 (prerelease)
=== objc tests ===
Running target unix
FAIL: objc.dg/bitfield-4.m (test for errors, line 22)
FAIL: objc.dg/bitfield-4.m (test for errors, line 13)
FAIL: objc.dg/bitfield-4.m (test for errors, line 25)
FAIL: objc.dg/bitfield-4.m (test for errors, line 15)
FAIL: objc.dg/call-super-2.m (test for warnings, line 48)
FAIL: objc.dg/call-super-2.m (test for warnings, line 48)
FAIL: objc.dg/call-super-2.m (test for warnings, line 48)
FAIL: objc.dg/call-super-2.m (test for warnings, line 48)
FAIL: objc.dg/call-super-2.m (test for warnings, line 52)
FAIL: objc.dg/call-super-2.m (test for warnings, line 69)
FAIL: objc.dg/call-super-2.m (test for warnings, line 70)
FAIL: objc.dg/call-super-2.m (test for warnings, line 74)
FAIL: objc.dg/call-super-2.m (test for warnings, line 82)
FAIL: objc.dg/call-super-2.m (test for warnings, line 83)
FAIL: objc.dg/call-super-2.m (test for warnings, line 99)
FAIL: objc.dg/call-super-2.m (test for warnings, line 100)
FAIL: objc.dg/call-super-2.m (test for warnings, line 104)
FAIL: objc.dg/call-super-2.m (test for warnings, line 115)
FAIL: objc.dg/call-super-2.m (test for warnings, line 118)
FAIL: objc.dg/call-super-2.m (test for warnings, line 119)
FAIL: objc.dg/call-super-2.m (test for warnings, line 128)
FAIL: objc.dg/call-super-2.m (test for warnings, line 130)
FAIL: objc.dg/call-super-2.m (test for warnings, line 130)
FAIL: objc.dg/call-super-2.m (test for warnings, line 132)
FAIL: objc.dg/call-super-2.m (test for warnings, line 134)
FAIL: objc.dg/call-super-2.m (test for excess errors)
FAIL: objc.dg/const-str-6.m (test for errors, line 27)
FAIL: objc.dg/encode-1.m execution test
FAIL: objc.dg/encode-2.m execution test
FAIL: objc.dg/encode-3.m execution test
FAIL: objc.dg/encode-4.m execution test
FAIL: objc.dg/headers.m (test for excess errors)
FAIL: objc.dg/method-11.m (test for warnings, line 25)
FAIL: objc.dg/method-11.m (test for excess errors)
FAIL: objc.dg/method-13.m (test for excess errors)
FAIL: objc.dg/method-3.m (test for excess errors)
WARNING: objc.dg/method-3.m compilation failed to produce executable
FAIL: objc.dg/method-4.m (test for excess errors)
ERROR: objc.dg/method-4.m: error executing dg-final: couldn't open "method-4.s": no such file or directory
UNRESOLVED: objc.dg/method-4.m: error executing dg-final: couldn't open "method-4.s": no such file or directory
FAIL: objc.dg/method-5.m (test for warnings, line 11)
FAIL: objc.dg/method-5.m (test for warnings, line 11)
FAIL: objc.dg/method-5.m (test for warnings, line 11)
FAIL: objc.dg/method-5.m (test for errors, line 15)
FAIL: objc.dg/method-5.m (test for warnings, line 16)
FAIL: objc.dg/method-5.m (test for warnings, line 17)
FAIL: objc.dg/method-5.m (test for excess errors)
FAIL: objc.dg/method-6.m (test for warnings, line 21)
FAIL: objc.dg/method-6.m (test for warnings, line 14)
FAIL: objc.dg/method-6.m (test for warnings, line 25)
FAIL: objc.dg/method-6.m (test for warnings, line 25)
FAIL: objc.dg/method-6.m (test for warnings, line 25)
FAIL: objc.dg/method-6.m (test for warnings, line 25)
FAIL: objc.dg/method-6.m (test for errors, line 30)
FAIL: objc.dg/method-6.m (test for excess errors)
FAIL: objc.dg/method-7.m (test for warnings, line 18)
FAIL: objc.dg/method-7.m (test for warnings, line 18)
FAIL: objc.dg/method-7.m (test for warnings, line 18)
FAIL: objc.dg/method-7.m (test for warnings, line 18)
FAIL: objc.dg/method-7.m (test for warnings, line 22)
FAIL: objc.dg/method-7.m (test for excess errors)
FAIL: objc.dg/method-9.m (test for warnings, line 33)
FAIL: objc.dg/method-9.m (test for warnings, line 17)
FAIL: objc.dg/method-9.m (test for excess errors)
FAIL: objc.dg/missing-proto-1.m (test for errors, line 5)
FAIL: objc.dg/missing-proto-1.m (test for excess errors)
FAIL: objc.dg/missing-proto-3.m (test for errors, line 12)
FAIL: objc.dg/missing-proto-3.m (test for excess errors)
FAIL: objc.dg/proto-qual-1.m execution test
FAIL: objc.dg/sizeof-1.m (test for excess errors)
WARNING: objc.dg/sizeof-1.m compilation failed to produce executable
FAIL: objc.dg/static-1.m (test for errors, line 16)
FAIL: objc.dg/static-1.m (test for errors, line 26)
FAIL: objc.dg/static-1.m (test for errors, line 27)
FAIL: objc.dg/static-1.m (test for errors, line 28)
FAIL: objc.dg/static-1.m (test for errors, line 29)
FAIL: objc.dg/static-1.m (test for errors, line 30)
FAIL: objc.dg/static-1.m (test for errors, line 31)
FAIL: objc.dg/static-1.m (test for errors, line 32)
FAIL: objc.dg/static-1.m (test for errors, line 33)
FAIL: objc.dg/static-1.m (test for excess errors)
FAIL: objc.dg/try-catch-1.m (test for excess errors)
FAIL: objc.dg/try-catch-3.m (test for excess errors)
FAIL: objc.dg/try-catch-4.m (test for excess errors)
FAIL: objc.dg/type-size-1.m (test for errors, line 9)
FAIL: objc.dg/type-size-1.m (test for errors, line 11)
FAIL: objc.dg/type-size-1.m (test for errors, line 15)
FAIL: objc.dg/type-size-2.m execution test
FAIL: objc.dg/zero-link-1.m (test for excess errors)
ERROR: objc.dg/zero-link-1.m: error executing dg-final: couldn't open "zero-link-1.s": no such file or directory
UNRESOLVED: objc.dg/zero-link-1.m: error executing dg-final: couldn't open "zero-link-1.s": no such file or directory
FAIL: objc.dg/zero-link-2.m (test for excess errors)
ERROR: objc.dg/zero-link-2.m: error executing dg-final: couldn't open "zero-link-2.s": no such file or directory
UNRESOLVED: objc.dg/zero-link-2.m: error executing dg-final: couldn't open "zero-link-2.s": no such file or directory
=== objc Summary ===
# of expected passes 1252
# of unexpected failures 86
# of unresolved testcases 3
# of unsupported tests 7
/home/robert/stuff/gcc/build/gcc/xgcc version 3.3.6-hammer 20050117 (prerelease)
=== libstdc++-v3 check-abi Summary ===
# of added symbols: 51
# of missing symbols: 0
# of incompatible symbols: 0
using: /home/robert/stuff/gcc/src/gcc.hammer-3_3-branch/libstdc++-v3/config/abi/x86_64-linux-gnu/baseline_symbols.txt
=== libstdc++-v3 tests ===
Running target unix
FAIL: 20_util/allocator/14176.cc execution test
FAIL: 20_util/auto_ptr/assign_neg.cc (test for errors, line 225)
FAIL: 20_util/auto_ptr/assign_neg.cc (test for errors, line 355)
FAIL: 20_util/auto_ptr/assign_neg.cc (test for excess errors)
FAIL: 21_strings/basic_string/assign/char/1.cc (test for excess errors)
WARNING: 21_strings/basic_string/assign/char/1.cc compilation failed to produce executable
FAIL: 21_strings/basic_string/cons/char/1.cc (test for excess errors)
WARNING: 21_strings/basic_string/cons/char/1.cc compilation failed to produce executable
FAIL: 21_strings/basic_string/cons/wchar_t/1.cc (test for excess errors)
WARNING: 21_strings/basic_string/cons/wchar_t/1.cc compilation failed to produce executable
FAIL: 21_strings/basic_string/insert/char/1.cc (test for excess errors)
WARNING: 21_strings/basic_string/insert/char/1.cc compilation failed to produce executable
FAIL: 21_strings/basic_string/insert/wchar_t/1.cc (test for excess errors)
WARNING: 21_strings/basic_string/insert/wchar_t/1.cc compilation failed to produce executable
FAIL: 21_strings/basic_string/inserters_extractors/pod/10081-in.cc (test for excess errors)
WARNING: 21_strings/basic_string/inserters_extractors/pod/10081-in.cc compilation failed to produce executable
FAIL: 21_strings/basic_string/inserters_extractors/pod/10081-out.cc (test for excess errors)
WARNING: 21_strings/basic_string/inserters_extractors/pod/10081-out.cc compilation failed to produce executable
FAIL: 21_strings/char_traits/requirements/short/1.cc (test for excess errors)
WARNING: 21_strings/char_traits/requirements/short/1.cc compilation failed to produce executable
FAIL: 22_locale/codecvt/always_noconv/char/wrapped_env.cc (test for excess errors)
WARNING: 22_locale/codecvt/always_noconv/char/wrapped_env.cc compilation failed to produce executable
FAIL: 22_locale/codecvt/always_noconv/char/wrapped_locale.cc (test for excess errors)
WARNING: 22_locale/codecvt/always_noconv/char/wrapped_locale.cc compilation failed to produce executable
FAIL: 22_locale/codecvt/always_noconv/wchar_t/2.cc (test for excess errors)
WARNING: 22_locale/codecvt/always_noconv/wchar_t/2.cc compilation failed to produce executable
FAIL: 22_locale/codecvt/always_noconv/wchar_t/3.cc (test for excess errors)
WARNING: 22_locale/codecvt/always_noconv/wchar_t/3.cc compilation failed to produce executable
FAIL: 22_locale/codecvt/always_noconv/wchar_t/4.cc (test for excess errors)
WARNING: 22_locale/codecvt/always_noconv/wchar_t/4.cc compilation failed to produce executable
FAIL: 22_locale/codecvt/always_noconv/wchar_t/wrapped_env.cc (test for excess errors)
WARNING: 22_locale/codecvt/always_noconv/wchar_t/wrapped_env.cc compilation failed to produce executable
FAIL: 22_locale/codecvt/always_noconv/wchar_t/wrapped_locale.cc (test for excess errors)
WARNING: 22_locale/codecvt/always_noconv/wchar_t/wrapped_locale.cc compilation failed to produce executable
FAIL: 22_locale/codecvt/encoding/char/wrapped_env.cc (test for excess errors)
WARNING: 22_locale/codecvt/encoding/char/wrapped_env.cc compilation failed to produce executable
FAIL: 22_locale/codecvt/encoding/char/wrapped_locale.cc (test for excess errors)
WARNING: 22_locale/codecvt/encoding/char/wrapped_locale.cc compilation failed to produce executable
FAIL: 22_locale/codecvt/encoding/wchar_t/1.cc execution test
FAIL: 22_locale/codecvt/encoding/wchar_t/2.cc (test for excess errors)
WARNING: 22_locale/codecvt/encoding/wchar_t/2.cc compilation failed to produce executable
FAIL: 22_locale/codecvt/encoding/wchar_t/3.cc (test for excess errors)
WARNING: 22_locale/codecvt/encoding/wchar_t/3.cc compilation failed to produce executable
FAIL: 22_locale/codecvt/encoding/wchar_t/4.cc (test for excess errors)
WARNING: 22_locale/codecvt/encoding/wchar_t/4.cc compilation failed to produce executable
FAIL: 22_locale/codecvt/encoding/wchar_t/wrapped_env.cc (test for excess errors)
WARNING: 22_locale/codecvt/encoding/wchar_t/wrapped_env.cc compilation failed to produce executable
FAIL: 22_locale/codecvt/encoding/wchar_t/wrapped_locale.cc (test for excess errors)
WARNING: 22_locale/codecvt/encoding/wchar_t/wrapped_locale.cc compilation failed to produce executable
FAIL: 22_locale/codecvt/in/char/wrapped_env.cc (test for excess errors)
WARNING: 22_locale/codecvt/in/char/wrapped_env.cc compilation failed to produce executable
FAIL: 22_locale/codecvt/in/char/wrapped_locale.cc (test for excess errors)
WARNING: 22_locale/codecvt/in/char/wrapped_locale.cc compilation failed to produce executable
FAIL: 22_locale/codecvt/in/wchar_t/2.cc (test for excess errors)
WARNING: 22_locale/codecvt/in/wchar_t/2.cc compilation failed to produce executable
FAIL: 22_locale/codecvt/in/wchar_t/3.cc (test for excess errors)
WARNING: 22_locale/codecvt/in/wchar_t/3.cc compilation failed to produce executable
FAIL: 22_locale/codecvt/in/wchar_t/4.cc (test for excess errors)
WARNING: 22_locale/codecvt/in/wchar_t/4.cc compilation failed to produce executable
FAIL: 22_locale/codecvt/in/wchar_t/5.cc execution test
FAIL: 22_locale/codecvt/in/wchar_t/6.cc execution test
FAIL: 22_locale/codecvt/in/wchar_t/7.cc (test for excess errors)
WARNING: 22_locale/codecvt/in/wchar_t/7.cc compilation failed to produce executable
FAIL: 22_locale/codecvt/in/wchar_t/8.cc (test for excess errors)
WARNING: 22_locale/codecvt/in/wchar_t/8.cc compilation failed to produce executable
FAIL: 22_locale/codecvt/in/wchar_t/9.cc (test for excess errors)
WARNING: 22_locale/codecvt/in/wchar_t/9.cc compilation failed to produce executable
FAIL: 22_locale/codecvt/in/wchar_t/wrapped_env.cc (test for excess errors)
WARNING: 22_locale/codecvt/in/wchar_t/wrapped_env.cc compilation failed to produce executable
FAIL: 22_locale/codecvt/in/wchar_t/wrapped_locale.cc (test for excess errors)
WARNING: 22_locale/codecvt/in/wchar_t/wrapped_locale.cc compilation failed to produce executable
FAIL: 22_locale/codecvt/length/char/2.cc execution test
FAIL: 22_locale/codecvt/length/char/wrapped_env.cc (test for excess errors)
WARNING: 22_locale/codecvt/length/char/wrapped_env.cc compilation failed to produce executable
FAIL: 22_locale/codecvt/length/char/wrapped_locale.cc (test for excess errors)
WARNING: 22_locale/codecvt/length/char/wrapped_locale.cc compilation failed to produce executable
FAIL: 22_locale/codecvt/length/wchar_t/2.cc (test for excess errors)
WARNING: 22_locale/codecvt/length/wchar_t/2.cc compilation failed to produce executable
FAIL: 22_locale/codecvt/length/wchar_t/3.cc (test for excess errors)
WARNING: 22_locale/codecvt/length/wchar_t/3.cc compilation failed to produce executable
FAIL: 22_locale/codecvt/length/wchar_t/4.cc (test for excess errors)
WARNING: 22_locale/codecvt/length/wchar_t/4.cc compilation failed to produce executable
FAIL: 22_locale/codecvt/length/wchar_t/6.cc execution test
FAIL: 22_locale/codecvt/length/wchar_t/7.cc (test for excess errors)
WARNING: 22_locale/codecvt/length/wchar_t/7.cc compilation failed to produce executable
FAIL: 22_locale/codecvt/length/wchar_t/wrapped_env.cc (test for excess errors)
WARNING: 22_locale/codecvt/length/wchar_t/wrapped_env.cc compilation failed to produce executable
FAIL: 22_locale/codecvt/length/wchar_t/wrapped_locale.cc (test for excess errors)
WARNING: 22_locale/codecvt/length/wchar_t/wrapped_locale.cc compilation failed to produce executable
FAIL: 22_locale/codecvt/max_length/char/wrapped_env.cc (test for excess errors)
WARNING: 22_locale/codecvt/max_length/char/wrapped_env.cc compilation failed to produce executable
FAIL: 22_locale/codecvt/max_length/char/wrapped_locale.cc (test for excess errors)
WARNING: 22_locale/codecvt/max_length/char/wrapped_locale.cc compilation failed to produce executable
FAIL: 22_locale/codecvt/max_length/wchar_t/2.cc (test for excess errors)
WARNING: 22_locale/codecvt/max_length/wchar_t/2.cc compilation failed to produce executable
FAIL: 22_locale/codecvt/max_length/wchar_t/3.cc (test for excess errors)
WARNING: 22_locale/codecvt/max_length/wchar_t/3.cc compilation failed to produce executable
FAIL: 22_locale/codecvt/max_length/wchar_t/4.cc (test for excess errors)
WARNING: 22_locale/codecvt/max_length/wchar_t/4.cc compilation failed to produce executable
FAIL: 22_locale/codecvt/max_length/wchar_t/wrapped_env.cc (test for excess errors)
WARNING: 22_locale/codecvt/max_length/wchar_t/wrapped_env.cc compilation failed to produce executable
FAIL: 22_locale/codecvt/max_length/wchar_t/wrapped_locale.cc (test for excess errors)
WARNING: 22_locale/codecvt/max_length/wchar_t/wrapped_locale.cc compilation failed to produce executable
FAIL: 22_locale/codecvt/out/char/wrapped_env.cc (test for excess errors)
WARNING: 22_locale/codecvt/out/char/wrapped_env.cc compilation failed to produce executable
FAIL: 22_locale/codecvt/out/char/wrapped_locale.cc (test for excess errors)
WARNING: 22_locale/codecvt/out/char/wrapped_locale.cc compilation failed to produce executable
FAIL: 22_locale/codecvt/out/wchar_t/2.cc (test for excess errors)
WARNING: 22_locale/codecvt/out/wchar_t/2.cc compilation failed to produce executable
FAIL: 22_locale/codecvt/out/wchar_t/3.cc (test for excess errors)
WARNING: 22_locale/codecvt/out/wchar_t/3.cc compilation failed to produce executable
FAIL: 22_locale/codecvt/out/wchar_t/4.cc (test for excess errors)
WARNING: 22_locale/codecvt/out/wchar_t/4.cc compilation failed to produce executable
FAIL: 22_locale/codecvt/out/wchar_t/5.cc execution test
FAIL: 22_locale/codecvt/out/wchar_t/6.cc execution test
FAIL: 22_locale/codecvt/out/wchar_t/7.cc (test for excess errors)
WARNING: 22_locale/codecvt/out/wchar_t/7.cc compilation failed to produce executable
FAIL: 22_locale/codecvt/out/wchar_t/wrapped_env.cc (test for excess errors)
WARNING: 22_locale/codecvt/out/wchar_t/wrapped_env.cc compilation failed to produce executable
FAIL: 22_locale/codecvt/out/wchar_t/wrapped_locale.cc (test for excess errors)
WARNING: 22_locale/codecvt/out/wchar_t/wrapped_locale.cc compilation failed to produce executable
FAIL: 22_locale/codecvt/unshift/char/wrapped_env.cc (test for excess errors)
WARNING: 22_locale/codecvt/unshift/char/wrapped_env.cc compilation failed to produce executable
FAIL: 22_locale/codecvt/unshift/char/wrapped_locale.cc (test for excess errors)
WARNING: 22_locale/codecvt/unshift/char/wrapped_locale.cc compilation failed to produce executable
FAIL: 22_locale/codecvt/unshift/wchar_t/2.cc (test for excess errors)
WARNING: 22_locale/codecvt/unshift/wchar_t/2.cc compilation failed to produce executable
FAIL: 22_locale/codecvt/unshift/wchar_t/3.cc (test for excess errors)
WARNING: 22_locale/codecvt/unshift/wchar_t/3.cc compilation failed to produce executable
FAIL: 22_locale/codecvt/unshift/wchar_t/4.cc (test for excess errors)
WARNING: 22_locale/codecvt/unshift/wchar_t/4.cc compilation failed to produce executable
FAIL: 22_locale/codecvt/unshift/wchar_t/wrapped_env.cc (test for excess errors)
WARNING: 22_locale/codecvt/unshift/wchar_t/wrapped_env.cc compilation failed to produce executable
FAIL: 22_locale/codecvt/unshift/wchar_t/wrapped_locale.cc (test for excess errors)
WARNING: 22_locale/codecvt/unshift/wchar_t/wrapped_locale.cc compilation failed to produce executable
FAIL: 22_locale/collate/compare/char/1.cc (test for excess errors)
WARNING: 22_locale/collate/compare/char/1.cc compilation failed to produce executable
FAIL: 22_locale/collate/compare/char/2.cc (test for excess errors)
WARNING: 22_locale/collate/compare/char/2.cc compilation failed to produce executable
FAIL: 22_locale/collate/compare/char/3.cc (test for excess errors)
WARNING: 22_locale/collate/compare/char/3.cc compilation failed to produce executable
FAIL: 22_locale/collate/compare/char/wrapped_env.cc (test for excess errors)
WARNING: 22_locale/collate/compare/char/wrapped_env.cc compilation failed to produce executable
FAIL: 22_locale/collate/compare/char/wrapped_locale.cc (test for excess errors)
WARNING: 22_locale/collate/compare/char/wrapped_locale.cc compilation failed to produce executable
FAIL: 22_locale/collate/compare/wchar_t/1.cc (test for excess errors)
WARNING: 22_locale/collate/compare/wchar_t/1.cc compilation failed to produce executable
FAIL: 22_locale/collate/compare/wchar_t/2.cc (test for excess errors)
WARNING: 22_locale/collate/compare/wchar_t/2.cc compilation failed to produce executable
FAIL: 22_locale/collate/compare/wchar_t/3.cc (test for excess errors)
WARNING: 22_locale/collate/compare/wchar_t/3.cc compilation failed to produce executable
FAIL: 22_locale/collate/compare/wchar_t/wrapped_env.cc (test for excess errors)
WARNING: 22_locale/collate/compare/wchar_t/wrapped_env.cc compilation failed to produce executable
FAIL: 22_locale/collate/compare/wchar_t/wrapped_locale.cc (test for excess errors)
WARNING: 22_locale/collate/compare/wchar_t/wrapped_locale.cc compilation failed to produce executable
FAIL: 22_locale/collate/hash/char/2.cc (test for excess errors)
WARNING: 22_locale/collate/hash/char/2.cc compilation failed to produce executable
FAIL: 22_locale/collate/hash/char/wrapped_env.cc (test for excess errors)
WARNING: 22_locale/collate/hash/char/wrapped_env.cc compilation failed to produce executable
FAIL: 22_locale/collate/hash/char/wrapped_locale.cc (test for excess errors)
WARNING: 22_locale/collate/hash/char/wrapped_locale.cc compilation failed to produce executable
FAIL: 22_locale/collate/hash/wchar_t/2.cc (test for excess errors)
WARNING: 22_locale/collate/hash/wchar_t/2.cc compilation failed to produce executable
FAIL: 22_locale/collate/hash/wchar_t/wrapped_env.cc (test for excess errors)
WARNING: 22_locale/collate/hash/wchar_t/wrapped_env.cc compilation failed to produce executable
FAIL: 22_locale/collate/hash/wchar_t/wrapped_locale.cc (test for excess errors)
WARNING: 22_locale/collate/hash/wchar_t/wrapped_locale.cc compilation failed to produce executable
FAIL: 22_locale/collate/transform/char/2.cc (test for excess errors)
WARNING: 22_locale/collate/transform/char/2.cc compilation failed to produce executable
FAIL: 22_locale/collate/transform/char/3.cc (test for excess errors)
WARNING: 22_locale/collate/transform/char/3.cc compilation failed to produce executable
FAIL: 22_locale/collate/transform/char/wrapped_env.cc (test for excess errors)
WARNING: 22_locale/collate/transform/char/wrapped_env.cc compilation failed to produce executable
FAIL: 22_locale/collate/transform/char/wrapped_locale.cc (test for excess errors)
WARNING: 22_locale/collate/transform/char/wrapped_locale.cc compilation failed to produce executable
FAIL: 22_locale/collate/transform/wchar_t/2.cc (test for excess errors)
WARNING: 22_locale/collate/transform/wchar_t/2.cc compilation failed to produce executable
FAIL: 22_locale/collate/transform/wchar_t/3.cc (test for excess errors)
WARNING: 22_locale/collate/transform/wchar_t/3.cc compilation failed to produce executable
FAIL: 22_locale/collate/transform/wchar_t/wrapped_env.cc (test for excess errors)
WARNING: 22_locale/collate/transform/wchar_t/wrapped_env.cc compilation failed to produce executable
FAIL: 22_locale/collate/transform/wchar_t/wrapped_locale.cc (test for excess errors)
WARNING: 22_locale/collate/transform/wchar_t/wrapped_locale.cc compilation failed to produce executable
XPASS: 22_locale/collate_byname.cc execution test
FAIL: 22_locale/collate_byname/named_equivalence.cc (test for excess errors)
WARNING: 22_locale/collate_byname/named_equivalence.cc compilation failed to produce executable
XPASS: 22_locale/collate_members_char.cc execution test
XPASS: 22_locale/collate_members_wchar_t.cc execution test
FAIL: 22_locale/ctype/cons/char/wrapped_env.cc (test for excess errors)
WARNING: 22_locale/ctype/cons/char/wrapped_env.cc compilation failed to produce executable
FAIL: 22_locale/ctype/cons/char/wrapped_locale.cc (test for excess errors)
WARNING: 22_locale/ctype/cons/char/wrapped_locale.cc compilation failed to produce executable
FAIL: 22_locale/ctype/is/char/2.cc (test for excess errors)
WARNING: 22_locale/ctype/is/char/2.cc compilation failed to produce executable
FAIL: 22_locale/ctype/is/char/9858.cc execution test
FAIL: 22_locale/ctype/is/char/wrapped_env.cc (test for excess errors)
WARNING: 22_locale/ctype/is/char/wrapped_env.cc compilation failed to produce executable
FAIL: 22_locale/ctype/is/char/wrapped_locale.cc (test for excess errors)
WARNING: 22_locale/ctype/is/char/wrapped_locale.cc compilation failed to produce executable
FAIL: 22_locale/ctype/is/wchar_t/2.cc (test for excess errors)
WARNING: 22_locale/ctype/is/wchar_t/2.cc compilation failed to produce executable
FAIL: 22_locale/ctype/is/wchar_t/wrapped_env.cc (test for excess errors)
WARNING: 22_locale/ctype/is/wchar_t/wrapped_env.cc compilation failed to produce executable
FAIL: 22_locale/ctype/is/wchar_t/wrapped_locale.cc (test for excess errors)
WARNING: 22_locale/ctype/is/wchar_t/wrapped_locale.cc compilation failed to produce executable
FAIL: 22_locale/ctype/narrow/char/wrapped_env.cc (test for excess errors)
WARNING: 22_locale/ctype/narrow/char/wrapped_env.cc compilation failed to produce executable
FAIL: 22_locale/ctype/narrow/char/wrapped_locale.cc (test for excess errors)
WARNING: 22_locale/ctype/narrow/char/wrapped_locale.cc compilation failed to produce executable
FAIL: 22_locale/ctype/narrow/wchar_t/3.cc (test for excess errors)
WARNING: 22_locale/ctype/narrow/wchar_t/3.cc compilation failed to produce executable
FAIL: 22_locale/ctype/narrow/wchar_t/wrapped_env.cc (test for excess errors)
WARNING: 22_locale/ctype/narrow/wchar_t/wrapped_env.cc compilation failed to produce executable
FAIL: 22_locale/ctype/narrow/wchar_t/wrapped_locale.cc (test for excess errors)
WARNING: 22_locale/ctype/narrow/wchar_t/wrapped_locale.cc compilation failed to produce executable
FAIL: 22_locale/ctype/scan/char/wrapped_env.cc (test for excess errors)
WARNING: 22_locale/ctype/scan/char/wrapped_env.cc compilation failed to produce executable
FAIL: 22_locale/ctype/scan/char/wrapped_locale.cc (test for excess errors)
WARNING: 22_locale/ctype/scan/char/wrapped_locale.cc compilation failed to produce executable
FAIL: 22_locale/ctype/scan/wchar_t/wrapped_env.cc (test for excess errors)
WARNING: 22_locale/ctype/scan/wchar_t/wrapped_env.cc compilation failed to produce executable
FAIL: 22_locale/ctype/scan/wchar_t/wrapped_locale.cc (test for excess errors)
WARNING: 22_locale/ctype/scan/wchar_t/wrapped_locale.cc compilation failed to produce executable
FAIL: 22_locale/ctype/to/char/wrapped_env.cc (test for excess errors)
WARNING: 22_locale/ctype/to/char/wrapped_env.cc compilation failed to produce executable
FAIL: 22_locale/ctype/to/char/wrapped_locale.cc (test for excess errors)
WARNING: 22_locale/ctype/to/char/wrapped_locale.cc compilation failed to produce executable
FAIL: 22_locale/ctype/to/wchar_t/wrapped_env.cc (test for excess errors)
WARNING: 22_locale/ctype/to/wchar_t/wrapped_env.cc compilation failed to produce executable
FAIL: 22_locale/ctype/to/wchar_t/wrapped_locale.cc (test for excess errors)
WARNING: 22_locale/ctype/to/wchar_t/wrapped_locale.cc compilation failed to produce executable
FAIL: 22_locale/ctype/widen/char/wrapped_env.cc (test for excess errors)
WARNING: 22_locale/ctype/widen/char/wrapped_env.cc compilation failed to produce executable
FAIL: 22_locale/ctype/widen/char/wrapped_locale.cc (test for excess errors)
WARNING: 22_locale/ctype/widen/char/wrapped_locale.cc compilation failed to produce executable
FAIL: 22_locale/ctype/widen/wchar_t/2.cc (test for excess errors)
WARNING: 22_locale/ctype/widen/wchar_t/2.cc compilation failed to produce executable
FAIL: 22_locale/ctype/widen/wchar_t/3.cc (test for excess errors)
WARNING: 22_locale/ctype/widen/wchar_t/3.cc compilation failed to produce executable
FAIL: 22_locale/ctype/widen/wchar_t/wrapped_env.cc (test for excess errors)
WARNING: 22_locale/ctype/widen/wchar_t/wrapped_env.cc compilation failed to produce executable
FAIL: 22_locale/ctype/widen/wchar_t/wrapped_locale.cc (test for excess errors)
WARNING: 22_locale/ctype/widen/wchar_t/wrapped_locale.cc compilation failed to produce executable
FAIL: 22_locale/ctype_base/11844.cc execution test
XPASS: 22_locale/ctype_is_char.cc execution test
XPASS: 22_locale/ctype_is_wchar_t.cc execution test
FAIL: 22_locale/facet/2.cc (test for excess errors)
WARNING: 22_locale/facet/2.cc compilation failed to produce executable
FAIL: 22_locale/locale/13630.cc execution test
FAIL: 22_locale/locale/cons/12352.cc (test for excess errors)
WARNING: 22_locale/locale/cons/12352.cc compilation failed to produce executable
FAIL: 22_locale/locale/cons/12438.cc (test for excess errors)
WARNING: 22_locale/locale/cons/12438.cc compilation failed to produce executable
XPASS: 22_locale/locale/cons/12658_thread.cc execution test
FAIL: 22_locale/locale/cons/7.cc (test for excess errors)
WARNING: 22_locale/locale/cons/7.cc compilation failed to produce executable
FAIL: 22_locale/locale/cons/7222-env.cc (test for excess errors)
WARNING: 22_locale/locale/cons/7222-env.cc compilation failed to produce executable
FAIL: 22_locale/locale/cons/8.cc (test for excess errors)
WARNING: 22_locale/locale/cons/8.cc compilation failed to produce executable
FAIL: 22_locale/locale/global_locale_objects/14071.cc (test for excess errors)
WARNING: 22_locale/locale/global_locale_objects/14071.cc compilation failed to produce executable
FAIL: 22_locale/locale/global_locale_objects/2.cc (test for excess errors)
WARNING: 22_locale/locale/global_locale_objects/2.cc compilation failed to produce executable
XPASS: 22_locale/members.cc execution test
FAIL: 22_locale/messages/members/char/1.cc (test for excess errors)
WARNING: 22_locale/messages/members/char/1.cc compilation failed to produce executable
FAIL: 22_locale/messages/members/char/2.cc (test for excess errors)
WARNING: 22_locale/messages/members/char/2.cc compilation failed to produce executable
FAIL: 22_locale/messages/members/char/3.cc (test for excess errors)
WARNING: 22_locale/messages/members/char/3.cc compilation failed to produce executable
FAIL: 22_locale/messages/members/char/wrapped_env.cc (test for excess errors)
WARNING: 22_locale/messages/members/char/wrapped_env.cc compilation failed to produce executable
FAIL: 22_locale/messages/members/char/wrapped_locale.cc (test for excess errors)
WARNING: 22_locale/messages/members/char/wrapped_locale.cc compilation failed to produce executable
XPASS: 22_locale/messages_byname.cc execution test
FAIL: 22_locale/messages_byname/named_equivalence.cc (test for excess errors)
WARNING: 22_locale/messages_byname/named_equivalence.cc compilation failed to produce executable
XPASS: 22_locale/messages_members_char.cc execution test
FAIL: 22_locale/money_get/get/char/1.cc (test for excess errors)
WARNING: 22_locale/money_get/get/char/1.cc compilation failed to produce executable
FAIL: 22_locale/money_get/get/char/10.cc (test for excess errors)
WARNING: 22_locale/money_get/get/char/10.cc compilation failed to produce executable
FAIL: 22_locale/money_get/get/char/11.cc (test for excess errors)
WARNING: 22_locale/money_get/get/char/11.cc compilation failed to produce executable
FAIL: 22_locale/money_get/get/char/11528.cc (test for excess errors)
WARNING: 22_locale/money_get/get/char/11528.cc compilation failed to produce executable
FAIL: 22_locale/money_get/get/char/12.cc (test for excess errors)
WARNING: 22_locale/money_get/get/char/12.cc compilation failed to produce executable
FAIL: 22_locale/money_get/get/char/13.cc (test for excess errors)
WARNING: 22_locale/money_get/get/char/13.cc compilation failed to produce executable
FAIL: 22_locale/money_get/get/char/14.cc execution test
FAIL: 22_locale/money_get/get/char/15.cc (test for excess errors)
WARNING: 22_locale/money_get/get/char/15.cc compilation failed to produce executable
FAIL: 22_locale/money_get/get/char/16.cc (test for excess errors)
WARNING: 22_locale/money_get/get/char/16.cc compilation failed to produce executable
FAIL: 22_locale/money_get/get/char/17.cc (test for excess errors)
WARNING: 22_locale/money_get/get/char/17.cc compilation failed to produce executable
FAIL: 22_locale/money_get/get/char/18.cc (test for excess errors)
WARNING: 22_locale/money_get/get/char/18.cc compilation failed to produce executable
FAIL: 22_locale/money_get/get/char/19.cc execution test
FAIL: 22_locale/money_get/get/char/2.cc (test for excess errors)
WARNING: 22_locale/money_get/get/char/2.cc compilation failed to produce executable
FAIL: 22_locale/money_get/get/char/3.cc (test for excess errors)
WARNING: 22_locale/money_get/get/char/3.cc compilation failed to produce executable
FAIL: 22_locale/money_get/get/char/4.cc (test for excess errors)
WARNING: 22_locale/money_get/get/char/4.cc compilation failed to produce executable
FAIL: 22_locale/money_get/get/char/9.cc execution test
FAIL: 22_locale/money_get/get/char/wrapped_env.cc (test for excess errors)
WARNING: 22_locale/money_get/get/char/wrapped_env.cc compilation failed to produce executable
FAIL: 22_locale/money_get/get/char/wrapped_locale.cc (test for excess errors)
WARNING: 22_locale/money_get/get/char/wrapped_locale.cc compilation failed to produce executable
FAIL: 22_locale/money_get/get/wchar_t/1.cc (test for excess errors)
WARNING: 22_locale/money_get/get/wchar_t/1.cc compilation failed to produce executable
FAIL: 22_locale/money_get/get/wchar_t/10.cc (test for excess errors)
WARNING: 22_locale/money_get/get/wchar_t/10.cc compilation failed to produce executable
FAIL: 22_locale/money_get/get/wchar_t/11.cc (test for excess errors)
WARNING: 22_locale/money_get/get/wchar_t/11.cc compilation failed to produce executable
FAIL: 22_locale/money_get/get/wchar_t/11528.cc (test for excess errors)
WARNING: 22_locale/money_get/get/wchar_t/11528.cc compilation failed to produce executable
FAIL: 22_locale/money_get/get/wchar_t/12.cc (test for excess errors)
WARNING: 22_locale/money_get/get/wchar_t/12.cc compilation failed to produce executable
FAIL: 22_locale/money_get/get/wchar_t/13.cc (test for excess errors)
WARNING: 22_locale/money_get/get/wchar_t/13.cc compilation failed to produce executable
FAIL: 22_locale/money_get/get/wchar_t/14.cc execution test
FAIL: 22_locale/money_get/get/wchar_t/15.cc (test for excess errors)
WARNING: 22_locale/money_get/get/wchar_t/15.cc compilation failed to produce executable
FAIL: 22_locale/money_get/get/wchar_t/16.cc (test for excess errors)
WARNING: 22_locale/money_get/get/wchar_t/16.cc compilation failed to produce executable
FAIL: 22_locale/money_get/get/wchar_t/17.cc (test for excess errors)
WARNING: 22_locale/money_get/get/wchar_t/17.cc compilation failed to produce executable
FAIL: 22_locale/money_get/get/wchar_t/18.cc (test for excess errors)
WARNING: 22_locale/money_get/get/wchar_t/18.cc compilation failed to produce executable
FAIL: 22_locale/money_get/get/wchar_t/19.cc execution test
FAIL: 22_locale/money_get/get/wchar_t/2.cc (test for excess errors)
WARNING: 22_locale/money_get/get/wchar_t/2.cc compilation failed to produce executable
FAIL: 22_locale/money_get/get/wchar_t/3.cc (test for excess errors)
WARNING: 22_locale/money_get/get/wchar_t/3.cc compilation failed to produce executable
FAIL: 22_locale/money_get/get/wchar_t/4.cc (test for excess errors)
WARNING: 22_locale/money_get/get/wchar_t/4.cc compilation failed to produce executable
FAIL: 22_locale/money_get/get/wchar_t/9.cc execution test
FAIL: 22_locale/money_get/get/wchar_t/wrapped_env.cc (test for excess errors)
WARNING: 22_locale/money_get/get/wchar_t/wrapped_env.cc compilation failed to produce executable
FAIL: 22_locale/money_get/get/wchar_t/wrapped_locale.cc (test for excess errors)
WARNING: 22_locale/money_get/get/wchar_t/wrapped_locale.cc compilation failed to produce executable
XPASS: 22_locale/money_get_members_char.cc execution test
XPASS: 22_locale/money_get_members_wchar_t.cc execution test
FAIL: 22_locale/money_put/put/char/1.cc (test for excess errors)
WARNING: 22_locale/money_put/put/char/1.cc compilation failed to produce executable
FAIL: 22_locale/money_put/put/char/2.cc (test for excess errors)
WARNING: 22_locale/money_put/put/char/2.cc compilation failed to produce executable
FAIL: 22_locale/money_put/put/char/3.cc (test for excess errors)
WARNING: 22_locale/money_put/put/char/3.cc compilation failed to produce executable
FAIL: 22_locale/money_put/put/char/9780-3.cc (test for excess errors)
WARNING: 22_locale/money_put/put/char/9780-3.cc compilation failed to produce executable
FAIL: 22_locale/money_put/put/char/wrapped_env.cc (test for excess errors)
WARNING: 22_locale/money_put/put/char/wrapped_env.cc compilation failed to produce executable
FAIL: 22_locale/money_put/put/char/wrapped_locale.cc (test for excess errors)
WARNING: 22_locale/money_put/put/char/wrapped_locale.cc compilation failed to produce executable
FAIL: 22_locale/money_put/put/wchar_t/1.cc (test for excess errors)
WARNING: 22_locale/money_put/put/wchar_t/1.cc compilation failed to produce executable
FAIL: 22_locale/money_put/put/wchar_t/2.cc (test for excess errors)
WARNING: 22_locale/money_put/put/wchar_t/2.cc compilation failed to produce executable
FAIL: 22_locale/money_put/put/wchar_t/3.cc (test for excess errors)
WARNING: 22_locale/money_put/put/wchar_t/3.cc compilation failed to produce executable
FAIL: 22_locale/money_put/put/wchar_t/wrapped_env.cc (test for excess errors)
WARNING: 22_locale/money_put/put/wchar_t/wrapped_env.cc compilation failed to produce executable
FAIL: 22_locale/money_put/put/wchar_t/wrapped_locale.cc (test for excess errors)
WARNING: 22_locale/money_put/put/wchar_t/wrapped_locale.cc compilation failed to produce executable
XPASS: 22_locale/money_put_members_char.cc execution test
XPASS: 22_locale/money_put_members_wchar_t.cc execution test
FAIL: 22_locale/moneypunct/members/char/2.cc (test for excess errors)
WARNING: 22_locale/moneypunct/members/char/2.cc compilation failed to produce executable
FAIL: 22_locale/moneypunct/members/char/wrapped_env.cc (test for excess errors)
WARNING: 22_locale/moneypunct/members/char/wrapped_env.cc compilation failed to produce executable
FAIL: 22_locale/moneypunct/members/char/wrapped_locale.cc (test for excess errors)
WARNING: 22_locale/moneypunct/members/char/wrapped_locale.cc compilation failed to produce executable
FAIL: 22_locale/moneypunct/members/wchar_t/2.cc (test for excess errors)
WARNING: 22_locale/moneypunct/members/wchar_t/2.cc compilation failed to produce executable
FAIL: 22_locale/moneypunct/members/wchar_t/wrapped_env.cc (test for excess errors)
WARNING: 22_locale/moneypunct/members/wchar_t/wrapped_env.cc compilation failed to produce executable
FAIL: 22_locale/moneypunct/members/wchar_t/wrapped_locale.cc (test for excess errors)
WARNING: 22_locale/moneypunct/members/wchar_t/wrapped_locale.cc compilation failed to produce executable
XPASS: 22_locale/moneypunct_byname.cc execution test
FAIL: 22_locale/moneypunct_byname/named_equivalence.cc (test for excess errors)
WARNING: 22_locale/moneypunct_byname/named_equivalence.cc compilation failed to produce executable
XPASS: 22_locale/moneypunct_members_char.cc execution test
XPASS: 22_locale/moneypunct_members_wchar_t.cc execution test
FAIL: 22_locale/num_get/get/char/1.cc (test for excess errors)
WARNING: 22_locale/num_get/get/char/1.cc compilation failed to produce executable
FAIL: 22_locale/num_get/get/char/10.cc execution test
FAIL: 22_locale/num_get/get/char/11.cc execution test
FAIL: 22_locale/num_get/get/char/12.cc execution test
FAIL: 22_locale/num_get/get/char/14.cc execution test
FAIL: 22_locale/num_get/get/char/15.cc execution test
FAIL: 22_locale/num_get/get/char/2.cc (test for excess errors)
WARNING: 22_locale/num_get/get/char/2.cc compilation failed to produce executable
FAIL: 22_locale/num_get/get/char/3.cc (test for excess errors)
WARNING: 22_locale/num_get/get/char/3.cc compilation failed to produce executable
FAIL: 22_locale/num_get/get/char/5.cc (test for excess errors)
WARNING: 22_locale/num_get/get/char/5.cc compilation failed to produce executable
FAIL: 22_locale/num_get/get/char/6.cc (test for excess errors)
WARNING: 22_locale/num_get/get/char/6.cc compilation failed to produce executable
FAIL: 22_locale/num_get/get/char/7.cc execution test
FAIL: 22_locale/num_get/get/char/9.cc (test for excess errors)
WARNING: 22_locale/num_get/get/char/9.cc compilation failed to produce executable
FAIL: 22_locale/num_get/get/char/wrapped_env.cc (test for excess errors)
WARNING: 22_locale/num_get/get/char/wrapped_env.cc compilation failed to produce executable
FAIL: 22_locale/num_get/get/char/wrapped_locale.cc (test for excess errors)
WARNING: 22_locale/num_get/get/char/wrapped_locale.cc compilation failed to produce executable
FAIL: 22_locale/num_get/get/wchar_t/1.cc (test for excess errors)
WARNING: 22_locale/num_get/get/wchar_t/1.cc compilation failed to produce executable
FAIL: 22_locale/num_get/get/wchar_t/10.cc execution test
FAIL: 22_locale/num_get/get/wchar_t/11.cc execution test
FAIL: 22_locale/num_get/get/wchar_t/12.cc execution test
FAIL: 22_locale/num_get/get/wchar_t/14.cc execution test
FAIL: 22_locale/num_get/get/wchar_t/15.cc execution test
FAIL: 22_locale/num_get/get/wchar_t/2.cc (test for excess errors)
WARNING: 22_locale/num_get/get/wchar_t/2.cc compilation failed to produce executable
FAIL: 22_locale/num_get/get/wchar_t/3.cc (test for excess errors)
WARNING: 22_locale/num_get/get/wchar_t/3.cc compilation failed to produce executable
FAIL: 22_locale/num_get/get/wchar_t/5.cc (test for excess errors)
WARNING: 22_locale/num_get/get/wchar_t/5.cc compilation failed to produce executable
FAIL: 22_locale/num_get/get/wchar_t/6.cc (test for excess errors)
WARNING: 22_locale/num_get/get/wchar_t/6.cc compilation failed to produce executable
FAIL: 22_locale/num_get/get/wchar_t/7.cc execution test
FAIL: 22_locale/num_get/get/wchar_t/9.cc (test for excess errors)
WARNING: 22_locale/num_get/get/wchar_t/9.cc compilation failed to produce executable
FAIL: 22_locale/num_get/get/wchar_t/wrapped_env.cc (test for excess errors)
WARNING: 22_locale/num_get/get/wchar_t/wrapped_env.cc compilation failed to produce executable
FAIL: 22_locale/num_get/get/wchar_t/wrapped_locale.cc (test for excess errors)
WARNING: 22_locale/num_get/get/wchar_t/wrapped_locale.cc compilation failed to produce executable
XPASS: 22_locale/num_get_members_char.cc execution test
XPASS: 22_locale/num_get_members_wchar_t.cc execution test
FAIL: 22_locale/num_put/put/char/1.cc (test for excess errors)
WARNING: 22_locale/num_put/put/char/1.cc compilation failed to produce executable
FAIL: 22_locale/num_put/put/char/2.cc (test for excess errors)
WARNING: 22_locale/num_put/put/char/2.cc compilation failed to produce executable
FAIL: 22_locale/num_put/put/char/3.cc (test for excess errors)
WARNING: 22_locale/num_put/put/char/3.cc compilation failed to produce executable
FAIL: 22_locale/num_put/put/char/5.cc (test for excess errors)
WARNING: 22_locale/num_put/put/char/5.cc compilation failed to produce executable
FAIL: 22_locale/num_put/put/char/9780-2.cc (test for excess errors)
WARNING: 22_locale/num_put/put/char/9780-2.cc compilation failed to produce executable
FAIL: 22_locale/num_put/put/char/wrapped_env.cc (test for excess errors)
WARNING: 22_locale/num_put/put/char/wrapped_env.cc compilation failed to produce executable
FAIL: 22_locale/num_put/put/char/wrapped_locale.cc (test for excess errors)
WARNING: 22_locale/num_put/put/char/wrapped_locale.cc compilation failed to produce executable
FAIL: 22_locale/num_put/put/wchar_t/1.cc (test for excess errors)
WARNING: 22_locale/num_put/put/wchar_t/1.cc compilation failed to produce executable
FAIL: 22_locale/num_put/put/wchar_t/2.cc (test for excess errors)
WARNING: 22_locale/num_put/put/wchar_t/2.cc compilation failed to produce executable
FAIL: 22_locale/num_put/put/wchar_t/3.cc (test for excess errors)
WARNING: 22_locale/num_put/put/wchar_t/3.cc compilation failed to produce executable
FAIL: 22_locale/num_put/put/wchar_t/5.cc (test for excess errors)
WARNING: 22_locale/num_put/put/wchar_t/5.cc compilation failed to produce executable
FAIL: 22_locale/num_put/put/wchar_t/wrapped_env.cc (test for excess errors)
WARNING: 22_locale/num_put/put/wchar_t/wrapped_env.cc compilation failed to produce executable
FAIL: 22_locale/num_put/put/wchar_t/wrapped_locale.cc (test for excess errors)
WARNING: 22_locale/num_put/put/wchar_t/wrapped_locale.cc compilation failed to produce executable
XPASS: 22_locale/num_put_members_char.cc execution test
XPASS: 22_locale/num_put_members_wchar_t.cc execution test
FAIL: 22_locale/numpunct/members/char/1.cc (test for excess errors)
WARNING: 22_locale/numpunct/members/char/1.cc compilation failed to produce executable
FAIL: 22_locale/numpunct/members/char/2.cc (test for excess errors)
WARNING: 22_locale/numpunct/members/char/2.cc compilation failed to produce executable
FAIL: 22_locale/numpunct/members/char/3.cc (test for excess errors)
WARNING: 22_locale/numpunct/members/char/3.cc compilation failed to produce executable
FAIL: 22_locale/numpunct/members/char/wrapped_env.cc (test for excess errors)
WARNING: 22_locale/numpunct/members/char/wrapped_env.cc compilation failed to produce executable
FAIL: 22_locale/numpunct/members/char/wrapped_locale.cc (test for excess errors)
WARNING: 22_locale/numpunct/members/char/wrapped_locale.cc compilation failed to produce executable
FAIL: 22_locale/numpunct/members/pod/1.cc (test for excess errors)
WARNING: 22_locale/numpunct/members/pod/1.cc compilation failed to produce executable
FAIL: 22_locale/numpunct/members/pod/2.cc (test for excess errors)
WARNING: 22_locale/numpunct/members/pod/2.cc compilation failed to produce executable
FAIL: 22_locale/numpunct/members/wchar_t/1.cc (test for excess errors)
WARNING: 22_locale/numpunct/members/wchar_t/1.cc compilation failed to produce executable
FAIL: 22_locale/numpunct/members/wchar_t/2.cc (test for excess errors)
WARNING: 22_locale/numpunct/members/wchar_t/2.cc compilation failed to produce executable
FAIL: 22_locale/numpunct/members/wchar_t/wrapped_env.cc (test for excess errors)
WARNING: 22_locale/numpunct/members/wchar_t/wrapped_env.cc compilation failed to produce executable
FAIL: 22_locale/numpunct/members/wchar_t/wrapped_locale.cc (test for excess errors)
WARNING: 22_locale/numpunct/members/wchar_t/wrapped_locale.cc compilation failed to produce executable
XPASS: 22_locale/numpunct_byname.cc execution test
FAIL: 22_locale/numpunct_byname/named_equivalence.cc (test for excess errors)
WARNING: 22_locale/numpunct_byname/named_equivalence.cc compilation failed to produce executable
XPASS: 22_locale/numpunct_members_char.cc execution test
XPASS: 22_locale/numpunct_members_wchar_t.cc execution test
FAIL: 22_locale/time_get/date_order/char/1.cc (test for excess errors)
WARNING: 22_locale/time_get/date_order/char/1.cc compilation failed to produce executable
FAIL: 22_locale/time_get/date_order/char/wrapped_env.cc (test for excess errors)
WARNING: 22_locale/time_get/date_order/char/wrapped_env.cc compilation failed to produce executable
FAIL: 22_locale/time_get/date_order/char/wrapped_locale.cc (test for excess errors)
WARNING: 22_locale/time_get/date_order/char/wrapped_locale.cc compilation failed to produce executable
FAIL: 22_locale/time_get/date_order/wchar_t/1.cc (test for excess errors)
WARNING: 22_locale/time_get/date_order/wchar_t/1.cc compilation failed to produce executable
FAIL: 22_locale/time_get/date_order/wchar_t/wrapped_env.cc (test for excess errors)
WARNING: 22_locale/time_get/date_order/wchar_t/wrapped_env.cc compilation failed to produce executable
FAIL: 22_locale/time_get/date_order/wchar_t/wrapped_locale.cc (test for excess errors)
WARNING: 22_locale/time_get/date_order/wchar_t/wrapped_locale.cc compilation failed to produce executable
FAIL: 22_locale/time_get/get_date/char/1.cc (test for excess errors)
WARNING: 22_locale/time_get/get_date/char/1.cc compilation failed to produce executable
FAIL: 22_locale/time_get/get_date/char/12750.cc (test for excess errors)
WARNING: 22_locale/time_get/get_date/char/12750.cc compilation failed to produce executable
FAIL: 22_locale/time_get/get_date/char/2.cc (test for excess errors)
WARNING: 22_locale/time_get/get_date/char/2.cc compilation failed to produce executable
FAIL: 22_locale/time_get/get_date/char/wrapped_env.cc (test for excess errors)
WARNING: 22_locale/time_get/get_date/char/wrapped_env.cc compilation failed to produce executable
FAIL: 22_locale/time_get/get_date/char/wrapped_locale.cc (test for excess errors)
WARNING: 22_locale/time_get/get_date/char/wrapped_locale.cc compilation failed to produce executable
FAIL: 22_locale/time_get/get_date/wchar_t/1.cc (test for excess errors)
WARNING: 22_locale/time_get/get_date/wchar_t/1.cc compilation failed to produce executable
FAIL: 22_locale/time_get/get_date/wchar_t/12750.cc (test for excess errors)
WARNING: 22_locale/time_get/get_date/wchar_t/12750.cc compilation failed to produce executable
FAIL: 22_locale/time_get/get_date/wchar_t/2.cc (test for excess errors)
WARNING: 22_locale/time_get/get_date/wchar_t/2.cc compilation failed to produce executable
FAIL: 22_locale/time_get/get_date/wchar_t/4.cc (test for excess errors)
WARNING: 22_locale/time_get/get_date/wchar_t/4.cc compilation failed to produce executable
FAIL: 22_locale/time_get/get_date/wchar_t/wrapped_env.cc (test for excess errors)
WARNING: 22_locale/time_get/get_date/wchar_t/wrapped_env.cc compilation failed to produce executable
FAIL: 22_locale/time_get/get_date/wchar_t/wrapped_locale.cc (test for excess errors)
WARNING: 22_locale/time_get/get_date/wchar_t/wrapped_locale.cc compilation failed to produce executable
FAIL: 22_locale/time_get/get_monthname/char/1.cc (test for excess errors)
WARNING: 22_locale/time_get/get_monthname/char/1.cc compilation failed to produce executable
FAIL: 22_locale/time_get/get_monthname/char/2.cc (test for excess errors)
WARNING: 22_locale/time_get/get_monthname/char/2.cc compilation failed to produce executable
FAIL: 22_locale/time_get/get_monthname/char/wrapped_env.cc (test for excess errors)
WARNING: 22_locale/time_get/get_monthname/char/wrapped_env.cc compilation failed to produce executable
FAIL: 22_locale/time_get/get_monthname/char/wrapped_locale.cc (test for excess errors)
WARNING: 22_locale/time_get/get_monthname/char/wrapped_locale.cc compilation failed to produce executable
FAIL: 22_locale/time_get/get_monthname/wchar_t/1.cc (test for excess errors)
WARNING: 22_locale/time_get/get_monthname/wchar_t/1.cc compilation failed to produce executable
FAIL: 22_locale/time_get/get_monthname/wchar_t/2.cc (test for excess errors)
WARNING: 22_locale/time_get/get_monthname/wchar_t/2.cc compilation failed to produce executable
FAIL: 22_locale/time_get/get_monthname/wchar_t/wrapped_env.cc (test for excess errors)
WARNING: 22_locale/time_get/get_monthname/wchar_t/wrapped_env.cc compilation failed to produce executable
FAIL: 22_locale/time_get/get_monthname/wchar_t/wrapped_locale.cc (test for excess errors)
WARNING: 22_locale/time_get/get_monthname/wchar_t/wrapped_locale.cc compilation failed to produce executable
FAIL: 22_locale/time_get/get_time/char/1.cc (test for excess errors)
WARNING: 22_locale/time_get/get_time/char/1.cc compilation failed to produce executable
FAIL: 22_locale/time_get/get_time/char/2.cc (test for excess errors)
WARNING: 22_locale/time_get/get_time/char/2.cc compilation failed to produce executable
FAIL: 22_locale/time_get/get_time/char/wrapped_env.cc (test for excess errors)
WARNING: 22_locale/time_get/get_time/char/wrapped_env.cc compilation failed to produce executable
FAIL: 22_locale/time_get/get_time/char/wrapped_locale.cc (test for excess errors)
WARNING: 22_locale/time_get/get_time/char/wrapped_locale.cc compilation failed to produce executable
FAIL: 22_locale/time_get/get_time/wchar_t/1.cc (test for excess errors)
WARNING: 22_locale/time_get/get_time/wchar_t/1.cc compilation failed to produce executable
FAIL: 22_locale/time_get/get_time/wchar_t/2.cc (test for excess errors)
WARNING: 22_locale/time_get/get_time/wchar_t/2.cc compilation failed to produce executable
FAIL: 22_locale/time_get/get_time/wchar_t/wrapped_env.cc (test for excess errors)
WARNING: 22_locale/time_get/get_time/wchar_t/wrapped_env.cc compilation failed to produce executable
FAIL: 22_locale/time_get/get_time/wchar_t/wrapped_locale.cc (test for excess errors)
WARNING: 22_locale/time_get/get_time/wchar_t/wrapped_locale.cc compilation failed to produce executable
FAIL: 22_locale/time_get/get_weekday/char/1.cc (test for excess errors)
WARNING: 22_locale/time_get/get_weekday/char/1.cc compilation failed to produce executable
FAIL: 22_locale/time_get/get_weekday/char/2.cc (test for excess errors)
WARNING: 22_locale/time_get/get_weekday/char/2.cc compilation failed to produce executable
FAIL: 22_locale/time_get/get_weekday/char/wrapped_env.cc (test for excess errors)
WARNING: 22_locale/time_get/get_weekday/char/wrapped_env.cc compilation failed to produce executable
FAIL: 22_locale/time_get/get_weekday/char/wrapped_locale.cc (test for excess errors)
WARNING: 22_locale/time_get/get_weekday/char/wrapped_locale.cc compilation failed to produce executable
FAIL: 22_locale/time_get/get_weekday/wchar_t/1.cc (test for excess errors)
WARNING: 22_locale/time_get/get_weekday/wchar_t/1.cc compilation failed to produce executable
FAIL: 22_locale/time_get/get_weekday/wchar_t/2.cc (test for excess errors)
WARNING: 22_locale/time_get/get_weekday/wchar_t/2.cc compilation failed to produce executable
FAIL: 22_locale/time_get/get_weekday/wchar_t/wrapped_env.cc (test for excess errors)
WARNING: 22_locale/time_get/get_weekday/wchar_t/wrapped_env.cc compilation failed to produce executable
FAIL: 22_locale/time_get/get_weekday/wchar_t/wrapped_locale.cc (test for excess errors)
WARNING: 22_locale/time_get/get_weekday/wchar_t/wrapped_locale.cc compilation failed to produce executable
FAIL: 22_locale/time_get/get_year/char/1.cc (test for excess errors)
WARNING: 22_locale/time_get/get_year/char/1.cc compilation failed to produce executable
FAIL: 22_locale/time_get/get_year/char/wrapped_env.cc (test for excess errors)
WARNING: 22_locale/time_get/get_year/char/wrapped_env.cc compilation failed to produce executable
FAIL: 22_locale/time_get/get_year/char/wrapped_locale.cc (test for excess errors)
WARNING: 22_locale/time_get/get_year/char/wrapped_locale.cc compilation failed to produce executable
FAIL: 22_locale/time_get/get_year/wchar_t/1.cc (test for excess errors)
WARNING: 22_locale/time_get/get_year/wchar_t/1.cc compilation failed to produce executable
FAIL: 22_locale/time_get/get_year/wchar_t/wrapped_env.cc (test for excess errors)
WARNING: 22_locale/time_get/get_year/wchar_t/wrapped_env.cc compilation failed to produce executable
FAIL: 22_locale/time_get/get_year/wchar_t/wrapped_locale.cc (test for excess errors)
WARNING: 22_locale/time_get/get_year/wchar_t/wrapped_locale.cc compilation failed to produce executable
XPASS: 22_locale/time_get_members_char.cc execution test
XPASS: 22_locale/time_get_members_wchar_t.cc execution test
FAIL: 22_locale/time_put/put/char/1.cc (test for excess errors)
WARNING: 22_locale/time_put/put/char/1.cc compilation failed to produce executable
FAIL: 22_locale/time_put/put/char/17038.cc (test for excess errors)
WARNING: 22_locale/time_put/put/char/17038.cc compilation failed to produce executable
FAIL: 22_locale/time_put/put/char/2.cc (test for excess errors)
WARNING: 22_locale/time_put/put/char/2.cc compilation failed to produce executable
FAIL: 22_locale/time_put/put/char/3.cc (test for excess errors)
WARNING: 22_locale/time_put/put/char/3.cc compilation failed to produce executable
FAIL: 22_locale/time_put/put/char/4.cc (test for excess errors)
WARNING: 22_locale/time_put/put/char/4.cc compilation failed to produce executable
FAIL: 22_locale/time_put/put/char/5.cc (test for excess errors)
WARNING: 22_locale/time_put/put/char/5.cc compilation failed to produce executable
FAIL: 22_locale/time_put/put/char/6.cc (test for excess errors)
WARNING: 22_locale/time_put/put/char/6.cc compilation failed to produce executable
FAIL: 22_locale/time_put/put/char/7.cc (test for excess errors)
WARNING: 22_locale/time_put/put/char/7.cc compilation failed to produce executable
FAIL: 22_locale/time_put/put/char/8.cc (test for excess errors)
WARNING: 22_locale/time_put/put/char/8.cc compilation failed to produce executable
FAIL: 22_locale/time_put/put/char/9780-1.cc (test for excess errors)
WARNING: 22_locale/time_put/put/char/9780-1.cc compilation failed to produce executable
FAIL: 22_locale/time_put/put/char/wrapped_env.cc (test for excess errors)
WARNING: 22_locale/time_put/put/char/wrapped_env.cc compilation failed to produce executable
FAIL: 22_locale/time_put/put/char/wrapped_locale.cc (test for excess errors)
WARNING: 22_locale/time_put/put/char/wrapped_locale.cc compilation failed to produce executable
FAIL: 22_locale/time_put/put/wchar_t/1.cc (test for excess errors)
WARNING: 22_locale/time_put/put/wchar_t/1.cc compilation failed to produce executable
FAIL: 22_locale/time_put/put/wchar_t/17038.cc (test for excess errors)
WARNING: 22_locale/time_put/put/wchar_t/17038.cc compilation failed to produce executable
FAIL: 22_locale/time_put/put/wchar_t/2.cc (test for excess errors)
WARNING: 22_locale/time_put/put/wchar_t/2.cc compilation failed to produce executable
FAIL: 22_locale/time_put/put/wchar_t/3.cc (test for excess errors)
WARNING: 22_locale/time_put/put/wchar_t/3.cc compilation failed to produce executable
FAIL: 22_locale/time_put/put/wchar_t/4.cc (test for excess errors)
WARNING: 22_locale/time_put/put/wchar_t/4.cc compilation failed to produce executable
FAIL: 22_locale/time_put/put/wchar_t/5.cc (test for excess errors)
WARNING: 22_locale/time_put/put/wchar_t/5.cc compilation failed to produce executable
FAIL: 22_locale/time_put/put/wchar_t/6.cc (test for excess errors)
WARNING: 22_locale/time_put/put/wchar_t/6.cc compilation failed to produce executable
FAIL: 22_locale/time_put/put/wchar_t/7.cc (test for excess errors)
WARNING: 22_locale/time_put/put/wchar_t/7.cc compilation failed to produce executable
FAIL: 22_locale/time_put/put/wchar_t/8.cc (test for excess errors)
WARNING: 22_locale/time_put/put/wchar_t/8.cc compilation failed to produce executable
FAIL: 22_locale/time_put/put/wchar_t/wrapped_env.cc (test for excess errors)
WARNING: 22_locale/time_put/put/wchar_t/wrapped_env.cc compilation failed to produce executable
FAIL: 22_locale/time_put/put/wchar_t/wrapped_locale.cc (test for excess errors)
WARNING: 22_locale/time_put/put/wchar_t/wrapped_locale.cc compilation failed to produce executable
XPASS: 22_locale/time_put_members_char.cc execution test
XPASS: 22_locale/time_put_members_wchar_t.cc execution test
FAIL: 23_containers/bitset/cons/16020.cc (test for excess errors)
WARNING: 23_containers/bitset/cons/16020.cc compilation failed to produce executable
FAIL: 23_containers/bitset/invalidation/1.cc (test for excess errors)
WARNING: 23_containers/bitset/invalidation/1.cc compilation failed to produce executable
FAIL: 23_containers/bitset/operations/13838.cc (test for excess errors)
WARNING: 23_containers/bitset/operations/13838.cc compilation failed to produce executable
FAIL: 23_containers/deque/14340.cc (test for excess errors)
FAIL: 23_containers/deque/cons/1.cc (test for excess errors)
WARNING: 23_containers/deque/cons/1.cc compilation failed to produce executable
FAIL: 23_containers/deque/cons/2.cc (test for excess errors)
WARNING: 23_containers/deque/cons/2.cc compilation failed to produce executable
FAIL: 23_containers/deque/cons/clear_allocator.cc (test for excess errors)
WARNING: 23_containers/deque/cons/clear_allocator.cc compilation failed to produce executable
FAIL: 23_containers/deque/invalidation/1.cc (test for excess errors)
WARNING: 23_containers/deque/invalidation/1.cc compilation failed to produce executable
FAIL: 23_containers/deque/invalidation/2.cc (test for excess errors)
WARNING: 23_containers/deque/invalidation/2.cc compilation failed to produce executable
FAIL: 23_containers/deque/invalidation/3.cc (test for excess errors)
WARNING: 23_containers/deque/invalidation/3.cc compilation failed to produce executable
FAIL: 23_containers/deque/invalidation/4.cc (test for excess errors)
WARNING: 23_containers/deque/invalidation/4.cc compilation failed to produce executable
FAIL: 23_containers/list/14340.cc (test for excess errors)
FAIL: 23_containers/list/cons/clear_allocator.cc (test for excess errors)
WARNING: 23_containers/list/cons/clear_allocator.cc compilation failed to produce executable
FAIL: 23_containers/list/invalidation/1.cc (test for excess errors)
WARNING: 23_containers/list/invalidation/1.cc compilation failed to produce executable
FAIL: 23_containers/list/invalidation/2.cc (test for excess errors)
WARNING: 23_containers/list/invalidation/2.cc compilation failed to produce executable
FAIL: 23_containers/list/invalidation/3.cc (test for excess errors)
WARNING: 23_containers/list/invalidation/3.cc compilation failed to produce executable
FAIL: 23_containers/list/invalidation/4.cc (test for excess errors)
WARNING: 23_containers/list/invalidation/4.cc compilation failed to produce executable
FAIL: 23_containers/list/modifiers/1.cc (test for excess errors)
WARNING: 23_containers/list/modifiers/1.cc compilation failed to produce executable
FAIL: 23_containers/list/modifiers/2.cc (test for excess errors)
WARNING: 23_containers/list/modifiers/2.cc compilation failed to produce executable
FAIL: 23_containers/list/modifiers/3.cc (test for excess errors)
WARNING: 23_containers/list/modifiers/3.cc compilation failed to produce executable
FAIL: 23_containers/map/14340.cc (test for excess errors)
FAIL: 23_containers/map/insert/16813.cc (test for excess errors)
WARNING: 23_containers/map/insert/16813.cc compilation failed to produce executable
FAIL: 23_containers/map/invalidation/1.cc (test for excess errors)
WARNING: 23_containers/map/invalidation/1.cc compilation failed to produce executable
FAIL: 23_containers/map/invalidation/2.cc (test for excess errors)
WARNING: 23_containers/map/invalidation/2.cc compilation failed to produce executable
FAIL: 23_containers/map/operators/1_neg.cc (test for errors, line 210)
FAIL: 23_containers/map/operators/1_neg.cc (test for errors, line 214)
FAIL: 23_containers/multimap/14340.cc (test for excess errors)
FAIL: 23_containers/multimap/invalidation/1.cc (test for excess errors)
WARNING: 23_containers/multimap/invalidation/1.cc compilation failed to produce executable
FAIL: 23_containers/multimap/invalidation/2.cc (test for excess errors)
WARNING: 23_containers/multimap/invalidation/2.cc compilation failed to produce executable
FAIL: 23_containers/multiset/14340.cc (test for excess errors)
FAIL: 23_containers/multiset/invalidation/1.cc (test for excess errors)
WARNING: 23_containers/multiset/invalidation/1.cc compilation failed to produce executable
FAIL: 23_containers/multiset/invalidation/2.cc (test for excess errors)
WARNING: 23_containers/multiset/invalidation/2.cc compilation failed to produce executable
FAIL: 23_containers/set/14340.cc (test for excess errors)
FAIL: 23_containers/set/invalidation/1.cc (test for excess errors)
WARNING: 23_containers/set/invalidation/1.cc compilation failed to produce executable
FAIL: 23_containers/set/invalidation/2.cc (test for excess errors)
WARNING: 23_containers/set/invalidation/2.cc compilation failed to produce executable
FAIL: 23_containers/set/operators/1_neg.cc (test for errors, line 284)
FAIL: 23_containers/set/operators/1_neg.cc (test for errors, line 288)
FAIL: 23_containers/vector/14340.cc (test for excess errors)
FAIL: 23_containers/vector/bool/clear_allocator.cc (test for excess errors)
WARNING: 23_containers/vector/bool/clear_allocator.cc compilation failed to produce executable
FAIL: 23_containers/vector/capacity/2.cc (test for excess errors)
WARNING: 23_containers/vector/capacity/2.cc compilation failed to produce executable
FAIL: 23_containers/vector/cons/4.cc (test for excess errors)
WARNING: 23_containers/vector/cons/4.cc compilation failed to produce executable
FAIL: 23_containers/vector/cons/clear_allocator.cc (test for excess errors)
WARNING: 23_containers/vector/cons/clear_allocator.cc compilation failed to produce executable
FAIL: 23_containers/vector/invalidation/1.cc (test for excess errors)
WARNING: 23_containers/vector/invalidation/1.cc compilation failed to produce executable
FAIL: 23_containers/vector/invalidation/2.cc (test for excess errors)
WARNING: 23_containers/vector/invalidation/2.cc compilation failed to produce executable
FAIL: 23_containers/vector/invalidation/3.cc (test for excess errors)
WARNING: 23_containers/vector/invalidation/3.cc compilation failed to produce executable
FAIL: 23_containers/vector/invalidation/4.cc (test for excess errors)
WARNING: 23_containers/vector/invalidation/4.cc compilation failed to produce executable
FAIL: 24_iterators/reverse_iterator/3.cc execution test
FAIL: 25_algorithms/unique/11480.cc execution test
FAIL: 26_numerics/cmath/overloads.cc (test for excess errors)
WARNING: 26_numerics/cmath/overloads.cc compilation failed to produce executable
FAIL: 27_io/basic_filebuf/2.cc (test for excess errors)
FAIL: 27_io/basic_filebuf/3.cc (test for excess errors)
WARNING: 27_io/basic_filebuf/3.cc compilation failed to produce executable
FAIL: 27_io/basic_filebuf/close/12790-1.cc (test for excess errors)
WARNING: 27_io/basic_filebuf/close/12790-1.cc compilation failed to produce executable
FAIL: 27_io/basic_filebuf/close/char/12790-1.cc execution test
FAIL: 27_io/basic_filebuf/close/char/12790-2.cc execution test
FAIL: 27_io/basic_filebuf/close/char/12790-3.cc execution test
FAIL: 27_io/basic_filebuf/close/char/12790-4.cc execution test
FAIL: 27_io/basic_filebuf/close/char/4879.cc (test for excess errors)
WARNING: 27_io/basic_filebuf/close/char/4879.cc compilation failed to produce executable
FAIL: 27_io/basic_filebuf/close/char/9964.cc (test for excess errors)
WARNING: 27_io/basic_filebuf/close/char/9964.cc compilation failed to produce executable
FAIL: 27_io/basic_filebuf/close/wchar_t/12790-1.cc execution test
FAIL: 27_io/basic_filebuf/close/wchar_t/12790-2.cc execution test
FAIL: 27_io/basic_filebuf/close/wchar_t/12790-3.cc execution test
FAIL: 27_io/basic_filebuf/close/wchar_t/12790-4.cc execution test
FAIL: 27_io/basic_filebuf/imbue/12206.cc (test for excess errors)
WARNING: 27_io/basic_filebuf/imbue/12206.cc compilation failed to produce executable
FAIL: 27_io/basic_filebuf/imbue/char/13007.cc (test for excess errors)
WARNING: 27_io/basic_filebuf/imbue/char/13007.cc compilation failed to produce executable
FAIL: 27_io/basic_filebuf/imbue/char/13171-1.cc (test for excess errors)
WARNING: 27_io/basic_filebuf/imbue/char/13171-1.cc compilation failed to produce executable
FAIL: 27_io/basic_filebuf/imbue/char/13171-2.cc (test for excess errors)
WARNING: 27_io/basic_filebuf/imbue/char/13171-2.cc compilation failed to produce executable
FAIL: 27_io/basic_filebuf/imbue/char/13171-4.cc (test for excess errors)
WARNING: 27_io/basic_filebuf/imbue/char/13171-4.cc compilation failed to produce executable
FAIL: 27_io/basic_filebuf/imbue/char/13582-2.cc (test for excess errors)
WARNING: 27_io/basic_filebuf/imbue/char/13582-2.cc compilation failed to produce executable
FAIL: 27_io/basic_filebuf/imbue/char/14975-1.cc (test for excess errors)
WARNING: 27_io/basic_filebuf/imbue/char/14975-1.cc compilation failed to produce executable
FAIL: 27_io/basic_filebuf/imbue/char/2.cc (test for excess errors)
WARNING: 27_io/basic_filebuf/imbue/char/2.cc compilation failed to produce executable
FAIL: 27_io/basic_filebuf/imbue/char/9322.cc (test for excess errors)
WARNING: 27_io/basic_filebuf/imbue/char/9322.cc compilation failed to produce executable
FAIL: 27_io/basic_filebuf/imbue/wchar_t/12868.cc (test for excess errors)
WARNING: 27_io/basic_filebuf/imbue/wchar_t/12868.cc compilation failed to produce executable
FAIL: 27_io/basic_filebuf/imbue/wchar_t/13007.cc (test for excess errors)
WARNING: 27_io/basic_filebuf/imbue/wchar_t/13007.cc compilation failed to produce executable
FAIL: 27_io/basic_filebuf/imbue/wchar_t/13171-3.cc (test for excess errors)
WARNING: 27_io/basic_filebuf/imbue/wchar_t/13171-3.cc compilation failed to produce executable
FAIL: 27_io/basic_filebuf/imbue/wchar_t/13582-2.cc (test for excess errors)
WARNING: 27_io/basic_filebuf/imbue/wchar_t/13582-2.cc compilation failed to produce executable
FAIL: 27_io/basic_filebuf/imbue/wchar_t/13582-3.cc (test for excess errors)
WARNING: 27_io/basic_filebuf/imbue/wchar_t/13582-3.cc compilation failed to produce executable
FAIL: 27_io/basic_filebuf/imbue/wchar_t/14975-2.cc (test for excess errors)
WARNING: 27_io/basic_filebuf/imbue/wchar_t/14975-2.cc compilation failed to produce executable
FAIL: 27_io/basic_filebuf/imbue/wchar_t/2.cc (test for excess errors)
WARNING: 27_io/basic_filebuf/imbue/wchar_t/2.cc compilation failed to produce executable
FAIL: 27_io/basic_filebuf/imbue/wchar_t/9322.cc (test for excess errors)
WARNING: 27_io/basic_filebuf/imbue/wchar_t/9322.cc compilation failed to produce executable
FAIL: 27_io/basic_filebuf/open/12790-1.cc (test for excess errors)
WARNING: 27_io/basic_filebuf/open/12790-1.cc compilation failed to produce executable
FAIL: 27_io/basic_filebuf/open/char/9507.cc (test for excess errors)
WARNING: 27_io/basic_filebuf/open/char/9507.cc compilation failed to produce executable
FAIL: 27_io/basic_filebuf/overflow/char/3599.cc (test for excess errors)
WARNING: 27_io/basic_filebuf/overflow/char/3599.cc compilation failed to produce executable
FAIL: 27_io/basic_filebuf/overflow/char/9182-2.cc execution test
FAIL: 27_io/basic_filebuf/overflow/wchar_t/11305-1.cc (test for excess errors)
WARNING: 27_io/basic_filebuf/overflow/wchar_t/11305-1.cc compilation failed to produce executable
FAIL: 27_io/basic_filebuf/overflow/wchar_t/11305-2.cc (test for excess errors)
WARNING: 27_io/basic_filebuf/overflow/wchar_t/11305-2.cc compilation failed to produce executable
FAIL: 27_io/basic_filebuf/overflow/wchar_t/11305-3.cc (test for excess errors)
WARNING: 27_io/basic_filebuf/overflow/wchar_t/11305-3.cc compilation failed to produce executable
FAIL: 27_io/basic_filebuf/overflow/wchar_t/11305-4.cc (test for excess errors)
WARNING: 27_io/basic_filebuf/overflow/wchar_t/11305-4.cc compilation failed to produce executable
FAIL: 27_io/basic_filebuf/pbackfail/char/9761.cc execution test
FAIL: 27_io/basic_filebuf/sbumpc/char/1-io.cc execution test
FAIL: 27_io/basic_filebuf/sbumpc/char/2-in.cc execution test
FAIL: 27_io/basic_filebuf/sbumpc/char/2-io.cc execution test
FAIL: 27_io/basic_filebuf/seekoff/10132-2.cc (test for excess errors)
WARNING: 27_io/basic_filebuf/seekoff/10132-2.cc compilation failed to produce executable
FAIL: 27_io/basic_filebuf/seekoff/12790-1.cc (test for excess errors)
WARNING: 27_io/basic_filebuf/seekoff/12790-1.cc compilation failed to produce executable
FAIL: 27_io/basic_filebuf/seekoff/12790-2.cc (test for excess errors)
WARNING: 27_io/basic_filebuf/seekoff/12790-2.cc compilation failed to produce executable
FAIL: 27_io/basic_filebuf/seekoff/12790-3.cc (test for excess errors)
WARNING: 27_io/basic_filebuf/seekoff/12790-3.cc compilation failed to produce executable
FAIL: 27_io/basic_filebuf/seekoff/12790-4.cc (test for excess errors)
WARNING: 27_io/basic_filebuf/seekoff/12790-4.cc compilation failed to produce executable
FAIL: 27_io/basic_filebuf/seekoff/char/1-io.cc execution test
FAIL: 27_io/basic_filebuf/seekoff/char/11543.cc (test for excess errors)
WARNING: 27_io/basic_filebuf/seekoff/char/11543.cc compilation failed to produce executable
FAIL: 27_io/basic_filebuf/seekoff/char/12790-1.cc execution test
FAIL: 27_io/basic_filebuf/seekoff/char/12790-2.cc execution test
FAIL: 27_io/basic_filebuf/seekoff/char/12790-4.cc execution test
FAIL: 27_io/basic_filebuf/seekoff/char/2-in.cc execution test
FAIL: 27_io/basic_filebuf/seekoff/char/2-io.cc execution test
FAIL: 27_io/basic_filebuf/seekoff/wchar_t/1.cc (test for excess errors)
WARNING: 27_io/basic_filebuf/seekoff/wchar_t/1.cc compilation failed to produce executable
FAIL: 27_io/basic_filebuf/seekoff/wchar_t/11543.cc (test for excess errors)
WARNING: 27_io/basic_filebuf/seekoff/wchar_t/11543.cc compilation failed to produce executable
FAIL: 27_io/basic_filebuf/seekoff/wchar_t/12790-1.cc execution test
FAIL: 27_io/basic_filebuf/seekoff/wchar_t/12790-2.cc execution test
FAIL: 27_io/basic_filebuf/seekoff/wchar_t/12790-4.cc execution test
FAIL: 27_io/basic_filebuf/seekoff/wchar_t/2.cc (test for excess errors)
WARNING: 27_io/basic_filebuf/seekoff/wchar_t/2.cc compilation failed to produce executable
FAIL: 27_io/basic_filebuf/seekoff/wchar_t/3.cc execution test
FAIL: 27_io/basic_filebuf/seekoff/wchar_t/9875_seekoff.cc execution test
FAIL: 27_io/basic_filebuf/seekpos/10132-3.cc (test for excess errors)
WARNING: 27_io/basic_filebuf/seekpos/10132-3.cc compilation failed to produce executable
FAIL: 27_io/basic_filebuf/seekpos/12790-1.cc (test for excess errors)
WARNING: 27_io/basic_filebuf/seekpos/12790-1.cc compilation failed to produce executable
FAIL: 27_io/basic_filebuf/seekpos/12790-2.cc (test for excess errors)
WARNING: 27_io/basic_filebuf/seekpos/12790-2.cc compilation failed to produce executable
FAIL: 27_io/basic_filebuf/seekpos/12790-3.cc (test for excess errors)
WARNING: 27_io/basic_filebuf/seekpos/12790-3.cc compilation failed to produce executable
FAIL: 27_io/basic_filebuf/seekpos/char/1-io.cc execution test
FAIL: 27_io/basic_filebuf/seekpos/char/1-out.cc execution test
FAIL: 27_io/basic_filebuf/seekpos/char/12790-1.cc execution test
FAIL: 27_io/basic_filebuf/seekpos/char/12790-2.cc execution test
FAIL: 27_io/basic_filebuf/seekpos/char/12790-4.cc execution test
FAIL: 27_io/basic_filebuf/seekpos/char/2-in.cc execution test
FAIL: 27_io/basic_filebuf/seekpos/char/2-io.cc execution test
FAIL: 27_io/basic_filebuf/seekpos/wchar_t/1.cc execution test
FAIL: 27_io/basic_filebuf/seekpos/wchar_t/12790-1.cc execution test
FAIL: 27_io/basic_filebuf/seekpos/wchar_t/12790-2.cc execution test
FAIL: 27_io/basic_filebuf/seekpos/wchar_t/12790-4.cc execution test
FAIL: 27_io/basic_filebuf/seekpos/wchar_t/9874.cc (test for excess errors)
WARNING: 27_io/basic_filebuf/seekpos/wchar_t/9874.cc compilation failed to produce executable
FAIL: 27_io/basic_filebuf/seekpos/wchar_t/9875_seekpos.cc execution test
FAIL: 27_io/basic_filebuf/setbuf/char/1.cc execution test
FAIL: 27_io/basic_filebuf/setbuf/char/12875-1.cc execution test
FAIL: 27_io/basic_filebuf/setbuf/char/12875-2.cc execution test
FAIL: 27_io/basic_filebuf/sgetc/char/1-io.cc execution test
FAIL: 27_io/basic_filebuf/sgetc/char/2-in.cc execution test
FAIL: 27_io/basic_filebuf/sgetc/char/2-io.cc execution test
FAIL: 27_io/basic_filebuf/sgetn/char/1-in.cc execution test
FAIL: 27_io/basic_filebuf/sgetn/char/1-io.cc execution test
FAIL: 27_io/basic_filebuf/sgetn/char/2-in.cc execution test
FAIL: 27_io/basic_filebuf/sgetn/char/2-io.cc execution test
FAIL: 27_io/basic_filebuf/showmanyc/char/9533-1.cc (test for excess errors)
WARNING: 27_io/basic_filebuf/showmanyc/char/9533-1.cc compilation failed to produce executable
FAIL: 27_io/basic_filebuf/snextc/char/1-io.cc execution test
FAIL: 27_io/basic_filebuf/snextc/char/2-in.cc execution test
FAIL: 27_io/basic_filebuf/snextc/char/2-io.cc execution test
FAIL: 27_io/basic_filebuf/sputbackc/char/1-io.cc execution test
FAIL: 27_io/basic_filebuf/sputbackc/char/2-in.cc execution test
FAIL: 27_io/basic_filebuf/sputbackc/char/2-io.cc execution test
FAIL: 27_io/basic_filebuf/sputc/char/1-io.cc execution test
FAIL: 27_io/basic_filebuf/sputc/char/1-out.cc execution test
FAIL: 27_io/basic_filebuf/sputc/char/9701-2.cc execution test
FAIL: 27_io/basic_filebuf/sputn/char/1-io.cc execution test
FAIL: 27_io/basic_filebuf/sputn/char/1-out.cc execution test
FAIL: 27_io/basic_filebuf/sputn/char/9701-1.cc execution test
FAIL: 27_io/basic_filebuf/sungetc/char/1-io.cc execution test
FAIL: 27_io/basic_filebuf/sungetc/char/2-in.cc execution test
FAIL: 27_io/basic_filebuf/sungetc/char/2-io.cc execution test
FAIL: 27_io/basic_filebuf/sync/char/1.cc execution test
FAIL: 27_io/basic_filebuf/sync/char/1057.cc execution test
FAIL: 27_io/basic_filebuf/sync/char/9182-1.cc execution test
FAIL: 27_io/basic_filebuf/sync/wchar_t/1.cc execution test
FAIL: 27_io/basic_filebuf/underflow/10096.cc (test for excess errors)
WARNING: 27_io/basic_filebuf/underflow/10096.cc compilation failed to produce executable
FAIL: 27_io/basic_filebuf/underflow/char/10097.cc (test for excess errors)
WARNING: 27_io/basic_filebuf/underflow/char/10097.cc compilation failed to produce executable
FAIL: 27_io/basic_filebuf/underflow/char/9027.cc execution test
FAIL: 27_io/basic_filebuf/underflow/wchar_t/1.cc (test for excess errors)
WARNING: 27_io/basic_filebuf/underflow/wchar_t/1.cc compilation failed to produce executable
FAIL: 27_io/basic_filebuf/underflow/wchar_t/11389-1.cc (test for excess errors)
WARNING: 27_io/basic_filebuf/underflow/wchar_t/11389-1.cc compilation failed to produce executable
FAIL: 27_io/basic_filebuf/underflow/wchar_t/11389-2.cc (test for excess errors)
WARNING: 27_io/basic_filebuf/underflow/wchar_t/11389-2.cc compilation failed to produce executable
FAIL: 27_io/basic_filebuf/underflow/wchar_t/11389-3.cc (test for excess errors)
WARNING: 27_io/basic_filebuf/underflow/wchar_t/11389-3.cc compilation failed to produce executable
FAIL: 27_io/basic_filebuf/underflow/wchar_t/11389-4.cc (test for excess errors)
WARNING: 27_io/basic_filebuf/underflow/wchar_t/11389-4.cc compilation failed to produce executable
FAIL: 27_io/basic_filebuf/underflow/wchar_t/11544-1.cc execution test
FAIL: 27_io/basic_filebuf/underflow/wchar_t/11544-2.cc execution test
FAIL: 27_io/basic_filebuf/underflow/wchar_t/11603.cc execution test
FAIL: 27_io/basic_filebuf/underflow/wchar_t/2.cc (test for excess errors)
WARNING: 27_io/basic_filebuf/underflow/wchar_t/2.cc compilation failed to produce executable
FAIL: 27_io/basic_filebuf/underflow/wchar_t/3.cc (test for excess errors)
WARNING: 27_io/basic_filebuf/underflow/wchar_t/3.cc compilation failed to produce executable
FAIL: 27_io/basic_filebuf/underflow/wchar_t/4.cc (test for excess errors)
WARNING: 27_io/basic_filebuf/underflow/wchar_t/4.cc compilation failed to produce executable
FAIL: 27_io/basic_filebuf/underflow/wchar_t/5.cc (test for excess errors)
WARNING: 27_io/basic_filebuf/underflow/wchar_t/5.cc compilation failed to produce executable
FAIL: 27_io/basic_filebuf/underflow/wchar_t/9178.cc execution test
FAIL: 27_io/basic_filebuf/underflow/wchar_t/9520.cc (test for excess errors)
WARNING: 27_io/basic_filebuf/underflow/wchar_t/9520.cc compilation failed to produce executable
FAIL: 27_io/basic_fstream/2.cc (test for excess errors)
FAIL: 27_io/basic_ios/copyfmt/char/2.cc (test for excess errors)
WARNING: 27_io/basic_ios/copyfmt/char/2.cc compilation failed to produce executable
FAIL: 27_io/basic_istream/2.cc (test for excess errors)
FAIL: 27_io/basic_istream/extractors_arithmetic/char/10.cc execution test
FAIL: 27_io/basic_istream/extractors_arithmetic/pod/3983-1.cc (test for excess errors)
WARNING: 27_io/basic_istream/extractors_arithmetic/pod/3983-1.cc compilation failed to produce executable
FAIL: 27_io/basic_istream/extractors_character/char/9826.cc (test for excess errors)
FAIL: 27_io/basic_istream/extractors_character/pod/3983-2.cc (test for excess errors)
WARNING: 27_io/basic_istream/extractors_character/pod/3983-2.cc compilation failed to produce executable
FAIL: 27_io/basic_istream/extractors_other/pod/3983-3.cc (test for excess errors)
WARNING: 27_io/basic_istream/extractors_other/pod/3983-3.cc compilation failed to produce executable
FAIL: 27_io/basic_istream/sentry/char/3.cc (test for excess errors)
WARNING: 27_io/basic_istream/sentry/char/3.cc compilation failed to produce executable
FAIL: 27_io/basic_istream/sentry/pod/1.cc (test for excess errors)
WARNING: 27_io/basic_istream/sentry/pod/1.cc compilation failed to produce executable
FAIL: 27_io/basic_istream/tellg/char/1.cc execution test
FAIL: 27_io/basic_ostream/2.cc (test for excess errors)
FAIL: 27_io/basic_ostream/inserters_arithmetic/char/2.cc (test for excess errors)
WARNING: 27_io/basic_ostream/inserters_arithmetic/char/2.cc compilation failed to produce executable
FAIL: 27_io/basic_ostream/seekp/char/2346-sstream.cc execution test
FAIL: 27_io/basic_ostream/sentry/char/1.cc (test for excess errors)
WARNING: 27_io/basic_ostream/sentry/char/1.cc compilation failed to produce executable
FAIL: 27_io/basic_ostream/sentry/pod/1.cc (test for excess errors)
WARNING: 27_io/basic_ostream/sentry/pod/1.cc compilation failed to produce executable
FAIL: 27_io/basic_ostream/tellp/char/1.cc execution test
FAIL: 27_io/basic_ostream/tellp/char/2.cc execution test
FAIL: 27_io/basic_streambuf/2.cc (test for excess errors)
FAIL: 27_io/basic_streambuf/imbue/char/13007-1.cc (test for excess errors)
WARNING: 27_io/basic_streambuf/imbue/char/13007-1.cc compilation failed to produce executable
FAIL: 27_io/basic_streambuf/imbue/char/13007-2.cc (test for excess errors)
WARNING: 27_io/basic_streambuf/imbue/char/13007-2.cc compilation failed to produce executable
FAIL: 27_io/basic_streambuf/imbue/char/9322.cc (test for excess errors)
WARNING: 27_io/basic_streambuf/imbue/char/9322.cc compilation failed to produce executable
FAIL: 27_io/basic_streambuf/imbue/wchar_t/13007-1.cc (test for excess errors)
WARNING: 27_io/basic_streambuf/imbue/wchar_t/13007-1.cc compilation failed to produce executable
FAIL: 27_io/basic_streambuf/imbue/wchar_t/13007-2.cc (test for excess errors)
WARNING: 27_io/basic_streambuf/imbue/wchar_t/13007-2.cc compilation failed to produce executable
FAIL: 27_io/basic_streambuf/in_avail/char/9701-3.cc execution test
FAIL: 27_io/basic_streambuf/overflow/char/3599.cc (test for excess errors)
WARNING: 27_io/basic_streambuf/overflow/char/3599.cc compilation failed to produce executable
FAIL: 27_io/basic_stringbuf/2.cc (test for excess errors)
FAIL: 27_io/basic_stringbuf/4.cc (test for excess errors)
FAIL: 27_io/basic_stringbuf/cons/char/1.cc execution test
FAIL: 27_io/basic_stringbuf/imbue/char/9322.cc (test for excess errors)
WARNING: 27_io/basic_stringbuf/imbue/char/9322.cc compilation failed to produce executable
FAIL: 27_io/basic_stringbuf/overflow/char/3599.cc (test for excess errors)
WARNING: 27_io/basic_stringbuf/overflow/char/3599.cc compilation failed to produce executable
FAIL: 27_io/basic_stringbuf/seekoff/char/10975.cc execution test
FAIL: 27_io/basic_stringbuf/seekpos/char/2.cc execution test
FAIL: 27_io/basic_stringbuf/seekpos/char/3.cc execution test
FAIL: 27_io/basic_stringbuf/setbuf/char/2.cc execution test
FAIL: 27_io/basic_stringbuf/setbuf/char/3.cc execution test
FAIL: 27_io/basic_stringbuf/sputc/char/1057.cc execution test
FAIL: 27_io/basic_stringbuf/sputc/char/9404-1.cc execution test
FAIL: 27_io/basic_stringbuf/sputn/char/1057.cc execution test
FAIL: 27_io/basic_stringbuf/sputn/char/9404-2.cc execution test
FAIL: 27_io/basic_stringstream/2.cc (test for excess errors)
FAIL: 27_io/fpos/1.cc (test for excess errors)
XPASS: 27_io/fpos/14320-1.cc execution test
FAIL: 27_io/fpos/mbstate_t/12065.cc execution test
FAIL: 27_io/ios_base/cons/assign_neg.cc (test for errors, line 784)
FAIL: 27_io/ios_base/cons/copy_neg.cc (test for errors, line 781)
FAIL: 27_io/ios_base/cons/copy_neg.cc (test for excess errors)
FAIL: 27_io/ios_base/storage/1.cc (test for excess errors)
WARNING: 27_io/ios_base/storage/1.cc compilation failed to produce executable
FAIL: 27_io/ios_base/storage/11584.cc execution test
FAIL: 27_io/ios_base/storage/2.cc (test for excess errors)
WARNING: 27_io/ios_base/storage/2.cc compilation failed to produce executable
FAIL: 27_io/ios_base/storage/3.cc (test for excess errors)
WARNING: 27_io/ios_base/storage/3.cc compilation failed to produce executable
FAIL: 27_io/ios_base/sync_with_stdio/9523.cc execution test
FAIL: 27_io/ios_base/types/fmtflags/bitmask_operators.cc (test for excess errors)
FAIL: 27_io/ios_base/types/fmtflags/case_label.cc (test for excess errors)
FAIL: 27_io/ios_base/types/iostate/bitmask_operators.cc (test for excess errors)
FAIL: 27_io/ios_base/types/iostate/case_label.cc (test for excess errors)
FAIL: 27_io/ios_base/types/openmode/bitmask_operators.cc (test for excess errors)
FAIL: 27_io/ios_base/types/openmode/case_label.cc (test for excess errors)
FAIL: 27_io/ios_base/types/seekdir/case_label.cc (test for excess errors)
FAIL: 27_io/objects/char/12048-2.cc execution test
FAIL: 27_io/objects/char/12048-4.cc execution test
FAIL: 27_io/objects/char/6548_xin.cc execution test
FAIL: 27_io/objects/char/7.cc (test for excess errors)
WARNING: 27_io/objects/char/7.cc compilation failed to produce executable
FAIL: 27_io/objects/char/7744_xin.cc execution test
FAIL: 27_io/objects/char/9.cc execution test
FAIL: 27_io/objects/char/9661-1.cc (test for excess errors)
WARNING: 27_io/objects/char/9661-1.cc compilation failed to produce executable
FAIL: 27_io/objects/wchar_t/10.cc (test for excess errors)
WARNING: 27_io/objects/wchar_t/10.cc compilation failed to produce executable
FAIL: 27_io/objects/wchar_t/11.cc (test for excess errors)
WARNING: 27_io/objects/wchar_t/11.cc compilation failed to produce executable
FAIL: 27_io/objects/wchar_t/12.cc (test for excess errors)
WARNING: 27_io/objects/wchar_t/12.cc compilation failed to produce executable
FAIL: 27_io/objects/wchar_t/12048-2.cc execution test
FAIL: 27_io/objects/wchar_t/12048-4.cc execution test
FAIL: 27_io/objects/wchar_t/13.cc (test for excess errors)
WARNING: 27_io/objects/wchar_t/13.cc compilation failed to produce executable
FAIL: 27_io/objects/wchar_t/6548_xin.cc execution test
FAIL: 27_io/objects/wchar_t/7.cc (test for excess errors)
WARNING: 27_io/objects/wchar_t/7.cc compilation failed to produce executable
FAIL: 27_io/objects/wchar_t/7744_xin.cc execution test
FAIL: 27_io/objects/wchar_t/9520.cc (test for excess errors)
WARNING: 27_io/objects/wchar_t/9520.cc compilation failed to produce executable
FAIL: 27_io/objects/wchar_t/9661-1.cc (test for excess errors)
WARNING: 27_io/objects/wchar_t/9661-1.cc compilation failed to produce executable
FAIL: 27_io/objects/wchar_t/9662.cc execution test
FAIL: 27_io/types/3.cc (test for excess errors)
WARNING: 27_io/types/3.cc compilation failed to produce executable
FAIL: demangle/abi_examples/01.cc (test for excess errors)
WARNING: demangle/abi_examples/01.cc compilation failed to produce executable
FAIL: demangle/abi_examples/02.cc (test for excess errors)
WARNING: demangle/abi_examples/02.cc compilation failed to produce executable
FAIL: demangle/abi_examples/03.cc (test for excess errors)
WARNING: demangle/abi_examples/03.cc compilation failed to produce executable
FAIL: demangle/abi_examples/04.cc (test for excess errors)
WARNING: demangle/abi_examples/04.cc compilation failed to produce executable
FAIL: demangle/abi_examples/05.cc (test for excess errors)
WARNING: demangle/abi_examples/05.cc compilation failed to produce executable
FAIL: demangle/abi_examples/06.cc (test for excess errors)
WARNING: demangle/abi_examples/06.cc compilation failed to produce executable
FAIL: demangle/abi_examples/07.cc (test for excess errors)
WARNING: demangle/abi_examples/07.cc compilation failed to produce executable
FAIL: demangle/abi_examples/08.cc (test for excess errors)
WARNING: demangle/abi_examples/08.cc compilation failed to produce executable
FAIL: demangle/abi_examples/09.cc (test for excess errors)
WARNING: demangle/abi_examples/09.cc compilation failed to produce executable
FAIL: demangle/abi_examples/10.cc (test for excess errors)
WARNING: demangle/abi_examples/10.cc compilation failed to produce executable
FAIL: demangle/abi_examples/11.cc (test for excess errors)
WARNING: demangle/abi_examples/11.cc compilation failed to produce executable
FAIL: demangle/abi_examples/12.cc (test for excess errors)
WARNING: demangle/abi_examples/12.cc compilation failed to produce executable
FAIL: demangle/abi_examples/13.cc (test for excess errors)
WARNING: demangle/abi_examples/13.cc compilation failed to produce executable
FAIL: demangle/abi_examples/14.cc (test for excess errors)
WARNING: demangle/abi_examples/14.cc compilation failed to produce executable
FAIL: demangle/abi_examples/15.cc (test for excess errors)
WARNING: demangle/abi_examples/15.cc compilation failed to produce executable
FAIL: demangle/abi_examples/16.cc (test for excess errors)
WARNING: demangle/abi_examples/16.cc compilation failed to produce executable
FAIL: demangle/abi_examples/17.cc (test for excess errors)
WARNING: demangle/abi_examples/17.cc compilation failed to produce executable
FAIL: demangle/abi_examples/18.cc (test for excess errors)
WARNING: demangle/abi_examples/18.cc compilation failed to produce executable
FAIL: demangle/abi_examples/19.cc (test for excess errors)
WARNING: demangle/abi_examples/19.cc compilation failed to produce executable
FAIL: demangle/abi_examples/20.cc (test for excess errors)
WARNING: demangle/abi_examples/20.cc compilation failed to produce executable
FAIL: demangle/abi_examples/21.cc (test for excess errors)
WARNING: demangle/abi_examples/21.cc compilation failed to produce executable
FAIL: demangle/abi_examples/22.cc (test for excess errors)
WARNING: demangle/abi_examples/22.cc compilation failed to produce executable
FAIL: demangle/abi_examples/23.cc (test for excess errors)
WARNING: demangle/abi_examples/23.cc compilation failed to produce executable
FAIL: demangle/abi_examples/24.cc (test for excess errors)
WARNING: demangle/abi_examples/24.cc compilation failed to produce executable
FAIL: demangle/abi_examples/25.cc (test for excess errors)
WARNING: demangle/abi_examples/25.cc compilation failed to produce executable
FAIL: demangle/abi_examples/26.cc (test for excess errors)
WARNING: demangle/abi_examples/26.cc compilation failed to produce executable
FAIL: demangle/abi_text/01.cc (test for excess errors)
WARNING: demangle/abi_text/01.cc compilation failed to produce executable
FAIL: demangle/abi_text/02.cc (test for excess errors)
WARNING: demangle/abi_text/02.cc compilation failed to produce executable
FAIL: demangle/abi_text/03.cc (test for excess errors)
WARNING: demangle/abi_text/03.cc compilation failed to produce executable
FAIL: demangle/abi_text/04.cc (test for excess errors)
WARNING: demangle/abi_text/04.cc compilation failed to produce executable
FAIL: demangle/abi_text/05.cc (test for excess errors)
WARNING: demangle/abi_text/05.cc compilation failed to produce executable
FAIL: demangle/abi_text/06.cc (test for excess errors)
WARNING: demangle/abi_text/06.cc compilation failed to produce executable
FAIL: demangle/abi_text/07.cc (test for excess errors)
WARNING: demangle/abi_text/07.cc compilation failed to produce executable
FAIL: demangle/abi_text/08.cc (test for excess errors)
WARNING: demangle/abi_text/08.cc compilation failed to produce executable
FAIL: demangle/abi_text/09.cc (test for excess errors)
WARNING: demangle/abi_text/09.cc compilation failed to produce executable
FAIL: demangle/abi_text/10.cc (test for excess errors)
WARNING: demangle/abi_text/10.cc compilation failed to produce executable
FAIL: demangle/abi_text/11.cc (test for excess errors)
WARNING: demangle/abi_text/11.cc compilation failed to produce executable
FAIL: demangle/abi_text/12.cc (test for excess errors)
WARNING: demangle/abi_text/12.cc compilation failed to produce executable
FAIL: demangle/abi_text/13.cc (test for excess errors)
WARNING: demangle/abi_text/13.cc compilation failed to produce executable
FAIL: demangle/abi_text/14.cc (test for excess errors)
WARNING: demangle/abi_text/14.cc compilation failed to produce executable
FAIL: demangle/regression/3111-1.cc (test for excess errors)
WARNING: demangle/regression/3111-1.cc compilation failed to produce executable
FAIL: demangle/regression/3111-2.cc (test for excess errors)
WARNING: demangle/regression/3111-2.cc compilation failed to produce executable
FAIL: demangle/regression/7986-01.cc (test for excess errors)
WARNING: demangle/regression/7986-01.cc compilation failed to produce executable
FAIL: demangle/regression/7986-02.cc (test for excess errors)
WARNING: demangle/regression/7986-02.cc compilation failed to produce executable
FAIL: demangle/regression/7986-03.cc (test for excess errors)
WARNING: demangle/regression/7986-03.cc compilation failed to produce executable
FAIL: demangle/regression/7986-04.cc (test for excess errors)
WARNING: demangle/regression/7986-04.cc compilation failed to produce executable
FAIL: demangle/regression/7986-05.cc (test for excess errors)
WARNING: demangle/regression/7986-05.cc compilation failed to produce executable
FAIL: demangle/regression/7986-06.cc (test for excess errors)
WARNING: demangle/regression/7986-06.cc compilation failed to produce executable
FAIL: demangle/regression/7986-07.cc (test for excess errors)
WARNING: demangle/regression/7986-07.cc compilation failed to produce executable
FAIL: demangle/regression/7986-08.cc (test for excess errors)
WARNING: demangle/regression/7986-08.cc compilation failed to produce executable
FAIL: demangle/regression/7986-09.cc (test for excess errors)
WARNING: demangle/regression/7986-09.cc compilation failed to produce executable
FAIL: demangle/regression/7986-10.cc (test for excess errors)
WARNING: demangle/regression/7986-10.cc compilation failed to produce executable
FAIL: demangle/regression/7986-11.cc (test for excess errors)
WARNING: demangle/regression/7986-11.cc compilation failed to produce executable
FAIL: demangle/regression/7986-12.cc (test for excess errors)
WARNING: demangle/regression/7986-12.cc compilation failed to produce executable
FAIL: demangle/regression/7986.cc (test for excess errors)
WARNING: demangle/regression/7986.cc compilation failed to produce executable
FAIL: demangle/regression/8897.cc (test for excess errors)
WARNING: demangle/regression/8897.cc compilation failed to produce executable
FAIL: demangle/regression/cw-01.cc (test for excess errors)
WARNING: demangle/regression/cw-01.cc compilation failed to produce executable
FAIL: demangle/regression/cw-02.cc (test for excess errors)
WARNING: demangle/regression/cw-02.cc compilation failed to produce executable
FAIL: demangle/regression/cw-03.cc (test for excess errors)
WARNING: demangle/regression/cw-03.cc compilation failed to produce executable
FAIL: demangle/regression/cw-04.cc (test for excess errors)
WARNING: demangle/regression/cw-04.cc compilation failed to produce executable
FAIL: demangle/regression/cw-05.cc (test for excess errors)
WARNING: demangle/regression/cw-05.cc compilation failed to produce executable
FAIL: demangle/regression/cw-06.cc (test for excess errors)
WARNING: demangle/regression/cw-06.cc compilation failed to produce executable
FAIL: demangle/regression/cw-07.cc (test for excess errors)
WARNING: demangle/regression/cw-07.cc compilation failed to produce executable
FAIL: demangle/regression/cw-08.cc (test for excess errors)
WARNING: demangle/regression/cw-08.cc compilation failed to produce executable
FAIL: demangle/regression/cw-09.cc (test for excess errors)
WARNING: demangle/regression/cw-09.cc compilation failed to produce executable
FAIL: demangle/regression/cw-10.cc (test for excess errors)
WARNING: demangle/regression/cw-10.cc compilation failed to produce executable
FAIL: demangle/regression/cw-11.cc (test for excess errors)
WARNING: demangle/regression/cw-11.cc compilation failed to produce executable
FAIL: demangle/regression/cw-12.cc (test for excess errors)
WARNING: demangle/regression/cw-12.cc compilation failed to produce executable
FAIL: demangle/regression/cw-13.cc (test for excess errors)
WARNING: demangle/regression/cw-13.cc compilation failed to produce executable
FAIL: demangle/regression/cw-14.cc (test for excess errors)
WARNING: demangle/regression/cw-14.cc compilation failed to produce executable
FAIL: demangle/regression/cw-15.cc (test for excess errors)
WARNING: demangle/regression/cw-15.cc compilation failed to produce executable
FAIL: demangle/regression/cw-16.cc (test for excess errors)
WARNING: demangle/regression/cw-16.cc compilation failed to produce executable
FAIL: demangle/regression/old.cc (test for excess errors)
WARNING: demangle/regression/old.cc compilation failed to produce executable
FAIL: ext/pod_char_traits.cc (test for excess errors)
WARNING: ext/pod_char_traits.cc compilation failed to produce executable
FAIL: ext/pool_allocator/allocate_chunk.cc (test for excess errors)
WARNING: ext/pool_allocator/allocate_chunk.cc compilation failed to produce executable
FAIL: ext/rope/4.cc (test for excess errors)
WARNING: ext/rope/4.cc compilation failed to produce executable
FAIL: ext/stdio_filebuf/char/1.cc (test for excess errors)
FAIL: ext/stdio_filebuf/char/10063-3.cc (test for excess errors)
WARNING: ext/stdio_filebuf/char/10063-3.cc compilation failed to produce executable
FAIL: ext/stdio_sync_filebuf/char/1.cc (test for excess errors)
WARNING: ext/stdio_sync_filebuf/char/1.cc compilation failed to produce executable
FAIL: ext/stdio_sync_filebuf/char/12048-1.cc (test for excess errors)
WARNING: ext/stdio_sync_filebuf/char/12048-1.cc compilation failed to produce executable
FAIL: ext/stdio_sync_filebuf/char/12048-2.cc (test for excess errors)
WARNING: ext/stdio_sync_filebuf/char/12048-2.cc compilation failed to produce executable
FAIL: ext/stdio_sync_filebuf/char/12048-3.cc (test for excess errors)
WARNING: ext/stdio_sync_filebuf/char/12048-3.cc compilation failed to produce executable
FAIL: ext/stdio_sync_filebuf/char/12048-4.cc (test for excess errors)
WARNING: ext/stdio_sync_filebuf/char/12048-4.cc compilation failed to produce executable
FAIL: ext/stdio_sync_filebuf/wchar_t/1.cc (test for excess errors)
WARNING: ext/stdio_sync_filebuf/wchar_t/1.cc compilation failed to produce executable
FAIL: ext/stdio_sync_filebuf/wchar_t/12077.cc (test for excess errors)
WARNING: ext/stdio_sync_filebuf/wchar_t/12077.cc compilation failed to produce executable
FAIL: ext/stdio_sync_filebuf/wchar_t/12948-1.cc (test for excess errors)
WARNING: ext/stdio_sync_filebuf/wchar_t/12948-1.cc compilation failed to produce executable
FAIL: ext/stdio_sync_filebuf/wchar_t/12948-2.cc (test for excess errors)
WARNING: ext/stdio_sync_filebuf/wchar_t/12948-2.cc compilation failed to produce executable
FAIL: ext/stdio_sync_filebuf/wchar_t/12948-3.cc (test for excess errors)
WARNING: ext/stdio_sync_filebuf/wchar_t/12948-3.cc compilation failed to produce executable
FAIL: ext/stdio_sync_filebuf/wchar_t/12948-4.cc (test for excess errors)
WARNING: ext/stdio_sync_filebuf/wchar_t/12948-4.cc compilation failed to produce executable
FAIL: performance/20_util/allocator/insert.cc (test for excess errors)
WARNING: performance/20_util/allocator/insert.cc compilation failed to produce executable
FAIL: performance/20_util/allocator/insert_insert.cc (test for excess errors)
WARNING: performance/20_util/allocator/insert_insert.cc compilation failed to produce executable
FAIL: performance/20_util/allocator/list_sort_search.cc (test for excess errors)
WARNING: performance/20_util/allocator/list_sort_search.cc compilation failed to produce executable
FAIL: performance/20_util/allocator/map_mt_find.cc (test for excess errors)
WARNING: performance/20_util/allocator/map_mt_find.cc compilation failed to produce executable
FAIL: performance/20_util/allocator/map_thread.cc (test for excess errors)
WARNING: performance/20_util/allocator/map_thread.cc compilation failed to produce executable
FAIL: performance/20_util/allocator/producer_consumer.cc (test for excess errors)
WARNING: performance/20_util/allocator/producer_consumer.cc compilation failed to produce executable
WARNING: program timed out.
FAIL: performance/21_strings/string_cons_input_iterator.cc execution test
FAIL: thread/18185.cc (test for excess errors)
WARNING: thread/18185.cc compilation failed to produce executable
=== libstdc++-v3 Summary ===
# of expected passes 1945
# of unexpected failures 669
# of unexpected successes 28
# of expected failures 6
Compiler version: 3.3.6-hammer 20050117 (prerelease)
Platform: x86_64-suse-linux-gnu
configure flags: --host=x86_64-suse-linux --enable-threads=posix --prefix=/home/robert/stuff/gcc/inst/gcchammer --libexecdir=/home/robert/stuff/gcc/inst/gcchammer/lib --enable-languages=c,c++,f77,objc --disable-checking --disable-libgcj --with-gxx-include-dir=/home/robert/stuff/gcc/inst/gcchammer/include/g++ --with-system-zlib --enable-shared --enable-__cxa_atexit