This is the mail archive of the
gcc-testresults@gcc.gnu.org
mailing list for the GCC project.
Results for 4.1.0 20050528 (experimental) testsuite on i686-pc-linux-gnu
- From: Joe Buck <Joe dot Buck at synopsys dot com>
- To: gcc-testresults at gcc dot gnu dot org
- Date: Sat, 28 May 2005 04:11:31 -0700
- Subject: Results for 4.1.0 20050528 (experimental) testsuite on i686-pc-linux-gnu
This is a Red Hat Enterprise (GNU/)Linux WS release 3 system,
running on a dual 2.2 GHz Intel Xeon system.
kernel: 2.4.21-4.EL (from Red Hat)
glibc: 2.3.2-95.3 (from Red Hat)
binutils: 2.14.90.0.4-26 (from Red Hat)
Only C, C++, ObjC are tested (no Java).
LAST_UPDATED: Sat May 28 07:47:14 UTC 2005
Native configuration is i686-pc-linux-gnu
=== g++ tests ===
Running target unix
FAIL: g++.dg/tree-ssa/pr14814.C scan-tree-dump-times &this 0
=== g++ Summary ===
# of expected passes 11060
# of unexpected failures 1
# of expected failures 66
# of unsupported tests 61
/var/tmp/gccbuild/trunk/gcc/testsuite/../g++ version 4.1.0 20050528 (experimental)
=== gcc tests ===
Running target unix
WARNING: program timed out.
FAIL: gcc.c-torture/compile/20001226-1.c (test for excess errors)
FAIL: gcc.dg/vect/pr18400.c (test for excess errors)
WARNING: gcc.dg/vect/pr18400.c compilation failed to produce executable
FAIL: gcc.dg/vect/vect-11a.c (test for excess errors)
WARNING: gcc.dg/vect/vect-11a.c compilation failed to produce executable
FAIL: gcc.dg/vect/vect-11a.c scan-tree-dump-times vectorized 1 loops 2
FAIL: gcc.dg/vect/vect-2.c (test for excess errors)
WARNING: gcc.dg/vect/vect-2.c compilation failed to produce executable
XPASS: gcc.dg/vect/vect-22.c scan-tree-dump-times vectorized 3 loops 1
FAIL: gcc.dg/vect/vect-34.c (test for excess errors)
WARNING: gcc.dg/vect/vect-34.c compilation failed to produce executable
FAIL: gcc.dg/vect/vect-66.c (test for excess errors)
WARNING: gcc.dg/vect/vect-66.c compilation failed to produce executable
XPASS: gcc.dg/vect/vect-67.c scan-tree-dump-times vectorized 1 loops 1
FAIL: gcc.dg/vect/vect-93.c (test for excess errors)
WARNING: gcc.dg/vect/vect-93.c compilation failed to produce executable
FAIL: gcc.dg/vect/vect-all.c (test for excess errors)
WARNING: gcc.dg/vect/vect-all.c compilation failed to produce executable
=== gcc Summary ===
# of expected passes 35525
# of unexpected failures 9
# of unexpected successes 2
# of expected failures 102
# of untested testcases 28
# of unsupported tests 325
/var/tmp/gccbuild/trunk/gcc/xgcc version 4.1.0 20050528 (experimental)
=== objc tests ===
Running target unix
=== objc Summary ===
# of expected passes 1584
# of unsupported tests 21
/var/tmp/gccbuild/trunk/gcc/xgcc version 4.1.0 20050528 (experimental)
=== libmudflap tests ===
Running target unix
FAIL: libmudflap.c++/pass55-frag.cxx (-O3) (test for excess errors)
WARNING: libmudflap.c++/pass55-frag.cxx (-O3) compilation failed to produce executable
=== libmudflap Summary ===
# of expected passes 1329
# of unexpected failures 1
=== libstdc++ tests ===
Running target unix
XPASS: 26_numerics/cmath/c99_classification_macros_c.cc (test for excess errors)
=== libstdc++ Summary ===
# of expected passes 1384
# of unexpected successes 1
# of expected failures 5
Compiler version: 4.1.0 20050528 (experimental)
Platform: i686-pc-linux-gnu
configure flags: --prefix=/usr/localdisk/gcc-cvs/trunk --enable-languages=c,c++,objc