This is the mail archive of the gcc-testresults@gcc.gnu.org mailing list for the GCC project.
Index Nav: | [Date Index] [Subject Index] [Author Index] [Thread Index] | |
---|---|---|
Message Nav: | [Date Prev] [Date Next] | [Thread Prev] [Thread Next] |
Other format: | [Raw text] |
LAST_UPDATED: Fri May 27 16:21:06 UTC 2005 Native configuration is ia64-unknown-linux-gnu === gcc tests === Running target unix FAIL: gcc.dg/20021014-1.c (test for excess errors) FAIL: gcc.dg/builtin-apply4.c execution test FAIL: gcc.dg/nest.c (test for excess errors) FAIL: gcc.dg/tree-ssa/gen-vect-11b.c scan-tree-dump-times vectorized 0 loops 1 FAIL: gcc.dg/tree-ssa/gen-vect-11c.c scan-tree-dump-times vectorized 0 loops 1 XPASS: gcc.dg/tree-ssa/loop-1.c scan-assembler-times foo 5 FAIL: gcc.dg/tree-ssa/loop-4.c scan-tree-dump-times iter 0 FAIL: gcc.dg/vect/vect-111.c (test for excess errors) WARNING: gcc.dg/vect/vect-111.c compilation failed to produce executable XPASS: gcc.dg/vect/vect-22.c scan-tree-dump-times vectorized 3 loops 1 XPASS: gcc.dg/vect/vect-30.c scan-tree-dump-times vectorized 1 loops 2 XPASS: gcc.dg/vect/vect-67.c scan-tree-dump-times vectorized 1 loops 1 XPASS: gcc.dg/vect/vect-8.c scan-tree-dump-times vectorized 1 loops 1 FAIL: gcc.dg/vect/vect-92.c execution test XPASS: gcc.dg/vect/vect-dv-2.c scan-tree-dump-times vectorized 2 loops 1 XPASS: gcc.dg/vect/vect-ifcvt-1.c scan-tree-dump-times vectorized 2 loops 1 === gcc Summary === # of expected passes 34496 # of unexpected failures 8 # of unexpected successes 7 # of expected failures 134 # of untested testcases 28 # of unsupported tests 483 /export/build/gnu/gcc/build-ia64-linux/gcc/xgcc version 4.1.0 20050527 (experimental) === gfortran tests === Running target unix XPASS: gfortran.dg/ret_pointer_1.f90 -O0 execution test XPASS: gfortran.dg/ret_pointer_1.f90 -O1 execution test XPASS: gfortran.dg/ret_pointer_1.f90 -O2 execution test XPASS: gfortran.dg/ret_pointer_1.f90 -O3 -fomit-frame-pointer execution test XPASS: gfortran.dg/ret_pointer_1.f90 -O3 -fomit-frame-pointer -funroll-loops execution test XPASS: gfortran.dg/ret_pointer_1.f90 -O3 -fomit-frame-pointer -funroll-all-loops -finline-functions execution test XPASS: gfortran.dg/ret_pointer_1.f90 -O3 -g execution test XPASS: gfortran.dg/ret_pointer_1.f90 -Os execution test === gfortran Summary === # of expected passes 6855 # of unexpected successes 8 # of expected failures 30 # of unsupported tests 17 /export/build/gnu/gcc/build-ia64-linux/gcc/testsuite/../gfortran version 4.1.0 20050527 (experimental) === g++ tests === Running target unix FAIL: g++.dg/tree-ssa/pr14814.C scan-tree-dump-times &this 0 FAIL: g++.old-deja/g++.law/profile1.C (test for excess errors) === g++ Summary === # of expected passes 10548 # of unexpected failures 2 # of expected failures 66 # of unsupported tests 95 /export/build/gnu/gcc/build-ia64-linux/gcc/testsuite/../g++ version 4.1.0 20050527 (experimental) === objc tests === Running target unix === objc Summary === # of expected passes 1582 # of unsupported tests 22 /export/build/gnu/gcc/build-ia64-linux/gcc/xgcc version 4.1.0 20050527 (experimental) === libffi tests === Running target unix === libffi Summary === # of expected passes 219 # of unsupported tests 2 === libjava tests === Running target unix === libjava Summary === # of expected passes 3833 # of expected failures 10 # of untested testcases 8 === libmudflap tests === Running target unix === libmudflap Summary === # of expected passes 1331 === libstdc++ tests === Running target unix XPASS: 26_numerics/cmath/c99_classification_macros_c.cc (test for excess errors) XPASS: 27_io/fpos/14320-1.cc execution test FAIL: thread/pthread2.cc execution test FAIL: thread/pthread3.cc execution test === libstdc++ Summary === # of expected passes 3766 # of unexpected failures 2 # of unexpected successes 2 # of expected failures 11 Compiler version: 4.1.0 20050527 (experimental) Platform: ia64-unknown-linux-gnu configure flags: --enable-clocale=gnu --with-system-zlib --with-demangler-in-ld --enable-threads=posix --enable-haifa --disable-checking --prefix=/usr/gcc-4.1 --with-local-prefix=/usr/local --enable-languages=c,c++,f95,java,objc
Index Nav: | [Date Index] [Subject Index] [Author Index] [Thread Index] | |
---|---|---|
Message Nav: | [Date Prev] [Date Next] | [Thread Prev] [Thread Next] |