This is the mail archive of the
gcc-testresults@gcc.gnu.org
mailing list for the GCC project.
Results for 4.1.0 20050527 (experimental) testsuite on powerpc64-unknown-linux-gnu
- From: Diego Novillo <dnovillo at redhat dot com>
- To: gcc-testresults at gcc dot gnu dot org
- Date: Fri, 27 May 2005 04:02:52 -0400
- Subject: Results for 4.1.0 20050527 (experimental) testsuite on powerpc64-unknown-linux-gnu
LAST_UPDATED:
Native configuration is powerpc64-unknown-linux-gnu
=== g++ tests ===
Running target unix
FAIL: g++.dg/tree-ssa/pr14814.C scan-tree-dump-times &this 0
FAIL: g++.old-deja/g++.other/comdat4.C (test for excess errors)
FAIL: g++.old-deja/g++.other/init5.C execution test
=== g++ Summary ===
# of expected passes 11044
# of unexpected failures 3
# of expected failures 65
# of unsupported tests 84
/notnfs/dnovillo/sbox/gcc/bld.torreja/gcc/testsuite/../g++ version 4.1.0 20050527 (experimental)
=== gcc tests ===
Running target unix
UNRESOLVED: gcc.c-torture/execute/20020720-1.c execution, -O1
UNRESOLVED: gcc.c-torture/execute/20020720-1.c execution, -O2
UNRESOLVED: gcc.c-torture/execute/20020720-1.c execution, -O3 -fomit-frame-pointer
UNRESOLVED: gcc.c-torture/execute/20020720-1.c execution, -O3 -g
UNRESOLVED: gcc.c-torture/execute/20020720-1.c execution, -Os
XPASS: gcc.dg/tree-ssa/sra-2.c scan-tree-dump-times link_error 0
XPASS: gcc.dg/vect/vect-67.c scan-tree-dump-times vectorized 1 loops 1
=== gcc Summary ===
# of expected passes 36332
# of unexpected successes 2
# of expected failures 111
# of unresolved testcases 5
# of untested testcases 28
# of unsupported tests 444
/notnfs/dnovillo/sbox/gcc/bld.torreja/gcc/xgcc version 4.1.0 20050527 (experimental)
=== gfortran tests ===
Running target unix
FAIL: gfortran.dg/namelist_14.f90 (test for excess errors)
WARNING: gfortran.dg/namelist_14.f90 compilation failed to produce executable
XPASS: gfortran.dg/ret_pointer_1.f90 execution test
XPASS: gfortran.dg/ret_pointer_1.f90 execution test
XPASS: gfortran.dg/ret_pointer_1.f90 execution test
XPASS: gfortran.dg/ret_pointer_1.f90 execution test
XPASS: gfortran.dg/ret_pointer_1.f90 execution test
XPASS: gfortran.dg/ret_pointer_1.f90 execution test
XPASS: gfortran.dg/ret_pointer_1.f90 execution test
XPASS: gfortran.dg/ret_pointer_1.f90 execution test
=== gfortran Summary ===
# of expected passes 6856
# of unexpected failures 1
# of unexpected successes 8
# of expected failures 27
# of unsupported tests 17
/notnfs/dnovillo/sbox/gcc/bld.torreja/gcc/testsuite/../gfortran version 4.1.0 20050527 (experimental)
=== objc tests ===
Running target unix
=== objc Summary ===
# of expected passes 1584
# of unsupported tests 21
/notnfs/dnovillo/sbox/gcc/bld.torreja/gcc/xgcc version 4.1.0 20050527 (experimental)
=== libffi tests ===
Running target unix
FAIL: libffi.call/float3.c execution test
=== libffi Summary ===
# of expected passes 218
# of unexpected failures 1
# of unsupported tests 2
=== libjava tests ===
Running target unix
FAIL: Array_3 -O3 execution - bytecode->native test
FAIL: LargeFile execution - source compiled test
FAIL: LargeFile execution - gij test
FAIL: LargeFile execution - bytecode->native test
FAIL: LargeFile -O3 execution - source compiled test
FAIL: LargeFile execution - gij test
FAIL: LargeFile -O3 execution - bytecode->native test
=== libjava Summary ===
# of expected passes 3801
# of unexpected failures 7
# of expected failures 10
# of untested testcases 15
=== libmudflap tests ===
Running target unix
FAIL: libmudflap.c/fail27-frag.c output pattern test
FAIL: libmudflap.c/fail27-frag.c (-O2) output pattern test
FAIL: libmudflap.c/fail27-frag.c (-O3) output pattern test
=== libmudflap Summary ===
# of expected passes 1328
# of unexpected failures 3
=== libstdc++ tests ===
Running target unix
FAIL: abi_check
FAIL: 25_algorithms/rotate/check_type.cc (test for excess errors)
FAIL: 25_algorithms/stable_sort/check_type.cc (test for excess errors)
XPASS: 26_numerics/cmath/c99_classification_macros_c.cc (test for excess errors)
XPASS: 27_io/fpos/14320-1.cc execution test
=== libstdc++ Summary ===
# of expected passes 1397
# of unexpected failures 3
# of unexpected successes 2
# of expected failures 4
Compiler version: 4.1.0 20050527 (experimental)
Platform: powerpc64-unknown-linux-gnu
configure flags: --prefix=/home/cygnus/dnovillo/perf/sbox/gcc/local.ppc64/inst.torreja --srcdir=/home/cygnus/dnovillo/perf/sbox/gcc/local.ppc64/src --disable-multilib --enable-mpfr --with-gmp=/home/cygnus/dnovillo/ppc64 --disable-checking --enable-languages=c,c++,f95,java,objc