This is the mail archive of the
gcc-testresults@gcc.gnu.org
mailing list for the GCC project.
Results for 4.0.0 testsuite on x86_64-unknown-linux-gnu
- From: Karel Gardas <kgardas at objectsecurity dot com>
- To: gcc-testresults at gcc dot gnu dot org
- Date: Sat, 14 May 2005 12:10:44 +0200
- Subject: Results for 4.0.0 testsuite on x86_64-unknown-linux-gnu
The box is amd64 with Debian sarge for amd64 (pure 64bit) installed.
LAST_UPDATED: Obtained from CVS: -rgcc_4_0_0_release
Native configuration is x86_64-unknown-linux-gnu
=== gcc tests ===
Running target unix
FAIL: gcc.dg/setjmp-2.c (test for excess errors)
WARNING: gcc.dg/setjmp-2.c compilation failed to produce executable
FAIL: gcc.dg/short-compare-1.c (test for excess errors)
WARNING: gcc.dg/short-compare-1.c compilation failed to produce executable
FAIL: gcc.dg/short-compare-2.c (test for excess errors)
WARNING: gcc.dg/short-compare-2.c compilation failed to produce executable
XPASS: gcc.dg/vect/vect-22.c scan-tree-dump-times vectorized 3 loops 1
=== gcc Summary ===
# of expected passes 33555
# of unexpected failures 3
# of unexpected successes 1
# of expected failures 105
# of untested testcases 28
# of unsupported tests 429
/home/karel/tmp/obj-gcc-4.0.0/gcc/xgcc version 4.0.0
=== g++ tests ===
Running target unix
XPASS: g++.old-deja/g++.other/init5.C execution test
=== g++ Summary ===
# of expected passes 10804
# of unexpected successes 1
# of expected failures 69
# of unsupported tests 90
/home/karel/tmp/obj-gcc-4.0.0/gcc/testsuite/../g++ version 4.0.0
=== libmudflap tests ===
Running target unix
=== libmudflap Summary ===
# of expected passes 1288
=== libstdc++-v3 check-abi Summary ===
# of added symbols: 94
# of missing symbols: 46
# of incompatible symbols: 46
using: /home/karel/tmp/gcc-4.0.0/libstdc++-v3/config/abi/x86_64-linux-gnu/baseline_symbols.txt
=== libstdc++ tests ===
Running target unix
XPASS: 22_locale/locale/cons/12658_thread-1.cc execution test
XPASS: 26_numerics/cmath/c99_classification_macros_c.cc (test for excess errors)
XPASS: 27_io/fpos/14320-1.cc execution test
=== libstdc++ Summary ===
# of expected passes 3620
# of unexpected successes 3
# of expected failures 11
Compiler version: 4.0.0
Platform: x86_64-unknown-linux-gnu
configure flags: --prefix=/home/karel/usr/local/gcc-4.0.0 --enable-shared --enable-threads --disable-checking --enable-__cxa_atexit --disable-multilib --enable-languages=c,c++